-- Table structure for table `notifications_status`
--

CREATE TABLE `notifications_status` (
  `id` int(10) UNSIGNED NOT NULL,
  `user_id` int(10) UNSIGNED NOT NULL,
  `notification_id` int(10) UNSIGNED NOT NULL,
  `seen_at` int(10) UNSIGNED NOT NULL
) ENGINE=InnoDB DEFAULT CHARSET=utf8mb4 COLLATE=utf8mb4_unicode_ci ROW_FORMAT=DYNAMIC;

--
-- Dumping data for table `notifications_status`
--

INSERT INTO `notifications_status` (`id`, `user_id`, `notification_id`, `seen_at`) VALUES
(1, 995, 1431, 1646127235),
(2, 995, 1436, 1646127239),
(3, 995, 1435, 1646127239),
(4, 995, 1438, 1646127241),
(5, 995, 1439, 1646127242),
(6, 995, 1442, 1646127243),
(7, 995, 1441, 1646127245),
(8, 995, 1476, 1646127245),
(9, 995, 1475, 1646127246),
(10, 995, 1477, 1646127248),
(11, 995, 1348, 1646127256),
(12, 995, 1402, 1646127264),
(13, 995, 1404, 1646127265),
(14, 995, 1406, 1646127266),
(15, 995, 1407, 1646127267),
(16, 995, 1409, 1646127269),
(17, 995, 1412, 1646127270),
(18, 995, 1411, 1646127271),
(19, 995, 1427, 1646127272),
(20, 995, 1428, 1646127273),
(21, 995, 1430, 1646127276),
(22, 995, 1513, 1646127280),
(23, 995, 1579, 1646127281),
(24, 995, 1582, 1646127282),
(25, 995, 1580, 1646127282),
(26, 995, 1609, 1646127283),
(27, 995, 1610, 1646127286),
(337, 934, 2011, 1678908519),
(338, 995, 2049, 1678915505),
(341, 1, 2177, 1679090327),
(342, 1, 2209, 1694970515),
(344, 1046, 2214, 1709624803);

-- --------------------------------------------------------

--
-- Table structure for table `notification_templates`
--

CREATE TABLE `notification_templates` (
  `id` int(10) UNSIGNED NOT NULL,
  `title` varchar(255) NOT NULL,
  `template` text NOT NULL
) ENGINE=InnoDB DEFAULT CHARSET=utf8mb4 COLLATE=utf8mb4_unicode_ci ROW_FORMAT=DYNAMIC;

--
-- Dumping data for table `notification_templates`
--

INSERT INTO `notification_templates` (`id`, `title`, `template`) VALUES
(2, 'New badge awarded', '<p>You received [u.b.title]&nbsp;badge</p>'),
(3, 'User group change', '<p>Your user group changed to [u.g.title]</p>'),
(4, 'Course created', '<p>You created a new course&nbsp;with title [c.title]</p>'),
(5, 'Course approve', '<p>Your course with title [c.title] approved</p>'),
(6, 'Course rejection', '<p>Your course with title [c.title] rejected</p>'),
(7, 'New comment', '<p>[u.name] left a new comment for [c.title] course</p>'),
(8, 'New support message', '<p>[u.name] sent a new support message for [c.title]&nbsp;course</p>'),
(9, 'Support message replied', '<p>New reply in [c.title] course support message&nbsp;</p>'),
(10, 'New support for admin', '<p>New support ticket received with title [s.t.title]</p>'),
(11, 'Support ticket replied for admin', '<p>New reply in support ticket with title&nbsp;[s.t.title]</p>'),
(12, 'New financial document', '<p>&nbsp;New financial document submitted for [c.title] with type [f.d.type] with amount [amount]</p>'),
(13, 'Payout request', '<p>New payout request submitted with amount [payout.amount]</p>'),
(14, 'Payout processed', 'Your payout request with amount [payout.amount]&nbsp;&nbsp;proceed to [payout.account]'),
(15, 'New sales', '<p>Congratulations! New sale for [c.title]</p>'),
(16, 'New purchase', '<p>Congratulations! New purchase for [c.title]</p>'),
(17, 'Rating (Feedback)', '<p>New [rate.count] star feedback submitted for [c.title] by [student.name]</p>'),
(18, 'Offline payment request', '<p>The offline payment request with the amount [amount] submitted. It is under review and you will get informed by email.</p>'),
(19, 'Offline payment approved', '<p>Offline payment request with amount [amount]&nbsp;approved</p>'),
(20, 'Offline payment rejected', '<p>Offline payment request with amount [amount]&nbsp;rejected</p>'),
(21, 'New subscription plan', '<p>[s.p.name] subscription plan activated by [u.name]</p>'),
(22, 'New meeting', '<p>New meeting booked by [u.name] for [time.date] at [amount]</p>'),
(23, 'New meeting link', '<p>[instructor.name] defined the meeting link and you can join the meeting on [time.date] using the following link: [link]</p>'),
(24, 'Meeting reminder', '<p>You have a meeting on [time.date] please remember to join it on time.</p>'),
(25, 'Meeting finished', '<p>Your meeting finished with the following information</p><p>Instructor: [instructor.name]</p><p>Student: [student.name]</p><p>Meeting time: [time.date]</p>'),
(26, 'New contact message', '<p>New contact message received from [u.name] with title [c.u.title]</p><p><br></p>'),
(27, 'Live class reminder', '<p>Your live class session of the [c.title] will be conducted on [time.date]&nbsp;</p>'),
(28, 'Promotion plan', '<p>[p.p.name] promotion plan activated for [c.title] course</p>'),
(29, 'Promotion plan for admin', '<p>[p.p.name] promotion plan request submitted for [c.title]</p>'),
(30, 'Certificate achieved', '<p>You achieved a certificate for [c.title] course</p>'),
(31, 'Waiting quiz (Instructor)', '<p>[student.name] is waiting for [q.title] quiz result of the [c.title] course. Please review the quiz and submit the grade.</p>'),
(32, 'Waiting quiz result', '<p>Your [q.title] quiz of the [c.title] course rated by the instructor, and your quiz status is [q.result]</p>'),
(33, 'Product new sale', '<p>New sale for [p.title] product</p>'),
(34, 'Product new purchase', '<p>New purchase for [p.title] product</p>'),
(35, 'Product new comment', '<p>[u.name] left a new comment for [p.title] product</p>'),
(36, 'Product tracking code', '<p>[u.name] submitted tracking code for [p.title]</p>'),
(37, 'Product rating (Feedback)', '<p>[u.name] submitted a new [rate.count] stars rating for [p.title] product</p>'),
(38, 'Product received', '<p>[u.name] received [p.title] product.</p>'),
(39, 'Product out of stock', '<p>Your product [p.title] is out of stock</p>'),
(40, 'Assignment submission (Instructor)', '<p>[student.name] submitted an assignment for [c.title] course</p>'),
(41, 'Instructor message in assignment', '<p>[instructor.name] sent a message for [c.title] assignment</p>'),
(42, 'Assignment grade', '<p>Your assignment of [c.title] rated by [instructor.name] . Your grade is [assignment_grade]</p>'),
(43, 'User access to content', '<p>Your access to content is enabled.</p>'),
(44, 'Send post in topic', '<p>[u.name] sent a post in your topic with title [topic_title]&nbsp;</p>'),
(45, 'Blog post published (Instructor)', '<p>Your blog post with title [blog_title] published.</p>'),
(46, 'New comment for blog post (Instructor)', '<p>[u.name] leaft a new comment for your blog with title [blog_title]</p>'),
(47, 'Meeting reminder', '<p>You have a meeting on [time.date] with [instructor.name]</p>'),
(48, 'Subscription expiry reminder', '<p>Your subscription expires on [time.date]&nbsp;</p>'),
(49, 'Course forum new question', '<p>[u.name] registered a question in the [c.title]&nbsp;course forum.</p>'),
(50, 'New answer in course forum', '<p>[u.name] submitted an answer in the [c.title]&nbsp;course forum.</p>'),
(52, 'You received a gift', '<p>[u.name]&nbsp;sent you [gift_title] which is a [gift_type]&nbsp;as a gift with the following message: [gift_message]</p>'),
(53, 'Gift submitted successfully', '<p>Your gift request for [u.name]&nbsp;submitted successfully on [time.date]&nbsp;and the [gift_title] which is a [gift_type]&nbsp;at [amount]&nbsp;will be sent to the recipient on [time.date.2]&nbsp;with the following message: [gift_message]</p>'),
(54, 'Gift sent to recipient', '<p>We sent the gift request that you submitted on [time.date]&nbsp;for [u.name]. We sent [gift_title]&nbsp;which is a [gift_type]&nbsp;to the recipient with the following message on [time.date] . [gift_message]</p>'),
(55, 'Gift request submitted (Admin)', '<p>[u.name.2] submitted a gift request for [gift_title]&nbsp;which is a [gift_type]&nbsp;for [u.name]&nbsp;on [time.date]&nbsp;at [amount]&nbsp;and it will be sent to the recipient on [time.date.2]</p>'),
(56, 'Gift sent to recipient (Admin)', '<p>The system sent a [gift_title]&nbsp;which is a [gift_type]&nbsp;to [u.name]&nbsp;on [time.date.2]&nbsp;successfully. [u.name.2]&nbsp;submitted this request on [time.date]&nbsp;at [amount].</p>'),
(57, 'You have an upcoming installment', '<p>You have an installment for [installment_title] at [amount]&nbsp;on due date [time.date]</p>'),
(58, 'You have an unpaid installment', '<p>You have an installment for [installment_title]&nbsp;at [amount]&nbsp;for today. Please pay it as soon as possible.</p>'),
(59, 'You have an overdue installment', '<p>You have an overdue installment for [installment_title]&nbsp;at [amount]&nbsp;on due date [time.date].</p>'),
(60, 'Installment verification request approved', '<p>Your verification request for [installment_title]&nbsp;approved.</p>'),
(61, 'Installment verification request rejected', '<p>Your verification request for [installment_title]&nbsp;rejected.</p>'),
(62, 'Installment paid successfully', '<p>You paid [amount]&nbsp;for [installment_title]&nbsp;with due date [time.date]&nbsp;successfully.</p>'),
(63, 'Installment paid successfully (Admin)', '<p>[u.name] paid [amount]&nbsp;for [installment_title]&nbsp;with the due date [time.date]&nbsp;successfully.</p>'),
(64, 'Installment upfront amount paid', '<p>You paid [amount] as upfront for&nbsp;[installment_title].</p>'),
(65, 'Installment verification request submitted', '<p>We received your verification request for [installment_title]&nbsp;on [time.date]&nbsp;and the result will be informed to you soon.</p>'),
(66, 'Installment verification request submitted (Admin)', '<p>[u.name] submitted a verification request for [installment_title]&nbsp;on [time.date].</p>'),
(67, 'Installment request submitted', '<p>Your installment for [installment_title]&nbsp;at [amount]&nbsp;submitted successfully.</p>'),
(68, 'Installment request submitted (Admin)', '<p>[u.name] submitted an installment request for [installment_title]&nbsp;at [amount].</p>'),
(69, 'New upcoming course submitted', '<p>Your upcoming course [item_title]&nbsp;submitted successfully.</p>'),
(70, 'New upcoming course submitted (Admin)', '<p>[u.name] submitted an upcoming course with title [item_title].</p>'),
(71, 'Upcoming course approved', '<p>Your upcoming course [item_title]&nbsp;approved.</p>'),
(72, 'Upcoming course rejected', '<p>Your upcoming course [item_title] rejected.</p>'),
(73, 'Your upcoming course published', '<p>Your upcoming course [item_title]&nbsp;published.</p>'),
(74, 'Your upcoming course followed', '<p>[u.name] followed your upcoming course [item_title]</p>'),
(75, 'Upcoming course published and is accessible', '<p>The upcoming course [item_title] published now and you can check it.</p>'),
(76, 'You got cashback!', '<p>You got [amount]&nbsp;as cashback and this amount added to your account.</p>'),
(77, 'User got cashback (Admin)', '<p>[u.name] got [amount] as cashback and this amount charged to their account.</p>'),
(78, 'Bundle submitted successfully', '<p>Your bundle with the title [item_title]&nbsp;submitted successfully.</p>'),
(79, 'Bundle submitted (Admin)', '<p>[u.name] submitted a bundle with the title [item_title].</p>'),
(80, 'Bundle published successfully', '<p>Your bundle with title [item_title]&nbsp;published successfully.</p>'),
(81, 'Bundle rejected', '<p>Your bundle with title [item_title]&nbsp;rejected.</p>'),
(82, 'New review for your bundle', '<p>[u.name] submitted a [rate.count] star rating for your bundle [item_title].</p>'),
(83, 'You got registration bonus', '<p>You got [amount]&nbsp;as registration bonus.</p>'),
(84, 'Registration bonus unlocked', '<p>Your registration bonus [amount]&nbsp;unlocked. Happy with spending...</p>'),
(85, 'Registration bonus unlocked (Admin)', '<p>The registration bonus [amount] unlocked for [u.name].</p>'),
(86, 'SaaS package activated successfully', '<p>[item_title] activated for you until [time.date].</p>'),
(87, 'SaaS package activated (Admin)', '<p>[u.name] activated [item_title]&nbsp;registration plan until [time.date].</p>'),
(88, 'Your contact message submitted', '<p>We received your contact message with the subject [c.u.title]&nbsp;on [time.date].</p>'),
(89, 'New contact message received', '<p>New contact message received from [u.name] with subject [c.u.title] with message [c.u.message]</p>'),
(90, 'You submitted to waitlist', '<p>You submitted to [c.title]&nbsp;waitlist.</p>'),
(91, 'User submitted in waitlist', '<p>[u.name] submitted to [c.title]&nbsp;waitlist.</p>'),
(92, 'New user registered with your affiliate code', '<p>[u.name] registered with your affiliate code on [time.date].</p>'),
(93, 'New quiz added to course', '<p>New quiz with the title [q.title]&nbsp;added to the course [c.title].</p>'),
(94, 'New reward point', '<p>You collected [points]&nbsp;for [item_title]&nbsp;on [time.date]</p>'),
(95, 'New notice', '<p>You got a new notice with title [c.title]&nbsp;on [time.date]</p>'),
(96, 'New course notice', '<p>You got a new course notice for [c.title]&nbsp;with title [item_title]</p>'),
(97, 'Your user role changed', '<p>Your user role changed to [u.role]</p>'),
(98, 'New user group', '<p>You added to [u.g.title] user group.</p>'),
(99, 'Become instructor/organization request approved', '<p>Your become instructor/organization request is approved.</p>'),
(100, 'Become instructor/organization request rejected', '<p>Your instructor/organization request rejected</p>'),
(101, 'New question in course forum', '<p>[u.name] posted a new question in [c.title] forum.</p>'),
(102, 'New answer in course forum', '<p>[u.name] posted a new answer in [c.title] forum.</p>'),
(103, 'Live meeting created', '<p>[instructor.name] started a new live meeting. Please login to your account and join it now...</p>'),
(104, 'New user registered', '<p>[u.name] registered on the platform on [time.date]&nbsp;as [u.role]</p>'),
(105, 'New instructor/organization request', '<p>[u.name] submitted a user role change request on [time.date]</p>'),
(106, 'New course enrollment', '<p>[u.name] enrolled in [c.title]&nbsp;on [time.date]&nbsp;at [amount]</p>'),
(107, 'New forum topic', '<p>[u.name] created a new topic with title [topic_title]&nbsp;in [forum_title]&nbsp;forum.</p>'),
(108, 'New report', '<p>[u.name] reported a content for revising.</p>'),
(109, 'New item created', '<p>[u.name] created a new item with title [item_title]</p>'),
(110, 'New store order', '<p>New store order received from [u.name]&nbsp;at [amount]</p>'),
(111, 'Subscription plan activated', '<p>[u.name] purchased [s.p.name]&nbsp;at [amount]</p>'),
(112, 'Content review request', '<p>[u.name] sent a review request for [item_title]</p>'),
(113, 'New user blog post', '<p>[u.name] submitted a blog article with title [blog_title]</p>'),
(114, 'New item review (Rating)', '<p>[u.name] submitted a new rate for [item_title]</p>'),
(115, 'New organization user', '<p>[organization.name] submitted [u.name]&nbsp;as new [u.role]</p>'),
(116, 'User wallet charge', '<p>[u.name] charged their wallet for [amount]</p>'),
(117, 'New payout request', '<p>[u.name] submitted a new payout request at [amount]</p>'),
(118, 'New offline payment request', '<p>[u.name] submitted a new offline payment request at [amount]</p>'),
(119, 'Content access approval', '<p>Your content access request approved. You can access all courses now...</p>'),
(120, 'Form submission by user', '<p>[u.name] submitted form [form_title]</p>'),
(121, 'Cart reminder', '<div>We\'re excited to invite you to complete your purchase with us! Enjoy exclusive benefits and offers by finalizing your order now.</div>'),
(122, 'Complete your purchase today with discount!', '<div>Here\'s an exclusive [discount_amount] discount coupon to encourage you to finalize your purchase with us. Discount Code : [discount_code]</div>');

-- --------------------------------------------------------

--
-- Table structure for table `offline_banks`
--

CREATE TABLE `offline_banks` (
  `id` int(10) UNSIGNED NOT NULL,
  `logo` varchar(255) NOT NULL,
  `created_at` bigint(20) UNSIGNED NOT NULL
) ENGINE=InnoDB DEFAULT CHARSET=utf8mb4 COLLATE=utf8mb4_unicode_ci;

--
-- Dumping data for table `offline_banks`
--

INSERT INTO `offline_banks` (`id`, `logo`, `created_at`) VALUES
(6, '/store/1/default_images/offline_payments/Qatar National Bank.png', 1678951755),
(7, '/store/1/default_images/offline_payments/jpmorgan.png', 1679089716),
(8, '/store/1/default_images/offline_payments/State Bank of India.png', 1679090036);

-- --------------------------------------------------------

--
-- Table structure for table `offline_bank_specifications`
--

CREATE TABLE `offline_bank_specifications` (
  `id` int(10) UNSIGNED NOT NULL,
  `offline_bank_id` int(10) UNSIGNED NOT NULL,
  `value` varchar(255) NOT NULL
) ENGINE=InnoDB DEFAULT CHARSET=utf8mb4 COLLATE=utf8mb4_unicode_ci;

--
-- Dumping data for table `offline_bank_specifications`
--

INSERT INTO `offline_bank_specifications` (`id`, `offline_bank_id`, `value`) VALUES
(17, 6, '2578-4910-3682-6288'),
(18, 6, '38152294372'),
(19, 6, 'QA66QUWW934528129454345775226'),
(20, 7, 'Rocket LMS'),
(21, 7, 'NL37ABNA2423554788'),
(22, 7, '5012-4518-1772-8911'),
(23, 8, '6282-4518-1237-7641'),
(24, 8, '56238341127'),
(25, 8, 'IN37ABNA2422193788');

-- --------------------------------------------------------

--
-- Table structure for table `offline_bank_specification_translations`
--

CREATE TABLE `offline_bank_specification_translations` (
  `id` int(10) UNSIGNED NOT NULL,
  `offline_bank_specification_id` int(10) UNSIGNED NOT NULL,
  `locale` varchar(255) NOT NULL,
  `name` varchar(255) NOT NULL
) ENGINE=InnoDB DEFAULT CHARSET=utf8mb4 COLLATE=utf8mb4_unicode_ci;

--
-- Dumping data for table `offline_bank_specification_translations`
--

INSERT INTO `offline_bank_specification_translations` (`id`, `offline_bank_specification_id`, `locale`, `name`) VALUES
(20, 17, 'en', 'Card ID'),
(21, 18, 'en', 'Account ID'),
(22, 19, 'en', 'IBAN'),
(23, 20, 'en', 'Account Holder'),
(24, 21, 'en', 'IBAN'),
(25, 22, 'en', 'Card Number'),
(26, 23, 'en', 'Card Number'),
(27, 24, 'en', 'Account ID'),
(28, 25, 'en', 'IBAN');

-- --------------------------------------------------------

--
-- Table structure for table `offline_bank_translations`
--

CREATE TABLE `offline_bank_translations` (
  `id` int(10) UNSIGNED NOT NULL,
  `offline_bank_id` int(10) UNSIGNED NOT NULL,
  `locale` varchar(255) NOT NULL,
  `title` varchar(255) NOT NULL
) ENGINE=InnoDB DEFAULT CHARSET=utf8mb4 COLLATE=utf8mb4_unicode_ci;

--
-- Dumping data for table `offline_bank_translations`
--

INSERT INTO `offline_bank_translations` (`id`, `offline_bank_id`, `locale`, `title`) VALUES
(7, 6, 'en', 'Qatar National Bank'),
(8, 7, 'en', 'JPMorgan'),
(9, 8, 'en', 'State Bank of India');

-- --------------------------------------------------------

--
-- Table structure for table `offline_payments`
--

CREATE TABLE `offline_payments` (
  `id` int(10) UNSIGNED NOT NULL,
  `user_id` int(10) UNSIGNED NOT NULL,
  `amount` int(11) NOT NULL,
  `offline_bank_id` int(10) UNSIGNED DEFAULT NULL,
  `reference_number` varchar(64) NOT NULL,
  `attachment` varchar(255) DEFAULT NULL,
  `status` enum('waiting','approved','reject') NOT NULL,
  `pay_date` varchar(64) NOT NULL,
  `created_at` int(11) NOT NULL
) ENGINE=InnoDB DEFAULT CHARSET=utf8mb4 COLLATE=utf8mb4_unicode_ci ROW_FORMAT=DYNAMIC;

--
-- Dumping data for table `offline_payments`
--

INSERT INTO `offline_payments` (`id`, `user_id`, `amount`, `offline_bank_id`, `reference_number`, `attachment`, `status`, `pay_date`, `created_at`) VALUES
(15, 996, 500, 6, '493214678', NULL, 'approved', '1625906880', 1625944192),
(16, 995, 1000, 6, '5492247188', NULL, 'approved', '1625888700', 1625950563),
(17, 979, 400, 6, '4637249712', NULL, 'approved', '1626160980', 1625992349),
(18, 1016, 100, 6, '56647132456', NULL, 'reject', '1626065100', 1625992606),
(20, 923, 300, 6, '8314667560', NULL, 'approved', '1626321000', 1625993428),
(21, 930, 250, 6, '5325469580', NULL, 'approved', '1626070800', 1625993489),
(22, 1015, 500, 6, '583359268', NULL, 'approved', '1626183840', 1626132546),
(23, 929, 300, 6, '56476312144', NULL, 'approved', '1626252480', 1626241046),
(24, 996, 200, 6, '261513513513', NULL, 'approved', '1627950600', 1628704322),
(25, 995, 100, 6, '546465654', NULL, 'approved', '1629204540', 1628704347),
(26, 995, 200, 6, '2123135131', NULL, 'approved', '1628610420', 1628704369),
(27, 979, 100, 6, '3416354544', NULL, 'reject', '1628606880', 1628704436),
(28, 930, 100, 6, '5161616', NULL, 'waiting', '1630413000', 1628785223),
(34, 930, 500, NULL, '3215415665', NULL, 'waiting', '1629469800', 1628785293),
(41, 995, 100, 6, '1647726485', '1646413097.png', 'waiting', '1646322780', 1646413097);

-- --------------------------------------------------------

--
-- Table structure for table `orders`
--

CREATE TABLE `orders` (
  `id` int(10) UNSIGNED NOT NULL,
  `user_id` int(10) UNSIGNED NOT NULL,
  `status` enum('pending','paying','paid','fail') NOT NULL,
  `payment_method` enum('credit','payment_channel') DEFAULT NULL,
  `is_charge_account` tinyint(1) NOT NULL DEFAULT 0,
  `amount` double(15,2) UNSIGNED NOT NULL,
  `tax` decimal(13,2) UNSIGNED DEFAULT NULL,
  `total_discount` decimal(13,2) UNSIGNED DEFAULT NULL,
  `total_amount` decimal(13,2) UNSIGNED DEFAULT NULL,
  `product_delivery_fee` decimal(13,2) UNSIGNED DEFAULT NULL,
  `reference_id` text DEFAULT NULL,
  `payment_data` text DEFAULT NULL,
  `created_at` int(10) UNSIGNED NOT NULL
) ENGINE=InnoDB DEFAULT CHARSET=utf8mb4 COLLATE=utf8mb4_unicode_ci ROW_FORMAT=DYNAMIC;

--
-- Dumping data for table `orders`
--

INSERT INTO `orders` (`id`, `user_id`, `status`, `payment_method`, `is_charge_account`, `amount`, `tax`, `total_discount`, `total_amount`, `product_delivery_fee`, `reference_id`, `payment_data`, `created_at`) VALUES
(306, 1015, 'pending', NULL, 0, 63.00, 6.30, NULL, 69.30, NULL, NULL, NULL, 1625145687),
(307, 996, 'paid', 'credit', 0, 150.00, 15.00, 0.00, 165.00, NULL, NULL, NULL, 1625944333),
(308, 995, 'paid', 'credit', 0, 100.00, 10.00, 0.00, 110.00, NULL, NULL, NULL, 1625952623),
(309, 995, 'paid', 'credit', 0, 10.00, 1.00, 0.00, 11.00, NULL, NULL, NULL, 1625953190),
(310, 995, 'paid', 'credit', 0, 125.00, 12.50, 0.00, 137.50, NULL, NULL, NULL, 1625996807),
(311, 995, 'paid', 'credit', 0, 50.00, 5.00, 0.00, 55.00, NULL, NULL, NULL, 1625996936),
(312, 995, 'paid', 'credit', 0, 100.00, 5.00, 50.00, 55.00, NULL, NULL, NULL, 1625996974),
(313, 995, 'paid', 'credit', 0, 16.00, 1.20, 4.00, 13.20, NULL, NULL, NULL, 1625997096),
(314, 996, 'paid', 'credit', 0, 25.00, 2.25, 2.50, 24.75, NULL, NULL, NULL, 1626060481),
(315, 996, 'paid', 'credit', 0, 100.00, 4.00, 60.00, 44.00, NULL, NULL, NULL, 1626060547),
(316, 930, 'paid', 'credit', 0, 100.00, 5.00, 50.00, 55.00, NULL, NULL, NULL, 1626060832),
(317, 979, 'paid', 'credit', 0, 60.00, 6.00, 0.00, 66.00, NULL, NULL, NULL, 1626061329),
(318, 979, 'paid', 'credit', 0, 50.00, 5.00, 0.00, 55.00, NULL, NULL, NULL, 1626061366),
(319, 995, 'paid', 'credit', 0, 20.00, 2.00, NULL, 22.00, NULL, NULL, NULL, 1626061431),
(320, 1015, 'pending', NULL, 0, 20.00, 2.00, 0.00, 22.00, NULL, NULL, NULL, 1626132487),
(321, 1015, 'paid', 'credit', 0, 20.00, 1.60, 4.00, 17.60, NULL, NULL, NULL, 1626132840),
(322, 929, 'pending', NULL, 0, 40.00, 3.00, 10.00, 33.00, NULL, NULL, NULL, 1626240993),
(323, 929, 'paid', 'credit', 0, 50.00, 5.00, NULL, 55.00, NULL, NULL, NULL, 1626241146),
(324, 929, 'paid', 'credit', 0, 40.00, 3.00, 10.00, 33.00, NULL, NULL, NULL, 1626241207),
(325, 995, 'paid', 'credit', 0, 100.00, 10.00, 0.00, 110.00, NULL, NULL, NULL, 1626247189),
(326, 1015, 'pending', NULL, 0, 20.00, 1.60, 4.00, 17.60, NULL, NULL, NULL, 1626284818),
(327, 996, 'paid', 'credit', 0, 30.00, 2.70, 3.00, 29.70, NULL, NULL, NULL, 1626508952),
(328, 929, 'paid', 'credit', 0, 30.00, 3.00, 0.00, 33.00, NULL, NULL, NULL, 1635412190),
(329, 979, 'pending', NULL, 0, 100.00, 10.00, NULL, 110.00, NULL, NULL, NULL, 1635448382),
(330, 1017, 'paid', 'credit', 0, 30.00, 3.00, 0.00, 33.00, NULL, NULL, NULL, 1639379271),
(331, 1017, 'paid', 'credit', 0, 100.00, 10.00, 0.00, 110.00, NULL, NULL, NULL, 1639379347),
(332, 1017, 'paid', 'credit', 0, 40.00, 3.00, 10.00, 33.00, NULL, NULL, NULL, 1639379382),
(333, 995, 'paid', 'credit', 0, 10.00, 1.00, 0.00, 11.00, NULL, NULL, NULL, 1646172083),
(334, 996, 'paid', 'credit', 0, 10.00, 0.90, 1.00, 9.90, NULL, NULL, NULL, 1646172119),
(335, 979, 'paid', 'credit', 0, 10.00, 1.00, 0.00, 11.00, NULL, NULL, NULL, 1646172156),
(336, 929, 'paid', 'credit', 0, 10.00, 1.00, 0.00, 11.00, NULL, NULL, NULL, 1646172292),
(337, 995, 'paid', 'credit', 0, 750.00, 75.00, 0.00, 825.00, NULL, NULL, NULL, 1646379279),
(338, 1017, 'pending', NULL, 0, 300.00, 30.00, 0.00, 330.00, NULL, NULL, NULL, 1646380150),
(339, 930, 'paid', 'credit', 0, 199.00, 19.90, NULL, 218.90, NULL, NULL, NULL, 1646386782),
(340, 859, 'paid', 'credit', 0, 200.00, 20.00, NULL, 220.00, NULL, NULL, NULL, 1646387650),
(341, 930, 'paid', 'credit', 0, 50.00, 5.00, 0.00, 55.00, 0.00, NULL, NULL, 1656083106),
(342, 995, 'paid', 'credit', 0, 5.00, 0.25, 0.00, 5.25, 0.00, NULL, NULL, 1656103838),
(343, 923, 'paid', 'credit', 0, 25.00, 1.25, 0.00, 31.25, 5.00, NULL, NULL, 1656104126),
(344, 996, 'paid', 'credit', 0, 40.00, 3.60, 4.00, 39.60, 0.00, NULL, NULL, 1656130476),
(345, 930, 'paid', 'credit', 0, 290.00, 14.50, 0.00, 314.50, 10.00, NULL, NULL, 1656130702),
(346, 996, 'paid', 'credit', 0, 75.00, 3.75, 0.00, 78.75, 0.00, NULL, NULL, 1656130959),
(347, 979, 'paid', 'credit', 0, 33.00, 3.30, 0.00, 36.30, 0.00, NULL, NULL, 1656139699),
(348, 1017, 'paid', 'credit', 0, 25.00, 1.00, 5.00, 26.00, 5.00, NULL, NULL, 1656148569),
(350, 995, 'paid', 'credit', 0, 50.00, 2.25, 5.00, 52.25, 5.00, NULL, NULL, 1656148833),
(351, 995, 'paid', 'credit', 0, 20.00, 1.00, 4.00, 17.00, 0.00, NULL, NULL, 1656322652),
(694, 995, 'paid', 'credit', 0, 30.00, 3.00, 0.00, 33.00, 0.00, NULL, NULL, 1678915479),
(695, 979, 'paid', 'credit', 0, 30.00, 3.00, 0.00, 33.00, 0.00, NULL, NULL, 1678917758),
(696, 979, 'paid', 'credit', 0, 60.00, 3.60, 24.00, 39.60, 0.00, NULL, NULL, 1678919425),
(697, 930, 'paid', 'credit', 0, 30.00, 3.00, 0.00, 33.00, 0.00, NULL, NULL, 1678922505),
(698, 995, 'paid', 'credit', 0, 20.00, 2.00, 0.00, 22.00, 0.00, NULL, NULL, 1678922687),
(699, 1017, 'paid', 'credit', 0, 30.00, 3.00, 0.00, 33.00, 0.00, NULL, NULL, 1678923549),
(700, 979, 'paid', 'credit', 0, 30.00, 3.00, 0.00, 33.00, 0.00, NULL, NULL, 1678925784),
(701, 995, 'paid', 'credit', 0, 30.00, 3.00, 0.00, 33.00, 0.00, NULL, NULL, 1678925910),
(702, 995, 'paid', 'credit', 0, 20.00, 2.00, 0.00, 22.00, 0.00, NULL, NULL, 1678926034),
(703, 1045, 'paid', 'credit', 0, 100.00, 10.00, 0.00, 110.00, 0.00, NULL, NULL, 1678959216),
(704, 995, 'paid', 'credit', 0, 30.00, 3.00, 0.00, 33.00, 0.00, NULL, NULL, 1678960998),
(705, 930, 'paid', 'credit', 0, 60.00, 3.60, 24.00, 39.60, 0.00, NULL, NULL, 1678961213),
(706, 979, 'paid', 'credit', 0, 30.00, 3.00, 0.00, 33.00, 0.00, NULL, NULL, 1678961648),
(707, 1045, 'paid', 'credit', 0, 30.00, 3.00, 0.00, 33.00, 0.00, NULL, NULL, 1679088424),
(708, 995, 'paid', 'credit', 0, 30.00, 3.00, 0.00, 33.00, 0.00, NULL, NULL, 1685783036),
(709, 930, 'paid', 'credit', 0, 30.00, 3.00, 0.00, 33.00, 0.00, NULL, NULL, 1685783147),
(710, 1015, 'paid', 'credit', 0, 40.00, 4.00, NULL, 44.00, NULL, NULL, NULL, 1751723588),
(711, 995, 'paid', 'credit', 0, 100.00, 10.00, 0.00, 110.00, 0.00, NULL, NULL, 1751723853);

-- --------------------------------------------------------

--
-- Table structure for table `order_items`
--

CREATE TABLE `order_items` (
  `id` int(10) UNSIGNED NOT NULL,
  `user_id` int(10) UNSIGNED NOT NULL,
  `order_id` int(10) UNSIGNED NOT NULL,
  `webinar_id` int(10) UNSIGNED DEFAULT NULL,
  `bundle_id` int(10) UNSIGNED DEFAULT NULL,
  `subscribe_id` int(10) UNSIGNED DEFAULT NULL,
  `promotion_id` int(10) UNSIGNED DEFAULT NULL,
  `gift_id` int(10) UNSIGNED DEFAULT NULL,
  `registration_package_id` int(10) UNSIGNED DEFAULT NULL,
  `product_id` int(10) UNSIGNED DEFAULT NULL,
  `product_order_id` int(10) UNSIGNED DEFAULT NULL,
  `installment_payment_id` int(10) UNSIGNED DEFAULT NULL,
  `reserve_meeting_id` int(10) UNSIGNED DEFAULT NULL,
  `ticket_id` int(10) UNSIGNED DEFAULT NULL,
  `discount_id` int(11) DEFAULT NULL,
  `become_instructor_id` int(10) UNSIGNED DEFAULT NULL,
  `amount` double(15,2) UNSIGNED DEFAULT NULL,
  `tax` int(10) UNSIGNED DEFAULT NULL,
  `tax_price` double(15,2) UNSIGNED DEFAULT NULL,
  `commission` int(10) UNSIGNED DEFAULT NULL,
  `commission_price` double(15,2) UNSIGNED DEFAULT NULL,
  `discount` double(15,2) UNSIGNED DEFAULT NULL,
  `total_amount` double(15,2) UNSIGNED DEFAULT NULL,
  `product_delivery_fee` double(15,2) UNSIGNED DEFAULT NULL,
  `created_at` int(10) UNSIGNED DEFAULT NULL
) ENGINE=InnoDB DEFAULT CHARSET=utf8mb4 COLLATE=utf8mb4_unicode_ci ROW_FORMAT=DYNAMIC;

--
-- Dumping data for table `order_items`
--

INSERT INTO `order_items` (`id`, `user_id`, `order_id`, `webinar_id`, `bundle_id`, `subscribe_id`, `promotion_id`, `gift_id`, `registration_package_id`, `product_id`, `product_order_id`, `installment_payment_id`, `reserve_meeting_id`, `ticket_id`, `discount_id`, `become_instructor_id`, `amount`, `tax`, `tax_price`, `commission`, `commission_price`, `discount`, `total_amount`, `product_delivery_fee`, `created_at`) VALUES
(310, 1015, 306, 1996, NULL, NULL, 3, NULL, NULL, NULL, NULL, NULL, NULL, NULL, NULL, NULL, 63.00, 10, 6.30, 0, 0.00, NULL, 69.30, NULL, 1625145687),
(311, 996, 307, NULL, NULL, NULL, NULL, NULL, NULL, NULL, NULL, NULL, 48, NULL, NULL, NULL, 150.00, 10, 15.00, 20, 30.00, 0.00, 165.00, NULL, 1625944333),
(312, 995, 308, NULL, NULL, NULL, NULL, NULL, NULL, NULL, NULL, NULL, 49, NULL, NULL, NULL, 100.00, 10, 10.00, 20, 20.00, 0.00, 110.00, NULL, 1625952623),
(313, 995, 309, 2005, NULL, NULL, NULL, NULL, NULL, NULL, NULL, NULL, NULL, NULL, NULL, NULL, 10.00, 10, 1.00, 20, 2.00, 0.00, 11.00, NULL, 1625953190),
(314, 995, 310, NULL, NULL, NULL, NULL, NULL, NULL, NULL, NULL, NULL, 50, NULL, NULL, NULL, 125.00, 10, 12.50, 20, 25.00, 0.00, 137.50, NULL, 1625996807),
(315, 995, 311, 1999, NULL, NULL, NULL, NULL, NULL, NULL, NULL, NULL, NULL, NULL, NULL, NULL, 50.00, 10, 5.00, 10, 5.00, 0.00, 55.00, NULL, 1625996936),
(316, 995, 312, 1998, NULL, NULL, NULL, NULL, NULL, NULL, NULL, NULL, NULL, 28, NULL, NULL, 100.00, 10, 5.00, 20, 10.00, 50.00, 55.00, NULL, 1625996974),
(317, 995, 313, 2001, NULL, NULL, NULL, NULL, NULL, NULL, NULL, NULL, NULL, NULL, NULL, NULL, 20.00, 10, 1.60, 10, 1.60, 4.00, 17.60, NULL, 1625997096),
(318, 996, 314, 2006, NULL, NULL, NULL, NULL, NULL, NULL, NULL, NULL, NULL, NULL, NULL, NULL, 25.00, 10, 2.25, 20, 4.50, 2.50, 24.75, NULL, 1626060481),
(319, 996, 315, 1998, NULL, NULL, NULL, NULL, NULL, NULL, NULL, NULL, NULL, 28, NULL, NULL, 100.00, 10, 4.00, 20, 8.00, 60.00, 44.00, NULL, 1626060548),
(320, 930, 316, 1998, NULL, NULL, NULL, NULL, NULL, NULL, NULL, NULL, NULL, 28, NULL, NULL, 100.00, 10, 5.00, 20, 10.00, 50.00, 55.00, NULL, 1626060832),
(321, 979, 317, 2004, NULL, NULL, NULL, NULL, NULL, NULL, NULL, NULL, NULL, NULL, NULL, NULL, 60.00, 10, 6.00, 10, 6.00, 0.00, 66.00, NULL, 1626061329),
(322, 979, 318, 2002, NULL, NULL, NULL, NULL, NULL, NULL, NULL, NULL, NULL, NULL, NULL, NULL, 20.00, 10, 2.00, 20, 4.00, 0.00, 22.00, NULL, 1626061366),
(323, 979, 318, 2000, NULL, NULL, NULL, NULL, NULL, NULL, NULL, NULL, NULL, NULL, NULL, NULL, 30.00, 10, 3.00, 20, 6.00, 0.00, 33.00, NULL, 1626061366),
(324, 995, 319, NULL, NULL, 3, NULL, NULL, NULL, NULL, NULL, NULL, NULL, NULL, NULL, NULL, 20.00, 10, 2.00, 0, 0.00, NULL, 22.00, NULL, 1626061431),
(325, 1015, 320, 2002, NULL, NULL, NULL, NULL, NULL, NULL, NULL, NULL, NULL, NULL, NULL, NULL, 20.00, 10, 2.00, 20, 4.00, 0.00, 22.00, NULL, 1626132487),
(326, 1015, 321, 2002, NULL, NULL, NULL, NULL, NULL, NULL, NULL, NULL, NULL, NULL, 7, NULL, 20.00, 10, 1.60, 20, 3.20, 4.00, 17.60, NULL, 1626132840),
(327, 929, 322, 2003, NULL, NULL, NULL, NULL, NULL, NULL, NULL, NULL, NULL, 31, NULL, NULL, 40.00, 10, 3.00, 20, 6.00, 10.00, 33.00, NULL, 1626240993),
(328, 929, 323, 2004, NULL, NULL, 3, NULL, NULL, NULL, NULL, NULL, NULL, NULL, NULL, NULL, 50.00, 10, 5.00, 0, 0.00, NULL, 55.00, NULL, 1626241146),
(329, 929, 324, 2003, NULL, NULL, NULL, NULL, NULL, NULL, NULL, NULL, NULL, 31, NULL, NULL, 40.00, 10, 3.00, 20, 6.00, 10.00, 33.00, NULL, 1626241207),
(330, 995, 325, NULL, NULL, NULL, NULL, NULL, NULL, NULL, NULL, NULL, 51, NULL, NULL, NULL, 100.00, 10, 10.00, 20, 20.00, 0.00, 110.00, NULL, 1626247189),
(331, 1015, 326, 2001, NULL, NULL, NULL, NULL, NULL, NULL, NULL, NULL, NULL, NULL, NULL, NULL, 20.00, 10, 1.60, 10, 1.60, 4.00, 17.60, NULL, 1626284818),
(332, 996, 327, 2000, NULL, NULL, NULL, NULL, NULL, NULL, NULL, NULL, NULL, NULL, NULL, NULL, 30.00, 10, 2.70, 20, 5.40, 3.00, 29.70, NULL, 1626508952),
(333, 929, 328, 2000, NULL, NULL, NULL, NULL, NULL, NULL, NULL, NULL, NULL, NULL, NULL, NULL, 30.00, 10, 3.00, 20, 6.00, 0.00, 33.00, NULL, 1635412190),
(334, 979, 329, NULL, NULL, 4, NULL, NULL, NULL, NULL, NULL, NULL, NULL, NULL, NULL, NULL, 100.00, 10, 10.00, 0, 0.00, NULL, 110.00, NULL, 1635448382),
(335, 1017, 330, 2000, NULL, NULL, NULL, NULL, NULL, NULL, NULL, NULL, NULL, NULL, NULL, NULL, 30.00, 10, 3.00, 20, 6.00, 0.00, 33.00, NULL, 1639379271),
(336, 1017, 331, 1998, NULL, NULL, NULL, NULL, NULL, NULL, NULL, NULL, NULL, NULL, NULL, NULL, 100.00, 10, 10.00, 20, 20.00, 0.00, 110.00, NULL, 1639379347),
(337, 1017, 332, 2003, NULL, NULL, NULL, NULL, NULL, NULL, NULL, NULL, NULL, 31, NULL, NULL, 40.00, 10, 3.00, 20, 6.00, 10.00, 33.00, NULL, 1639379382),
(338, 995, 333, 2009, NULL, NULL, NULL, NULL, NULL, NULL, NULL, NULL, NULL, NULL, NULL, NULL, 10.00, 10, 1.00, 20, 2.00, 0.00, 11.00, NULL, 1646172083),
(339, 996, 334, 2009, NULL, NULL, NULL, NULL, NULL, NULL, NULL, NULL, NULL, NULL, NULL, NULL, 10.00, 10, 0.90, 20, 1.80, 1.00, 9.90, NULL, 1646172119),
(340, 979, 335, 2009, NULL, NULL, NULL, NULL, NULL, NULL, NULL, NULL, NULL, NULL, NULL, NULL, 10.00, 10, 1.00, 20, 2.00, 0.00, 11.00, NULL, 1646172156),
(341, 929, 336, 2009, NULL, NULL, NULL, NULL, NULL, NULL, NULL, NULL, NULL, NULL, NULL, NULL, 10.00, 10, 1.00, 20, 2.00, 0.00, 11.00, NULL, 1646172292),
(342, 995, 337, NULL, NULL, NULL, NULL, NULL, NULL, NULL, NULL, NULL, 1, NULL, NULL, NULL, 750.00, 10, 75.00, 20, 150.00, 0.00, 825.00, NULL, 1646379279),
(343, 1017, 338, NULL, NULL, NULL, NULL, NULL, NULL, NULL, NULL, NULL, 5, NULL, NULL, NULL, 300.00, 10, 30.00, 20, 60.00, 0.00, 330.00, NULL, 1646380150),
(344, 930, 339, NULL, NULL, NULL, NULL, NULL, 2, NULL, NULL, NULL, NULL, NULL, NULL, 5, 199.00, 10, 19.90, 0, 0.00, NULL, 218.90, NULL, 1646386782),
(345, 859, 340, NULL, NULL, NULL, NULL, NULL, 4, NULL, NULL, NULL, NULL, NULL, NULL, 6, 200.00, 10, 20.00, 0, 0.00, NULL, 220.00, NULL, 1646387650),
(346, 930, 341, NULL, 1, NULL, NULL, NULL, NULL, NULL, NULL, NULL, NULL, NULL, NULL, NULL, 50.00, 10, 5.00, 20, 10.00, 0.00, 55.00, 0.00, 1656083106),
(347, 995, 342, NULL, NULL, NULL, NULL, NULL, NULL, 4, 1, NULL, NULL, NULL, NULL, NULL, 5.00, 5, 0.25, 20, 1.00, 0.00, 5.25, 0.00, 1656103838),
(348, 923, 343, NULL, NULL, NULL, NULL, NULL, NULL, 1, 2, NULL, NULL, NULL, NULL, NULL, 25.00, 5, 1.25, 10, 2.50, 0.00, 31.25, 5.00, 1656104126),
(349, 996, 344, 2003, NULL, NULL, NULL, NULL, NULL, NULL, NULL, NULL, NULL, NULL, NULL, NULL, 40.00, 10, 3.60, 20, 7.20, 4.00, 39.60, 0.00, 1656130476),
(350, 930, 345, NULL, NULL, NULL, NULL, NULL, NULL, 2, 3, NULL, NULL, NULL, NULL, NULL, 290.00, 5, 14.50, 10, 29.00, 0.00, 314.50, 10.00, 1656130702),
(351, 996, 346, NULL, NULL, NULL, NULL, NULL, NULL, 5, 4, NULL, NULL, NULL, NULL, NULL, 75.00, 5, 3.75, 20, 15.00, 0.00, 78.75, 0.00, 1656130959),
(352, 979, 347, NULL, 2, NULL, NULL, NULL, NULL, NULL, NULL, NULL, NULL, NULL, NULL, NULL, 8.00, 10, 0.80, 20, 1.60, 0.00, 8.80, 0.00, 1656139699),
(353, 979, 347, NULL, 3, NULL, NULL, NULL, NULL, NULL, NULL, NULL, NULL, NULL, NULL, NULL, 25.00, 10, 2.50, 20, 5.00, 0.00, 27.50, 0.00, 1656139699),
(354, 1017, 348, NULL, NULL, NULL, NULL, NULL, NULL, 1, 5, NULL, NULL, NULL, NULL, NULL, 25.00, 5, 1.00, 10, 2.00, 5.00, 26.00, 5.00, 1656148569),
(356, 995, 350, NULL, NULL, NULL, NULL, NULL, NULL, 1, 6, NULL, NULL, NULL, NULL, NULL, 50.00, 5, 2.25, 10, 4.50, 5.00, 52.25, 5.00, 1656148833),
(357, 995, 351, NULL, NULL, NULL, NULL, NULL, NULL, 6, 7, NULL, NULL, NULL, 9, NULL, 20.00, 5, 1.00, 20, 4.00, 4.00, 17.00, 0.00, 1656322652),
(692, 995, 694, NULL, NULL, NULL, NULL, NULL, NULL, NULL, NULL, 1, NULL, NULL, NULL, NULL, 30.00, 10, 3.00, 20, 6.00, 0.00, 33.00, 0.00, 1678915479),
(693, 979, 695, NULL, NULL, NULL, NULL, NULL, NULL, NULL, NULL, 2, NULL, NULL, NULL, NULL, 30.00, 10, 3.00, 20, 6.00, 0.00, 33.00, 0.00, 1678917758),
(694, 979, 696, 2004, NULL, NULL, NULL, 6, NULL, NULL, NULL, NULL, NULL, NULL, NULL, NULL, 60.00, 10, 3.60, 10, 3.60, 24.00, 39.60, 0.00, 1678919425),
(695, 930, 697, NULL, NULL, NULL, NULL, NULL, NULL, NULL, NULL, 3, NULL, NULL, NULL, NULL, 30.00, 10, 3.00, 20, 6.00, 0.00, 33.00, 0.00, 1678922505),
(696, 995, 698, NULL, NULL, NULL, NULL, NULL, NULL, NULL, NULL, 4, NULL, NULL, NULL, NULL, 20.00, 10, 2.00, 20, 4.00, 0.00, 22.00, 0.00, 1678922687),
(697, 1017, 699, NULL, NULL, NULL, NULL, NULL, NULL, NULL, NULL, 5, NULL, NULL, NULL, NULL, 30.00, 10, 3.00, 20, 6.00, 0.00, 33.00, 0.00, 1678923549),
(698, 979, 700, NULL, NULL, NULL, NULL, NULL, NULL, NULL, NULL, 6, NULL, NULL, NULL, NULL, 30.00, 10, 3.00, 20, 6.00, 0.00, 33.00, 0.00, 1678925784),
(699, 995, 701, NULL, NULL, NULL, NULL, NULL, NULL, NULL, NULL, 7, NULL, NULL, NULL, NULL, 30.00, 10, 3.00, 20, 6.00, 0.00, 33.00, 0.00, 1678925910),
(700, 995, 702, NULL, NULL, NULL, NULL, NULL, NULL, NULL, NULL, 9, NULL, NULL, NULL, NULL, 20.00, 10, 2.00, 20, 4.00, 0.00, 22.00, 0.00, 1678926034),
(701, 1045, 703, 2022, NULL, NULL, NULL, NULL, NULL, NULL, NULL, NULL, NULL, NULL, NULL, NULL, 100.00, 10, 10.00, 20, 20.00, 0.00, 110.00, 0.00, 1678959216),
(702, 995, 704, NULL, NULL, NULL, NULL, NULL, NULL, NULL, NULL, 10, NULL, NULL, NULL, NULL, 30.00, 10, 3.00, 20, 6.00, 0.00, 33.00, 0.00, 1678960998),
(703, 930, 705, 2004, NULL, NULL, NULL, NULL, NULL, NULL, NULL, NULL, NULL, NULL, NULL, NULL, 60.00, 10, 3.60, 10, 3.60, 24.00, 39.60, 0.00, 1678961213),
(704, 979, 706, NULL, NULL, NULL, NULL, NULL, NULL, NULL, NULL, 11, NULL, NULL, NULL, NULL, 30.00, 10, 3.00, 20, 6.00, 0.00, 33.00, 0.00, 1678961648),
(705, 1045, 707, 2000, NULL, NULL, NULL, NULL, NULL, NULL, NULL, NULL, NULL, NULL, NULL, NULL, 30.00, 10, 3.00, 20, 6.00, 0.00, 33.00, 0.00, 1679088424),
(706, 995, 708, NULL, NULL, NULL, NULL, NULL, NULL, NULL, NULL, 1, NULL, NULL, NULL, NULL, 30.00, 10, 3.00, 20, 6.00, 0.00, 33.00, 0.00, 1685783036),
(707, 930, 709, NULL, NULL, NULL, NULL, NULL, NULL, NULL, NULL, 2, NULL, NULL, NULL, NULL, 30.00, 10, 3.00, 20, 6.00, 0.00, 33.00, 0.00, 1685783147),
(708, 1015, 710, NULL, NULL, 5, NULL, NULL, NULL, NULL, NULL, NULL, NULL, NULL, NULL, NULL, 40.00, 10, 4.00, 0, 0.00, NULL, 44.00, NULL, 1751723588),
(709, 995, 711, NULL, NULL, NULL, NULL, NULL, NULL, NULL, NULL, NULL, 74, NULL, NULL, NULL, 100.00, 10, 10.00, 30, 30.00, 0.00, 110.00, 0.00, 1751723853);

-- --------------------------------------------------------

--
-- Table structure for table `pages`
--

CREATE TABLE `pages` (
  `id` int(10) UNSIGNED NOT NULL,
  `link` varchar(255) NOT NULL,
  `name` varchar(255) NOT NULL,
  `icon` varchar(255) DEFAULT NULL,
  `cover` varchar(255) DEFAULT NULL,
  `header_icon` varchar(255) DEFAULT NULL,
  `robot` tinyint(1) NOT NULL DEFAULT 0,
  `status` enum('publish','draft') NOT NULL DEFAULT 'draft',
  `created_at` int(10) UNSIGNED NOT NULL
) ENGINE=InnoDB DEFAULT CHARSET=utf8mb4 COLLATE=utf8mb4_unicode_ci;

--
-- Dumping data for table `pages`
--

INSERT INTO `pages` (`id`, `link`, `name`, `icon`, `cover`, `header_icon`, `robot`, `status`, `created_at`) VALUES
(3, '/about', 'About', NULL, NULL, NULL, 1, 'publish', 1609088468),
(5, '/terms', 'Terms & rules', NULL, NULL, NULL, 1, 'publish', 1646409295),
(6, '/reward_points_system', 'Reward Points System', NULL, NULL, NULL, 1, 'publish', 1646398467);

-- --------------------------------------------------------

--
-- Table structure for table `page_translations`
--

CREATE TABLE `page_translations` (
  `id` bigint(20) UNSIGNED NOT NULL,
  `page_id` int(10) UNSIGNED NOT NULL,
  `locale` varchar(255) NOT NULL,
  `title` varchar(255) NOT NULL,
  `subtitle` text DEFAULT NULL,
  `seo_description` varchar(255) DEFAULT NULL,
  `content` longtext NOT NULL
) ENGINE=InnoDB DEFAULT CHARSET=utf8mb4 COLLATE=utf8mb4_unicode_ci;

--
-- Dumping data for table `page_translations`
--

INSERT INTO `page_translations` (`id`, `page_id`, `locale`, `title`, `subtitle`, `seo_description`, `content`) VALUES
(1, 3, 'en', 'About Rocket LMS', NULL, 'Rocket LMS is an online course marketplace with a pile of features that helps you to run your online education business easily.', '<div><b>Rocket LMS</b> is an online course marketplace with a pile of features that helps you to run your online education business easily. This platform helps instructors and students get in touch together and share knowledge.</div><div><br></div><div>Teachers will be able to create unlimited video courses, live classes, text courses, projects, quizzes, files, etc and students will be able to use the educational material and increase their skill level.</div><div><br></div><div>Rocket LMS is based on real business needs, cultural differences, advanced user researches so it covers your business requirements efficiently.</div><div style=\"text-align: center; \"><img src=\"/store/1/default_images/about.png\" style=\"width: 1110px;\"><br></div><div><br></div><div><b>WHY CHOOSE Rocket LMS?</b></div><div><br></div><div>- Comprehensive solution for online education businesses</div><div>- Based on real business needs</div><div>- Multiple content types (Video courses, Live classes, text courses)</div><div>- Youtube, Vimeo, and AWS integration</div><div>- Google calendar integration</div><div>- Online 1 to 1 meetings support</div><div>- Single &amp; multiple instructors</div><div>- Organizational education system</div><div>- Subscribe system</div><div>- Various payment gateways for worldwide</div><div>- Offline payment</div><div>- Multilanguage</div><div>- Fully responsive</div><div>- Fully customizable</div><div>- RTL support</div>'),
(2, 5, 'en', 'Terms of Service', NULL, 'Our mission is to improve lives through learning. We enable anyone anywhere to create and share educational content (instructors) and to access that educational content to learn.', '<p><b>Note: This is just demo data.</b></p><p>Our mission is to improve lives through learning. We enable anyone anywhere to create and share educational content (instructors) and to access that educational content to learn (students). We consider our marketplace model the best way to offer valuable educational content to our users. We need rules to keep our platform and services safe for you, us, and our student and instructor community. These Terms apply to all your activities on the Udemy website, the Udemy mobile applications, our TV applications, our APIs, and other related services (“<b>Services</b>”).</p><p>If you publish content on our platform, you must also agree to the Instructor Terms. We also provide details regarding our processing of the personal data of our students and instructors in our Privacy Policy. If you are using our platform for Business as part of your organization’s Udemy for Business subscription, you should consult our Udemy for Business Privacy Statement.</p><p style=\"text-align: center; \"><img src=\"/store/1/default_images/blogs/home2.png\" style=\"width: 954px;\"><br></p><p>You need an account for most activities on our platform, including to <b>purchase</b> and access content or to <b>submit content for publication</b>. When setting up and maintaining your account, you must provide and continue to provide accurate and complete information, including a valid email address. You have complete responsibility for your account and everything that happens on your account, including for any harm or damage (to us or anyone else) caused by someone using your account without your permission. This means you need to be careful with your password. You may not transfer your account to someone else or use someone else’s account. If you contact us to request access to an account, we will not grant you such access unless you can provide us with the information that we need to prove you are the owner of that account. In the event of the death of a user, the account of that user will be closed.</p>'),
(3, 6, 'en', 'Reward Points System', NULL, 'Rocket LMS Reward Points System is a Complete Loyalty Reward Points System and the most comprehensive Points and Rewards Plugin.', '<p><img src=\"/store/1/default_images/Reward Points System.jpg\" style=\"width: 800px;\"><br></p><p><b>Rocket LMS&nbsp;Reward Points System is a Complete Loyalty Reward Points System and the most comprehensive Points and Rewards Plugin. Reward your Customers using Reward Points for Product Purchase, Writing Reviews, Sign up, Referrals, etc. The earned Reward Points can be redeemed for future purchases.&nbsp;</b></p>'),
(4, 5, 'es', 'Términos de servicio', NULL, 'Nuestra misión es mejorar vidas a través del aprendizaje. Permitimos que cualquier persona en cualquier lugar pueda crear y compartir contenido educativo (instructores) y acceder a ese contenido educativo para aprender.', '<p>Nota: Estos son solo datos de demostración.</p><p><br></p><p>Nuestra misión es mejorar vidas a través del aprendizaje. Permitimos que cualquier persona en cualquier lugar pueda crear y compartir contenido educativo (instructores) y acceder a ese contenido educativo para aprender (estudiantes). Consideramos nuestro modelo de mercado la mejor manera de ofrecer contenido educativo valioso a nuestros usuarios. Necesitamos reglas para mantener nuestra plataforma y servicios seguros para usted, nosotros y nuestra comunidad de estudiantes e instructores. Estos Términos se aplican a todas sus actividades en el sitio web de Udemy, las aplicaciones móviles de Udemy, nuestras aplicaciones de TV, nuestras API y otros servicios relacionados (\"Servicios\").</p><p><br></p><p>Si publica contenido en nuestra plataforma, también debe aceptar los Términos del instructor. También proporcionamos detalles sobre nuestro procesamiento de los datos personales de nuestros estudiantes e instructores en nuestra Política de privacidad. Si utiliza nuestra plataforma para empresas como parte de la suscripción a Udemy for Business de su organización, debe consultar nuestra Declaración de privacidad de Udemy for Business.</p><p><br></p><p><br></p><p><br></p><p>Necesita una cuenta para la mayoría de las actividades en nuestra plataforma, incluso para comprar y acceder a contenido o para enviar contenido para su publicación. Al configurar y mantener su cuenta, debe proporcionar y continuar proporcionando información precisa y completa, incluida una dirección de correo electrónico válida. Usted es completamente responsable de su cuenta y de todo lo que sucede en ella, incluido cualquier daño o perjuicio (a nosotros o a cualquier otra persona) causado por alguien que usa su cuenta sin su permiso. Esto significa que debe tener cuidado con su contraseña. No puede transferir su cuenta a otra persona ni usar la cuenta de otra persona. Si se comunica con nosotros para solicitar acceso a una cuenta, no le otorgaremos dicho acceso a menos que pueda proporcionarnos la información que necesitamos para demostrar que es el propietario de esa cuenta. En caso de fallecimiento de un usuario, la cuenta de ese usuario se cerrará.</p>'),
(5, 5, 'ar', 'شروط الخدمة', NULL, 'مهمتنا هي تحسين الحياة من خلال التعلم. نحن نمكن أي شخص في أي مكان من إنشاء ومشاركة المحتوى التعليمي (المدربين) والوصول إلى هذا المحتوى التعليمي للتعلم.', '<p style=\"direction: rtl; text-align: right;\">ملاحظة: هذه مجرد بيانات تجريبية.</p><p style=\"direction: rtl; text-align: right;\">مهمتنا هي تحسين الحياة من خلال التعلم. نحن نمكن أي شخص في أي مكان من إنشاء ومشاركة المحتوى التعليمي (المدربين) والوصول إلى هذا المحتوى التعليمي للتعلم (الطلاب). نحن نعتبر نموذج السوق الخاص بنا هو أفضل طريقة لتقديم محتوى تعليمي قيم لمستخدمينا. نحن بحاجة إلى قواعد للحفاظ على نظامنا الأساسي وخدماتنا آمنة لك ولنا ومجتمع الطلاب والمدرسين لدينا. تنطبق هذه الشروط على جميع أنشطتك على موقع Udemy على الويب ، وتطبيقات Udemy للهاتف المحمول ، وتطبيقات التلفزيون لدينا ، وواجهات برمجة التطبيقات الخاصة بنا ، والخدمات الأخرى ذات الصلة (\"الخدمات\").</p><p style=\"direction: rtl; text-align: right;\">إذا قمت بنشر محتوى على نظامنا الأساسي ، فيجب عليك أيضًا الموافقة على شروط المدرب. نقدم أيضًا تفاصيل تتعلق بمعالجتنا للبيانات الشخصية لطلابنا ومعلمينا في سياسة الخصوصية الخاصة بنا. إذا كنت تستخدم منصتنا للأعمال كجزء من اشتراك Udemy for Business الخاص بمؤسستك ، فيجب عليك الرجوع إلى بيان خصوصية Udemy for Business.</p><p style=\"direction: rtl; text-align: right;\">أنت بحاجة إلى حساب لمعظم الأنشطة على نظامنا الأساسي ، بما في ذلك شراء المحتوى والوصول إليه أو إرسال المحتوى للنشر. عند إعداد حسابك وصيانته ، يجب عليك تقديم معلومات دقيقة وكاملة والاستمرار في تقديمها ، بما في ذلك عنوان بريد إلكتروني صالح. أنت تتحمل المسؤولية الكاملة عن حسابك وكل ما يحدث على حسابك ، بما في ذلك أي ضرر أو ضرر (لنا أو لأي شخص آخر) ناجم عن شخص يستخدم حسابك دون إذنك. هذا يعني أنك بحاجة إلى توخي الحذر بشأن كلمة المرور الخاصة بك. لا يجوز لك نقل حسابك إلى شخص آخر أو استخدام حساب شخص آخر. إذا اتصلت بنا لطلب الوصول إلى حساب ، فلن نمنحك هذا الوصول ما لم تتمكن من تزويدنا بالمعلومات التي نحتاجها لإثبات أنك مالك هذا الحساب. في حالة وفاة المستخدم ، سيتم إغلاق حساب هذا المستخدم.</p>');

-- --------------------------------------------------------

--
-- Table structure for table `password_resets`
--

CREATE TABLE `password_resets` (
  `email` varchar(255) NOT NULL,
  `token` varchar(255) NOT NULL,
  `created_at` timestamp NULL DEFAULT NULL
) ENGINE=InnoDB DEFAULT CHARSET=utf8mb4 COLLATE=utf8mb4_unicode_ci ROW_FORMAT=DYNAMIC;

--
-- Dumping data for table `password_resets`
--

INSERT INTO `password_resets` (`email`, `token`, `created_at`) VALUES
('av18981848@gmail.com', 'cYTtJLR86NoxZ0whf465XoQa98hhxAxx2Q7t3zeaeTJRYoUMQwqqzb4rgqP2', '2021-02-20 16:05:13');

-- --------------------------------------------------------

--
-- Table structure for table `payku_payments`
--

CREATE TABLE `payku_payments` (
  `transaction_id` varchar(255) NOT NULL,
  `start` date NOT NULL,
  `end` date NOT NULL,
  `media` varchar(255) NOT NULL,
  `verification_key` varchar(255) NOT NULL,
  `authorization_code` varchar(255) NOT NULL,
  `last_4_digits` int(10) UNSIGNED DEFAULT NULL,
  `installments` varchar(255) DEFAULT NULL,
  `card_type` varchar(255) DEFAULT NULL,
  `additional_parameters` varchar(255) DEFAULT NULL,
  `currency` varchar(255) NOT NULL,
  `created_at` timestamp NULL DEFAULT NULL,
  `updated_at` timestamp NULL DEFAULT NULL,
  `payment_key` varchar(255) DEFAULT NULL,
  `transaction_key` varchar(255) DEFAULT NULL,
  `deposit_date` datetime DEFAULT NULL
) ENGINE=InnoDB DEFAULT CHARSET=utf8mb4 COLLATE=utf8mb4_unicode_ci;

-- --------------------------------------------------------

--
-- Table structure for table `payku_transactions`
--

CREATE TABLE `payku_transactions` (
  `id` varchar(255) NOT NULL,
  `status` varchar(255) DEFAULT NULL,
  `order` varchar(255) DEFAULT NULL,
  `email` varchar(255) DEFAULT NULL,
  `subject` varchar(255) DEFAULT NULL,
  `url` text DEFAULT NULL,
  `amount` int(10) UNSIGNED DEFAULT NULL,
  `notified_at` datetime DEFAULT NULL,
  `created_at` timestamp NULL DEFAULT NULL,
  `updated_at` timestamp NULL DEFAULT NULL,
  `full_name` varchar(255) DEFAULT NULL
) ENGINE=InnoDB DEFAULT CHARSET=utf8mb4 COLLATE=utf8mb4_unicode_ci;

-- --------------------------------------------------------

--
-- Table structure for table `payment_channels`
--

CREATE TABLE `payment_channels` (
  `id` int(10) UNSIGNED NOT NULL,
  `title` varchar(255) NOT NULL,
  `class_name` varchar(255) NOT NULL,
  `status` enum('active','inactive') NOT NULL,
  `image` varchar(255) DEFAULT NULL,
  `credentials` text DEFAULT NULL,
  `currencies` text DEFAULT NULL,
  `created_at` varchar(255) NOT NULL
) ENGINE=InnoDB DEFAULT CHARSET=utf8mb4 COLLATE=utf8mb4_unicode_ci ROW_FORMAT=DYNAMIC;

--
-- Dumping data for table `payment_channels`
--

INSERT INTO `payment_channels` (`id`, `title`, `class_name`, `status`, `image`, `credentials`, `currencies`, `created_at`) VALUES
(19, 'Paypal', 'Paypal', 'active', '/store/1/default_images/payment gateways/paypal.png', NULL, '[\"USD\",\"EUR\"]', '1654755044'),
(23, 'Payu', 'Payu', 'active', '/store/1/default_images/payment gateways/payu.png', NULL, '[\"USD\",\"EUR\",\"INR\"]', '1654755044'),
(24, 'Razorpay', 'Razorpay', 'active', '/store/1/default_images/payment gateways/razorpay.png', NULL, '[\"USD\",\"EUR\"]', '1654755044');

-- --------------------------------------------------------

--
-- Table structure for table `payouts`
--

CREATE TABLE `payouts` (
  `id` int(10) UNSIGNED NOT NULL,
  `user_id` int(10) UNSIGNED NOT NULL,
  `user_selected_bank_id` int(10) UNSIGNED NOT NULL,
  `amount` decimal(13,2) NOT NULL,
  `status` enum('waiting','done','reject') NOT NULL,
  `created_at` int(11) NOT NULL
) ENGINE=InnoDB DEFAULT CHARSET=utf8mb4 COLLATE=utf8mb4_unicode_ci ROW_FORMAT=DYNAMIC;

-- --------------------------------------------------------

--
-- Table structure for table `payu_transactions`
--

CREATE TABLE `payu_transactions` (
  `id` bigint(20) UNSIGNED NOT NULL,
  `paid_for_id` bigint(20) UNSIGNED DEFAULT NULL,
  `paid_for_type` varchar(255) DEFAULT NULL,
  `transaction_id` varchar(255) NOT NULL,
  `gateway` text NOT NULL,
  `body` text NOT NULL,
  `destination` varchar(255) NOT NULL,
  `hash` text NOT NULL,
  `response` text DEFAULT NULL,
  `status` enum('pending','failed','successful','invalid') NOT NULL DEFAULT 'pending',
  `verified_at` timestamp NULL DEFAULT NULL,
  `deleted_at` timestamp NULL DEFAULT NULL,
  `created_at` timestamp NULL DEFAULT NULL,
  `updated_at` timestamp NULL DEFAULT NULL
) ENGINE=InnoDB DEFAULT CHARSET=utf8mb4 COLLATE=utf8mb4_unicode_ci ROW_FORMAT=DYNAMIC;

-- --------------------------------------------------------

--
-- Table structure for table `permissions`
--

CREATE TABLE `permissions` (
  `id` int(10) UNSIGNED NOT NULL,
  `role_id` int(10) UNSIGNED DEFAULT NULL,
  `section_id` int(10) UNSIGNED DEFAULT NULL,
  `allow` tinyint(1) NOT NULL DEFAULT 0
) ENGINE=InnoDB DEFAULT CHARSET=utf8mb4 COLLATE=utf8mb4_unicode_ci;

--
-- Dumping data for table `permissions`
--

INSERT INTO `permissions` (`id`, `role_id`, `section_id`, `allow`) VALUES
(20779, 3, 100001, 1),
(20780, 3, 100002, 1),
(20781, 3, 100003, 1),
(20782, 3, 100004, 1),
(20783, 3, 100005, 1),
(20784, 3, 100010, 1),
(20785, 3, 100011, 1),
(20786, 3, 100012, 1),
(20787, 3, 100013, 1),
(20788, 3, 100014, 1),
(20789, 3, 100020, 1),
(20790, 3, 100021, 1),
(20791, 3, 100022, 1),
(20792, 3, 100023, 1),
(20793, 3, 100024, 1),
(20794, 3, 100025, 1),
(20795, 3, 100026, 1),
(20796, 3, 100027, 1),
(20797, 3, 100028, 1),
(20798, 3, 100029, 1),
(20799, 3, 100030, 1),
(20800, 3, 100031, 1),
(20801, 3, 100032, 1),
(20802, 3, 100033, 1),
(20803, 3, 100034, 1),
(20804, 3, 100035, 1),
(20805, 3, 100040, 1),
(20806, 3, 100041, 1),
(20807, 3, 100042, 1),
(20808, 3, 100043, 1),
(20809, 3, 100044, 1),
(20810, 3, 100045, 1),
(20811, 3, 100050, 1),
(20812, 3, 100051, 1),
(20813, 3, 100052, 1),
(20814, 3, 100053, 1),
(20815, 3, 100054, 1),
(20816, 3, 100055, 1),
(20817, 3, 100060, 1),
(20818, 3, 100061, 1),
(20819, 3, 100062, 1),
(20820, 3, 100063, 1),
(20821, 3, 100070, 1),
(20822, 3, 100071, 1),
(20823, 3, 100072, 1),
(20824, 3, 100073, 1),
(20825, 3, 100080, 1),
(20826, 3, 100081, 1),
(20827, 3, 100082, 1),
(20828, 3, 100083, 1),
(20829, 3, 100084, 1),
(20830, 3, 100085, 1),
(20831, 3, 100086, 1),
(20832, 3, 100090, 1),
(20833, 3, 100091, 1),
(20834, 3, 100092, 1),
(20835, 3, 100093, 1),
(20836, 3, 100100, 1),
(20837, 3, 100101, 1),
(20838, 3, 100102, 1),
(20839, 3, 100103, 1),
(20840, 3, 100104, 1),
(20841, 3, 100105, 1),
(20842, 3, 100106, 1),
(20843, 3, 100107, 1),
(20844, 3, 100120, 1),
(20845, 3, 100121, 1),
(20846, 3, 100122, 1),
(20847, 3, 100123, 1),
(20848, 3, 100124, 1),
(20849, 3, 100125, 1),
(20850, 3, 100126, 1),
(20851, 3, 100127, 1),
(20852, 3, 100140, 1),
(20853, 3, 100141, 1),
(20854, 3, 100142, 1),
(20855, 3, 100143, 1),
(20856, 3, 100160, 1),
(20857, 3, 100161, 1),
(20858, 3, 100162, 1),
(20859, 3, 100163, 1),
(20860, 3, 100164, 1),
(20861, 3, 100165, 1),
(20862, 3, 100166, 1),
(20863, 3, 100167, 1),
(20864, 3, 100180, 1),
(20865, 3, 100181, 1),
(20866, 3, 100182, 1),
(20867, 3, 100183, 1),
(20868, 3, 100184, 1),
(20869, 3, 100200, 1),
(20870, 3, 100201, 1),
(20871, 3, 100202, 1),
(20872, 3, 100203, 1),
(20873, 3, 100204, 1),
(20874, 3, 100220, 1),
(20875, 3, 100221, 1),
(20876, 3, 100222, 1),
(20877, 3, 100223, 1),
(20878, 3, 100224, 1),
(20879, 3, 100225, 1),
(20880, 3, 100240, 1),
(20881, 3, 100241, 1),
(20882, 3, 100260, 1),
(20883, 3, 100261, 1),
(20884, 3, 100280, 1),
(20885, 3, 100281, 1),
(20886, 3, 100300, 1),
(20887, 3, 100301, 1),
(20888, 3, 100302, 1),
(20889, 3, 100303, 1),
(21112, 4, 100001, 1),
(21113, 4, 100002, 1),
(21114, 4, 100003, 1),
(21115, 4, 100004, 1),
(21116, 4, 100005, 1),
(21117, 4, 100010, 1),
(21118, 4, 100011, 1),
(21119, 4, 100012, 1),
(21120, 4, 100013, 1),
(21121, 4, 100014, 1),
(21122, 4, 100020, 1),
(21123, 4, 100021, 1),
(21124, 4, 100022, 1),
(21125, 4, 100023, 1),
(21126, 4, 100024, 1),
(21127, 4, 100025, 1),
(21128, 4, 100026, 1),
(21129, 4, 100027, 1),
(21130, 4, 100028, 1),
(21131, 4, 100029, 1),
(21132, 4, 100030, 1),
(21133, 4, 100031, 1),
(21134, 4, 100032, 1),
(21135, 4, 100033, 1),
(21136, 4, 100034, 1),
(21137, 4, 100035, 1),
(21138, 4, 100040, 1),
(21139, 4, 100041, 1),
(21140, 4, 100042, 1),
(21141, 4, 100043, 1),
(21142, 4, 100044, 1),
(21143, 4, 100045, 1),
(21144, 4, 100050, 1),
(21145, 4, 100051, 1),
(21146, 4, 100052, 1),
(21147, 4, 100053, 1),
(21148, 4, 100054, 1),
(21149, 4, 100055, 1),
(21150, 4, 100060, 1),
(21151, 4, 100061, 1),
(21152, 4, 100062, 1),
(21153, 4, 100063, 1),
(21154, 4, 100070, 1),
(21155, 4, 100071, 1),
(21156, 4, 100072, 1),
(21157, 4, 100073, 1),
(21158, 4, 100080, 1),
(21159, 4, 100081, 1),
(21160, 4, 100082, 1),
(21161, 4, 100083, 1),
(21162, 4, 100084, 1),
(21163, 4, 100085, 1),
(21164, 4, 100086, 1),
(21165, 4, 100090, 1),
(21166, 4, 100091, 1),
(21167, 4, 100092, 1),
(21168, 4, 100093, 1),
(21169, 4, 100100, 1),
(21170, 4, 100101, 1),
(21171, 4, 100102, 1),
(21172, 4, 100103, 1),
(21173, 4, 100104, 1),
(21174, 4, 100105, 1),
(21175, 4, 100106, 1),
(21176, 4, 100107, 1),
(21177, 4, 100120, 1),
(21178, 4, 100121, 1),
(21179, 4, 100122, 1),
(21180, 4, 100123, 1),
(21181, 4, 100124, 1),
(21182, 4, 100125, 1),
(21183, 4, 100126, 1),
(21184, 4, 100127, 1),
(21185, 4, 100140, 1),
(21186, 4, 100141, 1),
(21187, 4, 100142, 1),
(21188, 4, 100143, 1),
(21189, 4, 100160, 1),
(21190, 4, 100161, 1),
(21191, 4, 100162, 1),
(21192, 4, 100163, 1),
(21193, 4, 100164, 1),
(21194, 4, 100165, 1),
(21195, 4, 100166, 1),
(21196, 4, 100167, 1),
(21197, 4, 100180, 1),
(21198, 4, 100181, 1),
(21199, 4, 100182, 1),
(21200, 4, 100183, 1),
(21201, 4, 100184, 1),
(21202, 4, 100200, 1),
(21203, 4, 100201, 1),
(21204, 4, 100202, 1),
(21205, 4, 100203, 1),
(21206, 4, 100204, 1),
(21207, 4, 100220, 1),
(21208, 4, 100221, 1),
(21209, 4, 100222, 1),
(21210, 4, 100223, 1),
(21211, 4, 100224, 1),
(21212, 4, 100225, 1),
(21213, 4, 100240, 1),
(21214, 4, 100241, 1),
(21215, 4, 100260, 1),
(21216, 4, 100261, 1),
(21217, 4, 100280, 1),
(21218, 4, 100281, 1),
(21219, 4, 100300, 1),
(21220, 4, 100301, 1),
(21221, 4, 100302, 1),
(21222, 4, 100303, 1),
(21777, 2, 1, 1),
(21778, 2, 2, 1),
(21779, 2, 3, 1),
(21780, 2, 4, 1),
(21781, 2, 5, 1),
(21782, 2, 6, 1),
(21783, 2, 7, 1),
(21784, 2, 8, 1),
(21785, 2, 9, 1),
(21786, 2, 10, 1),
(21787, 2, 11, 1),
(21788, 2, 12, 1),
(21789, 2, 13, 1),
(21790, 2, 14, 1),
(21791, 2, 15, 1),
(21792, 2, 16, 1),
(21793, 2, 17, 1),
(21794, 2, 25, 1),
(21795, 2, 26, 1),
(21796, 2, 50, 1),
(21797, 2, 51, 1),
(21798, 2, 52, 1),
(21799, 2, 53, 1),
(21800, 2, 54, 1),
(21801, 2, 100, 1),
(21802, 2, 101, 1),
(21803, 2, 102, 1),
(21804, 2, 103, 1),
(21805, 2, 104, 1),
(21806, 2, 105, 1),
(21807, 2, 106, 1),
(21808, 2, 107, 1),
(21809, 2, 108, 1),
(21810, 2, 109, 1),
(21811, 2, 110, 1),
(21812, 2, 111, 1),
(21813, 2, 112, 1),
(21814, 2, 113, 1),
(21815, 2, 114, 1),
(21816, 2, 115, 1),
(21817, 2, 116, 1),
(21818, 2, 117, 1),
(21819, 2, 118, 1),
(21820, 2, 150, 1),
(21821, 2, 151, 1),
(21822, 2, 152, 1),
(21823, 2, 153, 1),
(21824, 2, 154, 1),
(21825, 2, 155, 1),
(21826, 2, 156, 1),
(21827, 2, 157, 1),
(21828, 2, 158, 1),
(21829, 2, 159, 1),
(21830, 2, 160, 1),
(21831, 2, 161, 1),
(21832, 2, 162, 1),
(21833, 2, 163, 1),
(21834, 2, 164, 1),
(21835, 2, 165, 1),
(21836, 2, 166, 1),
(21837, 2, 167, 1),
(21838, 2, 200, 1),
(21839, 2, 201, 1),
(21840, 2, 202, 1),
(21841, 2, 203, 1),
(21842, 2, 204, 1),
(21843, 2, 205, 1),
(21844, 2, 206, 1),
(21845, 2, 207, 1),
(21846, 2, 208, 1),
(21847, 2, 250, 1),
(21848, 2, 251, 1),
(21849, 2, 252, 1),
(21850, 2, 253, 1),
(21851, 2, 254, 1),
(21852, 2, 300, 1),
(21853, 2, 301, 1),
(21854, 2, 302, 1),
(21855, 2, 303, 1),
(21856, 2, 304, 1),
(21857, 2, 350, 1),
(21858, 2, 351, 1),
(21859, 2, 352, 1),
(21860, 2, 353, 1),
(21861, 2, 354, 1),
(21862, 2, 355, 1),
(21863, 2, 356, 1),
(21864, 2, 357, 1),
(21865, 2, 400, 1),
(21866, 2, 401, 1),
(21867, 2, 402, 1),
(21868, 2, 403, 1),
(21869, 2, 404, 1),
(21870, 2, 405, 1),
(21871, 2, 406, 1),
(21872, 2, 450, 1),
(21873, 2, 451, 1),
(21874, 2, 452, 1),
(21875, 2, 453, 1),
(21876, 2, 454, 1),
(21877, 2, 455, 1),
(21878, 2, 456, 1),
(21879, 2, 457, 1),
(21880, 2, 458, 1),
(21881, 2, 459, 1),
(21882, 2, 460, 1),
(21883, 2, 461, 1),
(21884, 2, 500, 1),
(21885, 2, 501, 1),
(21886, 2, 502, 1),
(21887, 2, 503, 1),
(21888, 2, 504, 1),
(21889, 2, 505, 1),
(21890, 2, 550, 1),
(21891, 2, 551, 1),
(21892, 2, 552, 1),
(21893, 2, 553, 1),
(21894, 2, 554, 1),
(21895, 2, 555, 1),
(21896, 2, 600, 1),
(21897, 2, 601, 1),
(21898, 2, 602, 1),
(21899, 2, 603, 1),
(21900, 2, 650, 1),
(21901, 2, 651, 1),
(21902, 2, 652, 1),
(21903, 2, 653, 1),
(21904, 2, 654, 1),
(21905, 2, 655, 1),
(21906, 2, 656, 1),
(21907, 2, 657, 1),
(21908, 2, 658, 1),
(21909, 2, 700, 1),
(21910, 2, 701, 1),
(21911, 2, 702, 1),
(21912, 2, 703, 1),
(21913, 2, 704, 1),
(21914, 2, 705, 1),
(21915, 2, 706, 1),
(21916, 2, 707, 1),
(21917, 2, 708, 1),
(21918, 2, 709, 1),
(21919, 2, 710, 1),
(21920, 2, 750, 1),
(21921, 2, 751, 1),
(21922, 2, 752, 1),
(21923, 2, 753, 1),
(21924, 2, 754, 1),
(21925, 2, 800, 1),
(21926, 2, 801, 1),
(21927, 2, 802, 1),
(21928, 2, 803, 1),
(21929, 2, 850, 1),
(21930, 2, 851, 1),
(21931, 2, 852, 1),
(21932, 2, 853, 1),
(21933, 2, 854, 1),
(21934, 2, 900, 1),
(21935, 2, 901, 1),
(21936, 2, 902, 1),
(21937, 2, 903, 1),
(21938, 2, 904, 1),
(21939, 2, 950, 1),
(21940, 2, 951, 1),
(21941, 2, 952, 1),
(21942, 2, 953, 1),
(21943, 2, 954, 1),
(21944, 2, 955, 1),
(21945, 2, 956, 1),
(21946, 2, 957, 1),
(21947, 2, 958, 1),
(21948, 2, 959, 1),
(21949, 2, 1000, 1),
(21950, 2, 1001, 1),
(21951, 2, 1002, 1),
(21952, 2, 1003, 1),
(21953, 2, 1004, 1),
(21954, 2, 1050, 1),
(21955, 2, 1051, 1),
(21956, 2, 1052, 1),
(21957, 2, 1053, 1),
(21958, 2, 1054, 1),
(21959, 2, 1055, 1),
(21960, 2, 1056, 1),
(21961, 2, 1057, 1),
(21962, 2, 1058, 1),
(21963, 2, 1059, 1),
(21964, 2, 1060, 1),
(21965, 2, 1075, 1),
(21966, 2, 1076, 1),
(21967, 2, 1077, 1),
(21968, 2, 1078, 1),
(21969, 2, 1079, 1),
(21970, 2, 1080, 1),
(21971, 2, 1081, 1),
(21972, 2, 1082, 1),
(21973, 2, 1083, 1),
(21974, 2, 1100, 1),
(21975, 2, 1101, 1),
(21976, 2, 1102, 1),
(21977, 2, 1103, 1),
(21978, 2, 1104, 1),
(21979, 2, 1150, 1),
(21980, 2, 1151, 1),
(21981, 2, 1152, 1),
(21982, 2, 1153, 1),
(21983, 2, 1154, 1),
(21984, 2, 1200, 1),
(21985, 2, 1201, 1),
(21986, 2, 1202, 1),
(21987, 2, 1203, 1),
(21988, 2, 1204, 1),
(21989, 2, 1230, 1),
(21990, 2, 1231, 1),
(21991, 2, 1232, 1),
(21992, 2, 1233, 1),
(21993, 2, 1234, 1),
(21994, 2, 1235, 1),
(21995, 2, 1250, 1),
(21996, 2, 1251, 1),
(21997, 2, 1252, 1),
(21998, 2, 1253, 1),
(21999, 2, 1300, 1),
(22000, 2, 1301, 1),
(22001, 2, 1302, 1),
(22002, 2, 1303, 1),
(22003, 2, 1304, 1),
(22004, 2, 1305, 1),
(22005, 2, 1350, 1),
(22006, 2, 1351, 1),
(22007, 2, 1352, 1),
(22008, 2, 1353, 1),
(22009, 2, 1354, 1),
(22010, 2, 1355, 1),
(22011, 2, 1400, 1),
(22012, 2, 1401, 1),
(22013, 2, 1402, 1),
(22014, 2, 1403, 1),
(22015, 2, 1404, 1),
(22016, 2, 1405, 1),
(22017, 2, 1406, 1),
(22018, 2, 1407, 1),
(22019, 2, 1408, 1),
(22020, 2, 1409, 1),
(22021, 2, 1450, 1),
(22022, 2, 1451, 1),
(22023, 2, 1452, 1),
(22024, 2, 1453, 1),
(22025, 2, 1454, 1),
(22026, 2, 1455, 1),
(22027, 2, 1456, 1),
(22028, 2, 1457, 1),
(22029, 2, 1500, 1),
(22030, 2, 1501, 1),
(22031, 2, 1502, 1),
(22032, 2, 1503, 1),
(22033, 2, 1504, 1),
(22034, 2, 1550, 1),
(22035, 2, 1551, 1),
(22036, 2, 1552, 1),
(22037, 2, 1553, 1),
(22038, 2, 1554, 1),
(22039, 2, 1600, 1),
(22040, 2, 1601, 1),
(22041, 2, 1602, 1),
(22042, 2, 1603, 1),
(22043, 2, 1604, 1),
(22044, 2, 1605, 1),
(22045, 2, 1650, 1),
(22046, 2, 1651, 1),
(22047, 2, 1652, 1),
(22048, 2, 1675, 1),
(22049, 2, 1676, 1),
(22050, 2, 1677, 1),
(22051, 2, 1678, 1),
(22052, 2, 1725, 1),
(22053, 2, 1726, 1),
(22054, 2, 1727, 1),
(22055, 2, 1728, 1),
(22056, 2, 1729, 1),
(22057, 2, 1730, 1),
(22058, 2, 1731, 1),
(22059, 2, 1732, 1),
(22060, 2, 1750, 1),
(22061, 2, 1751, 1),
(22062, 2, 1752, 1),
(22063, 2, 1753, 1),
(22064, 2, 1754, 1),
(22065, 2, 1775, 1),
(22066, 2, 1776, 1),
(22067, 2, 1777, 1),
(22068, 2, 1778, 1),
(22069, 2, 1779, 1),
(22070, 2, 1780, 1),
(22071, 2, 1781, 1),
(22072, 2, 1800, 1),
(22073, 2, 1801, 1),
(22074, 2, 1802, 1),
(22075, 2, 1803, 1),
(22076, 2, 1804, 1),
(22077, 2, 1805, 1),
(22078, 2, 1806, 1),
(22079, 2, 1807, 1),
(22080, 2, 1808, 1),
(22081, 2, 1809, 1),
(22082, 2, 1810, 1),
(22083, 2, 1811, 1),
(22084, 2, 1812, 1),
(22085, 2, 1813, 1),
(22086, 2, 1814, 1),
(22087, 2, 1815, 1),
(22088, 2, 1816, 1),
(22089, 2, 1817, 1),
(22090, 2, 1818, 1),
(22091, 2, 1819, 1),
(22092, 2, 1820, 1),
(22093, 2, 1821, 1),
(22094, 2, 1822, 1),
(22095, 2, 1823, 1),
(22096, 2, 1824, 1),
(22097, 2, 1825, 1),
(22098, 2, 1826, 1),
(22099, 2, 1827, 1),
(22100, 2, 1828, 1),
(22101, 2, 1829, 1),
(22102, 2, 1830, 1),
(22103, 2, 1831, 1),
(22104, 2, 1832, 1),
(22105, 2, 1833, 1),
(22106, 2, 1834, 1),
(22107, 2, 1835, 1),
(22108, 2, 1836, 1),
(22109, 2, 1837, 1),
(22110, 2, 1838, 1),
(22111, 2, 1850, 1),
(22112, 2, 1851, 1),
(22113, 2, 1852, 1),
(22114, 2, 1853, 1),
(22115, 2, 1875, 1),
(22116, 2, 1876, 1),
(22117, 2, 1877, 1),
(22118, 2, 1900, 1),
(22119, 2, 1901, 1),
(22120, 2, 1902, 1),
(22121, 2, 1903, 1),
(22122, 2, 1904, 1),
(22123, 2, 1905, 1),
(22124, 2, 1925, 1),
(22125, 2, 1926, 1),
(22126, 2, 1927, 1),
(22127, 2, 1928, 1),
(22128, 2, 1929, 1),
(22129, 2, 1930, 1),
(22130, 2, 1931, 1),
(22131, 2, 1932, 1),
(22132, 2, 1933, 1),
(22133, 2, 1934, 1),
(22134, 2, 1935, 1),
(22135, 2, 1950, 1),
(22136, 2, 1951, 1),
(22137, 2, 1952, 1),
(22138, 2, 1953, 1),
(22139, 2, 1954, 1),
(22140, 2, 1975, 1),
(22141, 2, 1976, 1),
(22142, 2, 1977, 1),
(22143, 2, 1978, 1),
(22144, 2, 1979, 1),
(22145, 2, 2000, 1),
(22146, 2, 2001, 1),
(22147, 2, 2015, 1),
(22148, 2, 2016, 1),
(22149, 2, 2017, 1),
(22150, 2, 2018, 1),
(22151, 2, 2019, 1),
(22152, 2, 2020, 1),
(22153, 2, 2021, 1),
(22154, 2, 2030, 1),
(22155, 2, 2031, 1),
(22156, 2, 2032, 1),
(22157, 2, 2050, 1),
(22158, 2, 2051, 1),
(22159, 2, 2052, 1),
(22160, 2, 2053, 1),
(22161, 2, 2054, 1),
(22162, 2, 2055, 1),
(22163, 2, 2070, 1),
(22164, 2, 2071, 1),
(22165, 2, 2072, 1),
(22166, 2, 2073, 1),
(22167, 2, 2074, 1),
(22168, 2, 2075, 1),
(22169, 2, 2076, 1),
(22170, 2, 2077, 1),
(22171, 2, 2078, 1),
(22172, 2, 2079, 1),
(22173, 2, 2080, 1),
(22174, 2, 2081, 1),
(22175, 2, 2090, 1),
(22176, 2, 2091, 1),
(22177, 2, 2092, 1),
(22178, 2, 2093, 1),
(22179, 2, 3000, 1),
(22180, 2, 3001, 1),
(22181, 2, 3010, 1),
(22182, 2, 3011, 1),
(22183, 2, 3012, 1),
(22184, 2, 3013, 1),
(22185, 2, 3020, 1),
(22186, 2, 3021, 1),
(22187, 2, 3022, 1),
(22188, 2, 3023, 1),
(22189, 2, 3024, 1),
(22190, 2, 3025, 1),
(22191, 2, 3030, 1),
(22192, 2, 3031, 1),
(22193, 2, 3032, 1),
(22194, 2, 3033, 1),
(22195, 2, 3034, 1),
(22196, 2, 3035, 1),
(22197, 2, 3040, 1),
(22198, 2, 3041, 1),
(22199, 2, 3042, 1),
(22200, 2, 3043, 1),
(22201, 2, 3044, 1),
(22202, 2, 3045, 1),
(22203, 2, 3046, 1),
(22204, 2, 3050, 1),
(22205, 2, 3051, 1),
(22206, 2, 3052, 1),
(22207, 2, 3053, 1),
(22208, 2, 3054, 1),
(22209, 2, 3055, 1),
(22210, 2, 3056, 1),
(22211, 2, 3060, 1),
(22212, 2, 3061, 1),
(22213, 2, 3062, 1),
(22214, 2, 3063, 1),
(22215, 2, 3064, 1),
(22216, 2, 3070, 1),
(22217, 2, 3071, 1),
(22218, 2, 3072, 1),
(22219, 2, 3080, 1),
(22220, 2, 3081, 1),
(22221, 2, 3082, 1),
(22222, 2, 3083, 1),
(22223, 2, 3084, 1),
(22224, 2, 3090, 1),
(22225, 2, 3091, 1),
(22226, 2, 3092, 1),
(22227, 2, 3093, 1),
(22228, 2, 3100, 1),
(22229, 2, 3101, 1),
(22230, 2, 3102, 1),
(22231, 2, 3103, 1),
(22232, 2, 3104, 1),
(22233, 2, 3110, 1),
(22234, 2, 3111, 1),
(22235, 2, 3120, 1),
(22236, 2, 3121, 1),
(22237, 2, 3122, 1),
(22238, 2, 3123, 1),
(22239, 2, 3130, 1),
(22240, 2, 3131, 1),
(22241, 2, 3140, 1),
(22242, 2, 3141, 1),
(22243, 2, 3150, 1),
(22244, 2, 3151, 1),
(22245, 2, 3152, 1),
(22246, 2, 3153, 1),
(22247, 2, 3154, 1),
(22248, 2, 3155, 1),
(22249, 2, 3156, 1),
(22250, 2, 3170, 1),
(22251, 2, 3171, 1),
(22252, 2, 3172, 1),
(22253, 2, 3173, 1),
(22254, 2, 3174, 1),
(22255, 2, 3175, 1),
(22256, 2, 3176, 1),
(23251, 6, 1, 1),
(23252, 6, 2, 1),
(23253, 6, 3, 1),
(23254, 6, 4, 1),
(23255, 6, 5, 1),
(23256, 6, 6, 1),
(23257, 6, 7, 1),
(23258, 6, 8, 1),
(23259, 6, 9, 1),
(23260, 6, 10, 1),
(23261, 6, 11, 1),
(23262, 6, 12, 1),
(23263, 6, 13, 1),
(23264, 6, 14, 1),
(23265, 6, 15, 1),
(23266, 6, 16, 1),
(23267, 6, 150, 1),
(23268, 6, 151, 1),
(23269, 6, 152, 1),
(23270, 6, 153, 1),
(23271, 6, 154, 1),
(23272, 6, 155, 1),
(23273, 6, 157, 1),
(23274, 6, 159, 1),
(23275, 6, 160, 1),
(23276, 6, 161, 1),
(23277, 6, 162, 1),
(23278, 6, 163, 1),
(23279, 6, 164, 1),
(23280, 6, 165, 1),
(23281, 6, 166, 1),
(23282, 6, 167, 1),
(23283, 6, 700, 1),
(23284, 6, 701, 1),
(23285, 6, 702, 1),
(23286, 6, 703, 1),
(23287, 6, 704, 1),
(23288, 6, 705, 1),
(23289, 6, 706, 1),
(23290, 6, 707, 1),
(23291, 6, 708, 1),
(23292, 6, 709, 1),
(23293, 6, 710, 1),
(23294, 6, 750, 1),
(23295, 6, 751, 1),
(23296, 6, 752, 1),
(23297, 6, 753, 1),
(23298, 6, 754, 1),
(23299, 6, 950, 1),
(23300, 6, 951, 1),
(23301, 6, 952, 1),
(23302, 6, 953, 1),
(23303, 6, 954, 1),
(23304, 6, 955, 1),
(23305, 6, 956, 1),
(23306, 6, 957, 1),
(23307, 6, 958, 1),
(23308, 6, 959, 1),
(23309, 6, 1400, 1),
(23310, 6, 1401, 1),
(23311, 6, 1402, 1),
(23312, 6, 1403, 1),
(23313, 6, 1404, 1),
(23314, 6, 1405, 1),
(23315, 6, 1406, 1),
(23316, 6, 1407, 1),
(23317, 6, 1408, 1),
(23318, 6, 1409, 1),
(23319, 6, 1600, 1),
(23320, 6, 1601, 1),
(23321, 6, 1602, 1),
(23322, 6, 1603, 1),
(23323, 6, 1604, 1),
(23324, 6, 1605, 1),
(23325, 6, 1925, 1),
(23326, 6, 1926, 1),
(23327, 6, 1927, 1),
(23328, 6, 1928, 1),
(23329, 6, 1929, 1),
(23330, 6, 1930, 1),
(23331, 6, 1931, 1),
(23332, 6, 1932, 1),
(23333, 6, 1933, 1),
(23334, 6, 1934, 1),
(23335, 6, 1935, 1),
(23336, 6, 1950, 1),
(23337, 6, 1951, 1),
(23338, 6, 1952, 1),
(23339, 6, 1953, 1),
(23340, 6, 1954, 1),
(23341, 6, 1975, 1),
(23342, 6, 1976, 1),
(23343, 6, 1977, 1),
(23344, 6, 1978, 1),
(23345, 6, 1979, 1),
(23346, 1, 100001, 1),
(23347, 1, 100002, 1),
(23348, 1, 100003, 1),
(23349, 1, 100004, 1),
(23350, 1, 100005, 1),
(23351, 1, 100010, 1),
(23352, 1, 100011, 1),
(23353, 1, 100012, 1),
(23354, 1, 100013, 1),
(23355, 1, 100014, 1),
(23356, 1, 100020, 1),
(23357, 1, 100021, 1),
(23358, 1, 100022, 1),
(23359, 1, 100023, 1),
(23360, 1, 100024, 1),
(23361, 1, 100025, 1),
(23362, 1, 100026, 1),
(23363, 1, 100027, 1),
(23364, 1, 100028, 1),
(23365, 1, 100029, 1),
(23366, 1, 100030, 1),
(23367, 1, 100031, 1),
(23368, 1, 100032, 1),
(23369, 1, 100033, 1),
(23370, 1, 100034, 1),
(23371, 1, 100035, 1),
(23372, 1, 100040, 1),
(23373, 1, 100041, 1),
(23374, 1, 100042, 1),
(23375, 1, 100043, 1),
(23376, 1, 100044, 1),
(23377, 1, 100045, 1),
(23378, 1, 100050, 1),
(23379, 1, 100051, 1),
(23380, 1, 100052, 1),
(23381, 1, 100053, 1),
(23382, 1, 100054, 1),
(23383, 1, 100055, 1),
(23384, 1, 100060, 1),
(23385, 1, 100061, 1),
(23386, 1, 100062, 1),
(23387, 1, 100063, 1),
(23388, 1, 100070, 1),
(23389, 1, 100071, 1),
(23390, 1, 100072, 1),
(23391, 1, 100073, 1),
(23392, 1, 100080, 1),
(23393, 1, 100081, 1),
(23394, 1, 100082, 1),
(23395, 1, 100083, 1),
(23396, 1, 100084, 1),
(23397, 1, 100085, 1),
(23398, 1, 100086, 1),
(23399, 1, 100090, 1),
(23400, 1, 100091, 1),
(23401, 1, 100092, 1),
(23402, 1, 100093, 1),
(23403, 1, 100100, 1),
(23404, 1, 100101, 1),
(23405, 1, 100102, 1),
(23406, 1, 100103, 1),
(23407, 1, 100104, 1),
(23408, 1, 100105, 1),
(23409, 1, 100106, 1),
(23410, 1, 100107, 1),
(23411, 1, 100120, 1),
(23412, 1, 100121, 1),
(23413, 1, 100122, 1),
(23414, 1, 100123, 1),
(23415, 1, 100124, 1),
(23416, 1, 100125, 1),
(23417, 1, 100126, 1),
(23418, 1, 100127, 1),
(23419, 1, 100140, 1),
(23420, 1, 100141, 1),
(23421, 1, 100142, 1),
(23422, 1, 100143, 1),
(23423, 1, 100160, 1),
(23424, 1, 100161, 1),
(23425, 1, 100162, 1),
(23426, 1, 100163, 1),
(23427, 1, 100164, 1),
(23428, 1, 100180, 1),
(23429, 1, 100181, 1),
(23430, 1, 100182, 1),
(23431, 1, 100183, 1),
(23432, 1, 100184, 1),
(23433, 1, 100200, 1),
(23434, 1, 100201, 1),
(23435, 1, 100202, 1),
(23436, 1, 100203, 1),
(23437, 1, 100204, 1),
(23438, 1, 100220, 1),
(23439, 1, 100221, 1),
(23440, 1, 100222, 1),
(23441, 1, 100223, 1),
(23442, 1, 100224, 1),
(23443, 1, 100225, 1),
(23444, 1, 100240, 1),
(23445, 1, 100241, 1),
(23446, 1, 100260, 1),
(23447, 1, 100261, 1),
(23448, 1, 100280, 1),
(23449, 1, 100281, 1),
(23450, 1, 100300, 1),
(23451, 1, 100301, 1),
(23452, 1, 100302, 1),
(23453, 1, 100303, 1);

-- --------------------------------------------------------

--
-- Table structure for table `prerequisites`
--

CREATE TABLE `prerequisites` (
  `id` int(10) UNSIGNED NOT NULL,
  `webinar_id` int(10) UNSIGNED NOT NULL,
  `prerequisite_id` int(10) UNSIGNED NOT NULL,
  `required` tinyint(1) NOT NULL DEFAULT 0,
  `order` int(10) UNSIGNED DEFAULT NULL,
  `created_at` int(11) NOT NULL,
  `updated_at` int(11) DEFAULT NULL
) ENGINE=InnoDB DEFAULT CHARSET=utf8mb4 COLLATE=utf8mb4_unicode_ci ROW_FORMAT=DYNAMIC;

--
-- Dumping data for table `prerequisites`
--

INSERT INTO `prerequisites` (`id`, `webinar_id`, `prerequisite_id`, `required`, `order`, `created_at`, `updated_at`) VALUES
(25, 1999, 1995, 1, NULL, 1625039222, NULL),
(26, 2003, 1995, 0, NULL, 1625300252, NULL),
(27, 2006, 2002, 0, NULL, 1625694442, NULL),
(28, 1998, 1995, 1, NULL, 1626078328, NULL),
(30, 2007, 2006, 0, NULL, 1626207537, NULL);

-- --------------------------------------------------------

--
-- Table structure for table `products`
--

CREATE TABLE `products` (
  `id` int(10) UNSIGNED NOT NULL,
  `creator_id` int(10) UNSIGNED NOT NULL,
  `type` enum('virtual','physical') NOT NULL,
  `slug` varchar(255) NOT NULL,
  `category_id` int(10) UNSIGNED DEFAULT NULL,
  `price` double(15,2) UNSIGNED DEFAULT NULL,
  `point` bigint(20) UNSIGNED DEFAULT NULL,
  `unlimited_inventory` tinyint(1) NOT NULL DEFAULT 0,
  `ordering` tinyint(1) NOT NULL DEFAULT 0,
  `inventory` int(10) UNSIGNED DEFAULT NULL,
  `inventory_warning` int(10) UNSIGNED DEFAULT NULL,
  `inventory_updated_at` bigint(20) UNSIGNED DEFAULT NULL,
  `delivery_fee` double(15,2) UNSIGNED DEFAULT NULL,
  `delivery_estimated_time` int(10) UNSIGNED DEFAULT NULL,
  `message_for_reviewer` text DEFAULT NULL,
  `tax` int(10) UNSIGNED DEFAULT NULL,
  `commission_type` enum('percent','fixed_amount') NOT NULL,
  `commission` int(10) UNSIGNED DEFAULT NULL,
  `status` enum('active','pending','draft','inactive') NOT NULL,
  `updated_at` bigint(20) UNSIGNED NOT NULL,
  `created_at` bigint(20) UNSIGNED NOT NULL
) ENGINE=InnoDB DEFAULT CHARSET=utf8mb4 COLLATE=utf8mb4_unicode_ci;

--
-- Dumping data for table `products`
--

INSERT INTO `products` (`id`, `creator_id`, `type`, `slug`, `category_id`, `price`, `point`, `unlimited_inventory`, `ordering`, `inventory`, `inventory_warning`, `inventory_updated_at`, `delivery_fee`, `delivery_estimated_time`, `message_for_reviewer`, `tax`, `commission_type`, `commission`, `status`, `updated_at`, `created_at`) VALUES
(1, 1015, 'physical', 'Painting-tools', 1, 25.00, NULL, 0, 1, 24, 5, NULL, 5.00, 4, 'Thank you.', NULL, 'percent', NULL, 'active', 1749973898, 1655622663),
(2, 934, 'physical', 'Advanced-microscope', 1, 290.00, NULL, 0, 1, 10, 3, NULL, 10.00, 7, 'Please review ASAP.\r\nRegards.', NULL, 'percent', NULL, 'active', 1749973696, 1655626642),
(4, 1016, 'virtual', 'chat-gpt-ui-ux', 3, 5.00, NULL, 1, 1, NULL, NULL, 1751189183, NULL, NULL, 'Thank you for your review.', NULL, 'percent', NULL, 'active', 1751189183, 1655669205),
(5, 1015, 'virtual', 'Business-Software', 3, 75.00, NULL, 0, 1, 99, 10, NULL, NULL, NULL, 'Thank you.', NULL, 'percent', NULL, 'active', 1749973576, 1655671880),
(6, 1, 'virtual', 'ui-ux-playbook', 3, 20.00, NULL, 1, 1, NULL, NULL, 1751189058, NULL, NULL, NULL, NULL, 'percent', NULL, 'active', 1751189058, 1656321480),
(9, 1, 'virtual', 'How-to-Do-a-Website-UX-audit-ebook', 3, 20.00, NULL, 1, 1, NULL, NULL, 1751189213, NULL, NULL, NULL, NULL, 'percent', NULL, 'active', 1751189213, 1656321480);

-- --------------------------------------------------------

--
-- Table structure for table `product_badges`
--

CREATE TABLE `product_badges` (
  `id` int(10) UNSIGNED NOT NULL,
  `icon` varchar(255) CHARACTER SET utf8mb4 COLLATE utf8mb4_unicode_ci DEFAULT NULL,
  `color` varchar(255) NOT NULL,
  `background` varchar(255) NOT NULL,
  `start_at` bigint(20) UNSIGNED DEFAULT NULL,
  `end_at` bigint(20) UNSIGNED DEFAULT NULL,
  `enable` tinyint(1) NOT NULL DEFAULT 0,
  `created_at` bigint(20) UNSIGNED NOT NULL
) ENGINE=InnoDB DEFAULT CHARSET=utf8mb4 COLLATE=utf8mb4_general_ci;

--
-- Dumping data for table `product_badges`
--

INSERT INTO `product_badges` (`id`, `icon`, `color`, `background`, `start_at`, `end_at`, `enable`, `created_at`) VALUES
(1, NULL, '#ffffff', 'rgb(28, 28, 28)', 1709316000, 1806451200, 1, 1709533982);

-- --------------------------------------------------------

--
-- Table structure for table `product_badge_contents`
--

CREATE TABLE `product_badge_contents` (
  `id` int(10) UNSIGNED NOT NULL,
  `product_badge_id` int(10) UNSIGNED NOT NULL,
  `targetable_id` int(10) UNSIGNED NOT NULL,
  `targetable_type` varchar(255) NOT NULL
) ENGINE=InnoDB DEFAULT CHARSET=utf8mb4 COLLATE=utf8mb4_general_ci;

--
-- Dumping data for table `product_badge_contents`
--

INSERT INTO `product_badge_contents` (`id`, `product_badge_id`, `targetable_id`, `targetable_type`) VALUES
(4, 1, 1, 'App\\Models\\Bundle'),
(5, 1, 2009, 'App\\Models\\Webinar');

-- --------------------------------------------------------

--
-- Table structure for table `product_badge_translations`
--

CREATE TABLE `product_badge_translations` (
  `id` int(10) UNSIGNED NOT NULL,
  `product_badge_id` int(10) UNSIGNED NOT NULL,
  `locale` varchar(191) NOT NULL,
  `title` varchar(255) NOT NULL
) ENGINE=InnoDB DEFAULT CHARSET=utf8mb4 COLLATE=utf8mb4_general_ci;

--
-- Dumping data for table `product_badge_translations`
--

INSERT INTO `product_badge_translations` (`id`, `product_badge_id`, `locale`, `title`) VALUES
(1, 1, 'en', 'Bestseller'),
(2, 1, 'ar', 'جديد'),
(3, 1, 'es', 'Nueva');

-- --------------------------------------------------------

--
-- Table structure for table `product_categories`
--

CREATE TABLE `product_categories` (
  `id` int(10) UNSIGNED NOT NULL,
  `parent_id` int(11) DEFAULT NULL,
  `icon` varchar(255) DEFAULT NULL,
  `order` int(10) UNSIGNED DEFAULT NULL
) ENGINE=InnoDB DEFAULT CHARSET=utf8mb4 COLLATE=utf8mb4_unicode_ci;

--
-- Dumping data for table `product_categories`
--

INSERT INTO `product_categories` (`id`, `parent_id`, `icon`, `order`) VALUES
(1, NULL, '/store/1/default_images/categories_icons/feather.png', NULL),
(2, NULL, '/store/1/default_images/categories_icons/pie-chart.png', NULL),
(3, NULL, '/store/1/default_images/categories_icons/umbrella.png', NULL),
(17, NULL, '/store/1/default_images/categories_icons/anchor.png', NULL),
(18, NULL, '/store/1/default_images/categories_icons/heart.png', NULL);

-- --------------------------------------------------------

--
-- Table structure for table `product_category_translations`
--

CREATE TABLE `product_category_translations` (
  `id` bigint(20) UNSIGNED NOT NULL,
  `product_category_id` int(10) UNSIGNED NOT NULL,
  `locale` varchar(255) NOT NULL,
  `title` varchar(255) NOT NULL,
  `subtitle` text DEFAULT NULL,
  `bottom_seo_title` varchar(255) DEFAULT NULL,
  `bottom_seo_description` text DEFAULT NULL
) ENGINE=InnoDB DEFAULT CHARSET=utf8mb4 COLLATE=utf8mb4_unicode_ci;

--
-- Dumping data for table `product_category_translations`
--

INSERT INTO `product_category_translations` (`id`, `product_category_id`, `locale`, `title`, `subtitle`, `bottom_seo_title`, `bottom_seo_description`) VALUES
(1, 1, 'en', 'Design Tools', 'Create stunning visuals with powerful and user-friendly tools', NULL, NULL),
(2, 2, 'en', 'Science Tools', 'Explore experiments and concepts using practical science kits', NULL, NULL),
(3, 3, 'en', 'E-books', 'Access digital books for learning anytime and anywhere', NULL, NULL),
(23, 17, 'en', 'Projects', 'Hands-on projects to apply and showcase your skills perfectly', NULL, NULL),
(24, 18, 'en', 'Templates', 'Ready-to-use layouts to save valuable time and effort', NULL, NULL);

-- --------------------------------------------------------

--
-- Table structure for table `product_discounts`
--

CREATE TABLE `product_discounts` (
  `id` int(10) UNSIGNED NOT NULL,
  `creator_id` int(10) UNSIGNED NOT NULL,
  `product_id` int(10) UNSIGNED NOT NULL,
  `name` varchar(255) DEFAULT NULL,
  `percent` int(10) UNSIGNED NOT NULL,
  `count` int(10) UNSIGNED DEFAULT NULL,
  `status` enum('active','inactive') NOT NULL,
  `start_date` int(10) UNSIGNED NOT NULL,
  `end_date` int(10) UNSIGNED NOT NULL,
  `created_at` int(10) UNSIGNED NOT NULL
) ENGINE=InnoDB DEFAULT CHARSET=utf8mb4 COLLATE=utf8mb4_unicode_ci;

--
-- Dumping data for table `product_discounts`
--

INSERT INTO `product_discounts` (`id`, `creator_id`, `product_id`, `name`, `percent`, `count`, `status`, `start_date`, `end_date`, `created_at`) VALUES
(1, 1, 1, 'Special Offer', 20, 5, 'active', 1656043200, 1702659600, 1656131175);

-- --------------------------------------------------------

--
-- Table structure for table `product_faqs`
--

CREATE TABLE `product_faqs` (
  `id` int(10) UNSIGNED NOT NULL,
  `creator_id` int(10) UNSIGNED NOT NULL,
  `product_id` int(10) UNSIGNED NOT NULL,
  `order` int(10) UNSIGNED DEFAULT NULL,
  `created_at` int(10) UNSIGNED NOT NULL
) ENGINE=InnoDB DEFAULT CHARSET=utf8mb4 COLLATE=utf8mb4_unicode_ci;

-- --------------------------------------------------------

--
-- Table structure for table `product_faq_translations`
--

CREATE TABLE `product_faq_translations` (
  `id` bigint(20) UNSIGNED NOT NULL,
  `product_faq_id` int(10) UNSIGNED NOT NULL,
  `locale` varchar(255) NOT NULL,
  `title` varchar(255) NOT NULL,
  `answer` text NOT NULL
) ENGINE=InnoDB DEFAULT CHARSET=utf8mb4 COLLATE=utf8mb4_unicode_ci;

-- --------------------------------------------------------

--
-- Table structure for table `product_featured_categories`
--

CREATE TABLE `product_featured_categories` (
  `id` int(10) UNSIGNED NOT NULL,
  `category_id` int(10) UNSIGNED NOT NULL,
  `image` varchar(255) DEFAULT NULL
) ENGINE=InnoDB DEFAULT CHARSET=utf8mb4 COLLATE=utf8mb4_general_ci;

--
-- Dumping data for table `product_featured_categories`
--

INSERT INTO `product_featured_categories` (`id`, `category_id`, `image`) VALUES
(1, 1, '/store/1/default_images/store/featured_store_category_1.jpg'),
(2, 2, '/store/1/default_images/store/featured_store_category_2.jpg'),
(3, 3, '/store/1/default_images/store/featured_store_category_3.jpg'),
(4, 17, '/store/1/default_images/store/featured_store_category_4.jpg'),
(5, 18, '/store/1/default_images/store/featured_store_category_5.jpg');

-- --------------------------------------------------------

--
-- Table structure for table `product_files`
--

CREATE TABLE `product_files` (
  `id` int(10) UNSIGNED NOT NULL,
  `creator_id` int(10) UNSIGNED NOT NULL,
  `product_id` int(10) UNSIGNED NOT NULL,
  `path` varchar(255) NOT NULL,
  `file_type` varchar(255) DEFAULT NULL,
  `volume` varchar(255) DEFAULT NULL,
  `online_viewer` tinyint(1) NOT NULL DEFAULT 0,
  `order` int(10) UNSIGNED DEFAULT NULL,
  `status` enum('active','inactive') NOT NULL DEFAULT 'active',
  `created_at` int(10) UNSIGNED NOT NULL
) ENGINE=InnoDB DEFAULT CHARSET=utf8mb4 COLLATE=utf8mb4_unicode_ci;

--
-- Dumping data for table `product_files`
--

INSERT INTO `product_files` (`id`, `creator_id`, `product_id`, `path`, `file_type`, `volume`, `online_viewer`, `order`, `status`, `created_at`) VALUES
(2, 1016, 4, '/store/1016/store_product/sherlock_holmes_ebook.pdf', 'pdf', '1', 0, NULL, 'active', 1655670253),
(3, 1015, 5, '/store/1015/business_software.zip', 'archive', '5', 0, NULL, 'active', 1655672771),
(4, 1015, 5, '/store/1015/Documentation.pdf', 'pdf', '2', 0, NULL, 'active', 1655672886),
(5, 1, 6, '/store/1/Where-the-Crawdads-Sing.pdf', 'pdf', '3', 1, NULL, 'active', 1656322274);

-- --------------------------------------------------------

--
-- Table structure for table `product_file_translations`
--

CREATE TABLE `product_file_translations` (
  `id` bigint(20) UNSIGNED NOT NULL,
  `product_file_id` int(10) UNSIGNED NOT NULL,
  `locale` varchar(255) NOT NULL,
  `title` varchar(255) NOT NULL,
  `description` text NOT NULL
) ENGINE=InnoDB DEFAULT CHARSET=utf8mb4 COLLATE=utf8mb4_unicode_ci;

--
-- Dumping data for table `product_file_translations`
--

INSERT INTO `product_file_translations` (`id`, `product_file_id`, `locale`, `title`, `description`) VALUES
(2, 2, 'en', 'Sherlock Holmes eBook', 'Sherlock Holmes is a fictional detective created by British author Sir Arthur Conan Doyle. Referring to himself as a \"consulting detective\" in the stories, Holmes is known for his proficiency with observation, deduction, forensic science and logical reasoning that borders on the fantastic, which he employs when investigating cases for a wide variety of clients, including Scotland Yard.'),
(3, 3, 'en', 'Setup file', 'Business software is any software or set of computer programs used by business users to perform various business functions. These business applications are used to increase productivity, measure productivity, and perform other business functions accurately.'),
(4, 4, 'en', 'Documentation', 'Documentation for business software.'),
(5, 5, 'en', 'Where the Crawdads Sing e-book', 'Where the Crawdads Sing is at once an exquisite ode to the natural world, a heartbreaking coming-of-age story, and a surprising tale of possible murder. Owens reminds us that we are forever shaped by the children we once were, and that we are all subject to the beautiful and violent secrets that nature keeps.');

-- --------------------------------------------------------

--
-- Table structure for table `product_filters`
--

CREATE TABLE `product_filters` (
  `id` int(10) UNSIGNED NOT NULL,
  `category_id` int(10) UNSIGNED NOT NULL
) ENGINE=InnoDB DEFAULT CHARSET=utf8mb4 COLLATE=utf8mb4_unicode_ci;

--
-- Dumping data for table `product_filters`
--

INSERT INTO `product_filters` (`id`, `category_id`) VALUES
(1, 1),
(2, 3);

-- --------------------------------------------------------

--
-- Table structure for table `product_filter_options`
--

CREATE TABLE `product_filter_options` (
  `id` int(10) UNSIGNED NOT NULL,
  `filter_id` int(10) UNSIGNED NOT NULL,
  `order` int(10) UNSIGNED DEFAULT NULL
) ENGINE=InnoDB DEFAULT CHARSET=utf8mb4 COLLATE=utf8mb4_unicode_ci;

--
-- Dumping data for table `product_filter_options`
--

INSERT INTO `product_filter_options` (`id`, `filter_id`, `order`) VALUES
(1, 1, 1),
(2, 2, 1),
(3, 2, 2),
(4, 2, 3);

-- --------------------------------------------------------

--
-- Table structure for table `product_filter_option_translations`
--

CREATE TABLE `product_filter_option_translations` (
  `id` bigint(20) UNSIGNED NOT NULL,
  `product_filter_option_id` int(10) UNSIGNED NOT NULL,
  `locale` varchar(255) NOT NULL,
  `title` varchar(255) NOT NULL
) ENGINE=InnoDB DEFAULT CHARSET=utf8mb4 COLLATE=utf8mb4_unicode_ci;

--
-- Dumping data for table `product_filter_option_translations`
--

INSERT INTO `product_filter_option_translations` (`id`, `product_filter_option_id`, `locale`, `title`) VALUES
(1, 1, 'en', 'Brushes'),
(2, 2, 'en', 'Novel'),
(3, 3, 'en', 'Laguage learning'),
(4, 4, 'en', 'Scientific');

-- --------------------------------------------------------

--
-- Table structure for table `product_filter_translations`
--

CREATE TABLE `product_filter_translations` (
  `id` bigint(20) UNSIGNED NOT NULL,
  `product_filter_id` int(10) UNSIGNED NOT NULL,
  `locale` varchar(255) NOT NULL,
  `title` varchar(255) NOT NULL
) ENGINE=InnoDB DEFAULT CHARSET=utf8mb4 COLLATE=utf8mb4_unicode_ci;

--
-- Dumping data for table `product_filter_translations`
--

INSERT INTO `product_filter_translations` (`id`, `product_filter_id`, `locale`, `title`) VALUES
(1, 1, 'en', 'Paint Tools'),
(2, 2, 'en', 'Type');

-- --------------------------------------------------------

--
-- Table structure for table `product_media`
--

CREATE TABLE `product_media` (
  `id` int(10) UNSIGNED NOT NULL,
  `creator_id` int(10) UNSIGNED NOT NULL,
  `product_id` int(10) UNSIGNED NOT NULL,
  `type` enum('thumbnail','image','video') NOT NULL,
  `path` varchar(255) NOT NULL,
  `order` int(10) UNSIGNED DEFAULT NULL,
  `created_at` int(10) UNSIGNED NOT NULL
) ENGINE=InnoDB DEFAULT CHARSET=utf8mb4 COLLATE=utf8mb4_unicode_ci;

--
-- Dumping data for table `product_media`
--

INSERT INTO `product_media` (`id`, `creator_id`, `product_id`, `type`, `path`, `order`, `created_at`) VALUES
(1, 1015, 1, 'thumbnail', '/store/1/default_images/store/products/painting.jpg', NULL, 1749973898),
(4, 1015, 1, 'video', '/store/1015/store product/paint_brushes_video.mp4', NULL, 1749973898),
(7, 934, 2, 'thumbnail', '/store/1/default_images/store/products/microscope.jpg', NULL, 1749973696),
(20, 934, 2, 'video', '/store/934/store_product/microscope_video.mp4', NULL, 1749973696),
(31, 1016, 4, 'thumbnail', '/store/1/default_images/store/products/book2.jpg', NULL, 1751189183),
(34, 1015, 5, 'thumbnail', '/store/1/default_images/store/products/software.jpg', NULL, 1749973576),
(77, 1, 6, 'thumbnail', '/store/1/default_images/store/products/book1.jpg', NULL, 1751189058),
(84, 1015, 5, 'image', '/store/1015/store product/business_software_2.jpg', NULL, 1749973576),
(85, 1015, 5, 'image', '/store/1015/store product/business_software.jpg', NULL, 1749973576),
(87, 934, 2, 'image', '/store/934/store_product/microscope_1.jpg', NULL, 1749973696),
(88, 934, 2, 'image', '/store/934/store_product/microscope_2.jpg', NULL, 1749973696),
(89, 934, 2, 'image', '/store/934/store_product/microscope.jpg', NULL, 1749973696),
(90, 1015, 1, 'image', '/store/1015/store product/paint_brushes_1.jpg', NULL, 1749973898),
(91, 1015, 1, 'image', '/store/1015/store product/paint_brushes_2.jpg', NULL, 1749973898),
(92, 1015, 1, 'image', '/store/1015/store product/paint_brushes_3.jpg', NULL, 1749973898),
(93, 1, 9, 'thumbnail', '/store/1/default_images/store/products/uxbook.jpg', NULL, 1751189213),
(102, 1, 6, 'image', '/store/1/default_images/Where the Crawdads Sing e-book_1.jpg', NULL, 1751189059),
(103, 1, 6, 'image', '/store/1/default_images/Where the Crawdads Sing e-book_2.jpg', NULL, 1751189059),
(104, 1016, 4, 'image', '/store/1016/store_product/sherlock_holmes_ebook_1.jpg', NULL, 1751189183),
(105, 1, 9, 'image', '/store/1/dashboard.png', NULL, 1751189213),
(106, 1, 9, 'image', '/store/1/dashboard.png', NULL, 1751189213);

-- --------------------------------------------------------

--
-- Table structure for table `product_orders`
--

CREATE TABLE `product_orders` (
  `id` int(10) UNSIGNED NOT NULL,
  `product_id` int(10) UNSIGNED NOT NULL,
  `seller_id` int(10) UNSIGNED NOT NULL,
  `buyer_id` int(10) UNSIGNED DEFAULT NULL,
  `sale_id` int(10) UNSIGNED DEFAULT NULL,
  `installment_order_id` int(10) UNSIGNED DEFAULT NULL,
  `gift_id` int(10) UNSIGNED DEFAULT NULL,
  `specifications` text DEFAULT NULL,
  `quantity` int(10) UNSIGNED NOT NULL,
  `discount_id` int(10) UNSIGNED DEFAULT NULL,
  `message_to_seller` text DEFAULT NULL,
  `tracking_code` varchar(255) DEFAULT NULL,
  `status` enum('pending','waiting_delivery','shipped','success','canceled') NOT NULL,
  `created_at` bigint(20) UNSIGNED NOT NULL
) ENGINE=InnoDB DEFAULT CHARSET=utf8mb4 COLLATE=utf8mb4_unicode_ci;

--
-- Dumping data for table `product_orders`
--

INSERT INTO `product_orders` (`id`, `product_id`, `seller_id`, `buyer_id`, `sale_id`, `installment_order_id`, `gift_id`, `specifications`, `quantity`, `discount_id`, `message_to_seller`, `tracking_code`, `status`, `created_at`) VALUES
(1, 4, 1016, 995, 193, NULL, NULL, NULL, 1, NULL, NULL, NULL, 'success', 1656103830),
(2, 1, 1015, 923, 194, NULL, NULL, '{\"Size\":\"Small\"}', 1, NULL, 'Please deliver faster.\r\nRegards.', NULL, 'waiting_delivery', 1656104034),
(3, 2, 934, 930, 196, NULL, NULL, NULL, 1, NULL, NULL, NULL, 'waiting_delivery', 1656130623),
(4, 5, 1015, 996, 197, NULL, NULL, NULL, 1, NULL, NULL, NULL, 'success', 1656130950),
(5, 1, 1015, 1017, 200, NULL, NULL, '{\"Size\":\"Medium\"}', 1, 1, NULL, '43956044000324128', 'success', 1656148501),
(6, 1, 1015, 995, 201, NULL, NULL, '{\"Size\":\"Small\"}', 2, 1, 'Please deliver fast.\r\nRegards.', '596324000328246', 'shipped', 1656148667),
(7, 6, 1, 995, 202, NULL, NULL, NULL, 1, NULL, NULL, NULL, 'success', 1656322618),
(42, 2, 934, 1046, NULL, NULL, NULL, NULL, 1, NULL, NULL, NULL, 'pending', 1709199800);

-- --------------------------------------------------------

--
-- Table structure for table `product_reviews`
--

CREATE TABLE `product_reviews` (
  `id` int(10) UNSIGNED NOT NULL,
  `product_id` int(10) UNSIGNED NOT NULL,
  `creator_id` int(10) UNSIGNED NOT NULL,
  `product_quality` int(10) UNSIGNED NOT NULL,
  `purchase_worth` int(10) UNSIGNED NOT NULL,
  `delivery_quality` int(10) UNSIGNED NOT NULL,
  `seller_quality` int(10) UNSIGNED NOT NULL,
  `rates` char(10) NOT NULL,
  `description` text DEFAULT NULL,
  `created_at` int(10) UNSIGNED NOT NULL,
  `status` enum('pending','active') NOT NULL
) ENGINE=InnoDB DEFAULT CHARSET=utf8mb4 COLLATE=utf8mb4_unicode_ci;

--
-- Dumping data for table `product_reviews`
--

INSERT INTO `product_reviews` (`id`, `product_id`, `creator_id`, `product_quality`, `purchase_worth`, `delivery_quality`, `seller_quality`, `rates`, `description`, `created_at`, `status`) VALUES
(1, 4, 995, 5, 5, 5, 5, '5', 'It was a perfect book.\r\nThank you.', 1656103893, 'active'),
(2, 1, 923, 4, 4, 4, 5, '4.25', 'The brushes were soft.\r\nI like them.\r\nThank you', 1656104234, 'active'),
(3, 2, 930, 5, 5, 5, 5, '5', 'I am pleasantly surprised for the wholesomeness and great quality of this microscope. Images are sharp and clean. I am happy I got it. It is fun and unpretentious, unlike my lab microscopes.', 1656130849, 'active'),
(4, 5, 996, 2, 3, 3, 2, '2.5', 'I don\'t like anything about this product.', 1656131043, 'active'),
(5, 6, 995, 5, 5, 5, 5, '5', 'Wow! I just finished reading Where the Crawdads Sing. And I will say it again, Wow! This books is so filled with emotion. Kya, the main character, is trying to survive by herself from a young age. She has been abandoned by those who should teach her, guide her, protect her. She has to fend for herself. Two men come into her life and teach her about the good and bad in life.\r\nI only keep few book\'s that I know I will read again. This is staying in my library.', 1656322965, 'active');

-- --------------------------------------------------------

--
-- Table structure for table `product_selected_filter_options`
--

CREATE TABLE `product_selected_filter_options` (
  `id` int(10) UNSIGNED NOT NULL,
  `product_id` int(10) UNSIGNED NOT NULL,
  `filter_option_id` int(10) UNSIGNED NOT NULL
) ENGINE=InnoDB DEFAULT CHARSET=utf8mb4 COLLATE=utf8mb4_unicode_ci;

--
-- Dumping data for table `product_selected_filter_options`
--

INSERT INTO `product_selected_filter_options` (`id`, `product_id`, `filter_option_id`) VALUES
(98, 2, 1),
(99, 1, 1),
(104, 6, 2),
(105, 4, 2),
(106, 9, 2);

-- --------------------------------------------------------

--
-- Table structure for table `product_selected_specifications`
--

CREATE TABLE `product_selected_specifications` (
  `id` int(10) UNSIGNED NOT NULL,
  `creator_id` int(10) UNSIGNED NOT NULL,
  `product_id` int(10) UNSIGNED NOT NULL,
  `product_specification_id` int(10) UNSIGNED NOT NULL,
  `type` enum('textarea','multi_value') NOT NULL,
  `allow_selection` tinyint(1) NOT NULL DEFAULT 0,
  `order` int(10) UNSIGNED DEFAULT NULL,
  `status` enum('active','inactive') NOT NULL DEFAULT 'active',
  `created_at` int(10) UNSIGNED NOT NULL
) ENGINE=InnoDB DEFAULT CHARSET=utf8mb4 COLLATE=utf8mb4_unicode_ci;

--
-- Dumping data for table `product_selected_specifications`
--

INSERT INTO `product_selected_specifications` (`id`, `creator_id`, `product_id`, `product_specification_id`, `type`, `allow_selection`, `order`, `status`, `created_at`) VALUES
(1, 1015, 1, 1, 'multi_value', 1, NULL, 'active', 1655623901),
(2, 1015, 1, 2, 'multi_value', 0, NULL, 'active', 1655623917),
(3, 1015, 1, 3, 'multi_value', 0, NULL, 'active', 1655623943),
(4, 934, 2, 4, 'textarea', 0, NULL, 'active', 1655626896),
(5, 1016, 4, 5, 'multi_value', 0, NULL, 'active', 1655670877),
(6, 1, 6, 5, 'multi_value', 0, NULL, 'active', 1656322503),
(7, 1, 6, 4, 'textarea', 0, NULL, 'active', 1656322546);

-- --------------------------------------------------------

--
-- Table structure for table `product_selected_specification_multi_values`
--

CREATE TABLE `product_selected_specification_multi_values` (
  `id` int(10) UNSIGNED NOT NULL,
  `selected_specification_id` int(10) UNSIGNED NOT NULL,
  `specification_multi_value_id` int(10) UNSIGNED NOT NULL
) ENGINE=InnoDB DEFAULT CHARSET=utf8mb4 COLLATE=utf8mb4_unicode_ci;

--
-- Dumping data for table `product_selected_specification_multi_values`
--

INSERT INTO `product_selected_specification_multi_values` (`id`, `selected_specification_id`, `specification_multi_value_id`) VALUES
(2, 1, 1),
(3, 1, 2),
(4, 1, 3),
(5, 2, 4),
(6, 3, 6),
(7, 3, 7),
(8, 3, 8),
(9, 5, 11),
(10, 6, 11);

-- --------------------------------------------------------

--
-- Table structure for table `product_selected_specification_translations`
--

CREATE TABLE `product_selected_specification_translations` (
  `id` bigint(20) UNSIGNED NOT NULL,
  `product_selected_specification_id` int(10) UNSIGNED NOT NULL,
  `locale` varchar(255) NOT NULL,
  `value` text NOT NULL
) ENGINE=InnoDB DEFAULT CHARSET=utf8mb4 COLLATE=utf8mb4_unicode_ci;

--
-- Dumping data for table `product_selected_specification_translations`
--

INSERT INTO `product_selected_specification_translations` (`id`, `product_selected_specification_id`, `locale`, `value`) VALUES
(1, 4, 'en', 'Model: M82EZ\r\nTotal magnification: 40X-100X-250X-400X-1000X-2500X\r\nEyepieces: widefield WF10X and WF25X\r\nObjectives: achromatic DIN 4X, 10X, 40X(S), 100X(S, Oil)\r\nViewing head: 45° Inclined 360° swiveling binocular\r\nSliding adjustable interpupillary distance: 2-3/16\" ~ 2-15/16\"(55~75mm)\r\nOcular diopter adjustable on both eyetubes\r\nNosepiece: revolving quadruple\r\nStage: mechanical double layer size: 4-1/2\"x 4-15/16\" (115mm x 125mm)\r\nCondenser and diaphragm: NA1.25 Abbe condenser with iris diaphragm\r\nTransmitted (lower) illuminator: LED light, intensity adjustable\r\nFocus adjustment: Coaxial coarse and fine knobs on both sides\r\nAll metal mechanical components\r\nPower supply: AC/DC adapter, 100V-240V (UL approved)\r\nDimension: 9-1/16\" x 7-1/8\" x 13\" (23cm x 18cm x 33cm)\r\nNet weight: 7lbs 2 oz (3.25 kg)\r\nPackage weight: 4kg'),
(2, 7, 'en', 'Publisher ‏ : ‎ Penguin Publishing Group (March 30, 2021)\r\nLanguage ‏ : ‎ English\r\nPaperback ‏ : ‎ 400 pages\r\nISBN-10 ‏ : ‎ 0735219109\r\nISBN-13 ‏ : ‎ 978-0735219106\r\nItem Weight ‏ : ‎ 11.2 ounces\r\nDimensions ‏ : ‎ 5.5 x 0.79 x 8.22 inches');

-- --------------------------------------------------------

--
-- Table structure for table `product_specifications`
--

CREATE TABLE `product_specifications` (
  `id` int(10) UNSIGNED NOT NULL,
  `input_type` enum('textarea','multi_value') NOT NULL
) ENGINE=InnoDB DEFAULT CHARSET=utf8mb4 COLLATE=utf8mb4_unicode_ci;

--
-- Dumping data for table `product_specifications`
--

INSERT INTO `product_specifications` (`id`, `input_type`) VALUES
(1, 'multi_value'),
(2, 'multi_value'),
(3, 'multi_value'),
(4, 'textarea'),
(5, 'multi_value');

-- --------------------------------------------------------

--
-- Table structure for table `product_specification_categories`
--

CREATE TABLE `product_specification_categories` (
  `id` int(10) UNSIGNED NOT NULL,
  `specification_id` int(10) UNSIGNED NOT NULL,
  `category_id` int(10) UNSIGNED NOT NULL
) ENGINE=InnoDB DEFAULT CHARSET=utf8mb4 COLLATE=utf8mb4_unicode_ci;

--
-- Dumping data for table `product_specification_categories`
--

INSERT INTO `product_specification_categories` (`id`, `specification_id`, `category_id`) VALUES
(1, 1, 1),
(2, 2, 1),
(3, 3, 1),
(5, 5, 3),
(6, 4, 1),
(7, 4, 3);

-- --------------------------------------------------------

--
-- Table structure for table `product_specification_multi_values`
--

CREATE TABLE `product_specification_multi_values` (
  `id` int(10) UNSIGNED NOT NULL,
  `specification_id` int(10) UNSIGNED NOT NULL
) ENGINE=InnoDB DEFAULT CHARSET=utf8mb4 COLLATE=utf8mb4_unicode_ci;

--
-- Dumping data for table `product_specification_multi_values`
--

INSERT INTO `product_specification_multi_values` (`id`, `specification_id`) VALUES
(1, 1),
(2, 1),
(3, 1),
(4, 2),
(5, 2),
(6, 3),
(7, 3),
(8, 3),
(9, 3),
(10, 3),
(11, 5),
(12, 5),
(13, 5),
(14, 5);

-- --------------------------------------------------------

--
-- Table structure for table `product_specification_multi_value_translations`
--

CREATE TABLE `product_specification_multi_value_translations` (
  `id` bigint(20) UNSIGNED NOT NULL,
  `product_specification_multi_value_id` int(10) UNSIGNED NOT NULL,
  `locale` varchar(255) NOT NULL,
  `title` varchar(255) NOT NULL
) ENGINE=InnoDB DEFAULT CHARSET=utf8mb4 COLLATE=utf8mb4_unicode_ci;

--
-- Dumping data for table `product_specification_multi_value_translations`
--

INSERT INTO `product_specification_multi_value_translations` (`id`, `product_specification_multi_value_id`, `locale`, `title`) VALUES
(1, 1, 'en', 'Small'),
(2, 2, 'en', 'Medium'),
(3, 3, 'en', 'Large'),
(4, 4, 'en', 'Basic'),
(5, 5, 'en', 'Advanced'),
(6, 6, 'en', '3-5'),
(7, 7, 'en', '5-8'),
(8, 8, 'en', '8-13'),
(9, 9, 'en', '13-18'),
(10, 10, 'en', '+18'),
(11, 11, 'en', 'Novel'),
(12, 12, 'en', 'Language learning'),
(13, 13, 'en', 'Scientific'),
(14, 14, 'en', 'literature');

-- --------------------------------------------------------

--
-- Table structure for table `product_specification_translations`
--

CREATE TABLE `product_specification_translations` (
  `id` bigint(20) UNSIGNED NOT NULL,
  `product_specification_id` int(10) UNSIGNED NOT NULL,
  `locale` varchar(255) NOT NULL,
  `title` varchar(255) NOT NULL
) ENGINE=InnoDB DEFAULT CHARSET=utf8mb4 COLLATE=utf8mb4_unicode_ci;

--
-- Dumping data for table `product_specification_translations`
--

INSERT INTO `product_specification_translations` (`id`, `product_specification_id`, `locale`, `title`) VALUES
(1, 1, 'en', 'Size'),
(2, 2, 'en', 'Skill Level'),
(3, 3, 'en', 'Age Range'),
(4, 4, 'en', 'Main Features'),
(5, 5, 'en', 'E-book type');

-- --------------------------------------------------------

--
-- Table structure for table `product_top_categories`
--

CREATE TABLE `product_top_categories` (
  `id` int(10) UNSIGNED NOT NULL,
  `category_id` int(10) UNSIGNED NOT NULL,
  `image` varchar(255) DEFAULT NULL
) ENGINE=InnoDB DEFAULT CHARSET=utf8mb4 COLLATE=utf8mb4_general_ci;

--
-- Dumping data for table `product_top_categories`
--

INSERT INTO `product_top_categories` (`id`, `category_id`, `image`) VALUES
(1, 1, '/store/1/default_images/store/store_top_category.svg'),
(2, 2, '/store/1/default_images/store/store_top_category_2.svg'),
(3, 3, '/store/1/default_images/store/store_top_category_3.svg'),
(4, 17, '/store/1/default_images/store/store_top_category_4.svg'),
(5, 18, '/store/1/default_images/store/store_top_category_5.svg');

-- --------------------------------------------------------

--
-- Table structure for table `product_translations`
--

CREATE TABLE `product_translations` (
  `id` bigint(20) UNSIGNED NOT NULL,
  `product_id` int(10) UNSIGNED NOT NULL,
  `locale` varchar(255) NOT NULL,
  `title` varchar(255) NOT NULL,
  `seo_description` text DEFAULT NULL,
  `summary` text DEFAULT NULL,
  `description` longtext DEFAULT NULL
) ENGINE=InnoDB DEFAULT CHARSET=utf8mb4 COLLATE=utf8mb4_unicode_ci;

--
-- Dumping data for table `product_translations`
--

INSERT INTO `product_translations` (`id`, `product_id`, `locale`, `title`, `seo_description`, `summary`, `description`) VALUES
(1, 1, 'en', 'Painting tools', 'Here are some of Manfredini\'s favorite must-have paint products for a flawless finish and a handful of appealing painter accessories that you can skip altogether', 'When it comes to painting supplies, if it sounds too good to be true, then it usually is. There\'s really no substitute for quality painting tools, adequate preparation, and careful work. \"One of the easiest things to remember about paint tools is that you get what you pay for,\" says Lou Manfredini, home expert for Ace Hardware. \"The biggest mistake I see homeowners make is that they buy cheap tools that don\'t give them good results, or they buy cheap paint—then they end up with a poor finished product.\"', '<p>Here are some of Manfredini\'s favorite must-have paint products for a flawless finish and a handful of appealing painter accessories that you can skip altogether. Keep in mind that you may not need some of these products if your walls are in good shape and don\'t need a lot of repairs. (Just make sure you purchase some highly-rated paint first because a quality tool won\'t work miracles on low-quality paint).</p><p><br></p><h3 style=\"color: rgba(0, 0, 0, 0.95); font-variant-numeric: normal; font-variant-east-asian: normal; font-stretch: normal; font-size: 24px; line-height: 32px; font-family: Sophia, \"Helvetica Neue\", sans-serif; letter-spacing: 0.5px; margin-top: 32px; margin-bottom: 16px;\">Paint Key</h3><div class=\"paragraph\" style=\"color: rgba(0, 0, 0, 0.95); font-family: Lora, serif; font-size: medium;\"><p style=\"font-variant-numeric: normal; font-variant-east-asian: normal; font-stretch: normal; font-size: 18px; line-height: 28px; letter-spacing: 0px; margin-bottom: 16px; max-width: 712px; overflow-wrap: anywhere;\">You don\'t need a special tool to open your paint cans; a standard flat-head screwdriver works just fine.</p></div><h3 style=\"color: rgba(0, 0, 0, 0.95); font-variant-numeric: normal; font-variant-east-asian: normal; font-stretch: normal; font-size: 24px; line-height: 32px; font-family: Sophia, \"Helvetica Neue\", sans-serif; letter-spacing: 0.5px; margin-top: 32px; margin-bottom: 16px;\">Plastic Tube for Paint Roller</h3><div class=\"paragraph\" style=\"color: rgba(0, 0, 0, 0.95); font-family: Lora, serif; font-size: medium;\"><p style=\"font-variant-numeric: normal; font-variant-east-asian: normal; font-stretch: normal; font-size: 18px; line-height: 28px; letter-spacing: 0px; margin-bottom: 16px; max-width: 712px; overflow-wrap: anywhere;\">If you\'re done painting for the day but want to pick it back up tomorrow, cover the roller in plastic wrap, then throw it into a plastic bag with an air-tight seal.</p></div><h3 style=\"color: rgba(0, 0, 0, 0.95); font-variant-numeric: normal; font-variant-east-asian: normal; font-stretch: normal; font-size: 24px; line-height: 32px; font-family: Sophia, \"Helvetica Neue\", sans-serif; letter-spacing: 0.5px; margin-top: 32px; margin-bottom: 16px;\">Paint Tray Liners</h3><div class=\"paragraph\" style=\"color: rgba(0, 0, 0, 0.95); font-family: Lora, serif; font-size: medium;\"><p style=\"font-variant-numeric: normal; font-variant-east-asian: normal; font-stretch: normal; font-size: 18px; line-height: 28px; letter-spacing: 0px; margin-bottom: 16px; max-width: 712px; overflow-wrap: anywhere;\">These aren\'t necessary if you get a quality hard plastic paint tray. Plus, it\'s less wasteful if you don\'t throw away a plastic liner each time you paint.</p></div><div class=\"div-sm-inContent\" style=\"color: rgba(0, 0, 0, 0.95); font-family: Lora, serif; font-size: medium;\"><div id=\"div-gpt-native\" class=\"tablet-ad desktop-ad ads-in-content\" data-tier=\"1\" data-google-query-id=\"CL7-utP6uPgCFWLFuwgdOBYNvQ\"><div id=\"google_ads_iframe_3865/ddm.realsimple.com/ntv1_0__container__\" style=\"border: 0pt none;\"></div></div></div><h3 style=\"color: rgba(0, 0, 0, 0.95); font-variant-numeric: normal; font-variant-east-asian: normal; font-stretch: normal; font-size: 24px; line-height: 32px; font-family: Sophia, \"Helvetica Neue\", sans-serif; letter-spacing: 0.5px; margin-top: 32px; margin-bottom: 16px;\">Paint Pads</h3><div class=\"paragraph\" style=\"color: rgba(0, 0, 0, 0.95); font-family: Lora, serif; font-size: medium;\"><p style=\"font-variant-numeric: normal; font-variant-east-asian: normal; font-stretch: normal; font-size: 18px; line-height: 28px; letter-spacing: 0px; margin-bottom: 16px; max-width: 712px; overflow-wrap: anywhere;\">Skip these, unless you\'re using them to paint behind hard-to-reach areas like a toilet tank or radiator.</p></div><h3 style=\"color: rgba(0, 0, 0, 0.95); font-variant-numeric: normal; font-variant-east-asian: normal; font-stretch: normal; font-size: 24px; line-height: 32px; font-family: Sophia, \"Helvetica Neue\", sans-serif; letter-spacing: 0.5px; margin-top: 32px; margin-bottom: 16px;\">Fillable Paint Products</h3><div class=\"paragraph\" style=\"color: rgba(0, 0, 0, 0.95); font-family: Lora, serif; font-size: medium;\"><p style=\"font-variant-numeric: normal; font-variant-east-asian: normal; font-stretch: normal; font-size: 18px; line-height: 28px; letter-spacing: 0px; margin-bottom: 16px; max-width: 712px; overflow-wrap: anywhere;\">\"Any gadget that sucks paint up into its handle is a nightmare to use and to clean. In the time it takes to refill it, you could already be painting,\" says Manfredini. The exception here is the touch-up tool that Manfredini recommended specifically.</p></div>'),
(2, 2, 'en', 'Advanced microscope', 'A microscope is a laboratory instrument used to examine objects that are too small to be seen by the naked eye.', 'There are many types of microscopes, and they may be grouped in different ways. One way is to describe the method an instrument uses to interact with a sample and produce images, either by sending a beam of light or electrons through a sample in its optical path, by detecting photon emissions from a sample, or by scanning across and a short distance from the surface of a sample using a probe.', '<p>This OMAX binocular biological compound microscope offers six magnifications between 40X and 2500X.  The lab microscope comes with a 45 inclined 360 swiveling binocular sliding viewing head, two pairs of widefield eyepieces with an adjustable diopter on oculars, four achromatic objectives, stain-resistant double layer mechanical stage with scales, coarse and fine focusing on both sides, NA 1.25 Abbe condenser with iris diaphragm and variable intensity LED transmitted illumination system.  This type of microscope is perfect for home school, teaching, demonstration, clinical examination, laboratories, and advanced applications. It is easy to mount an electronic eyepiece (digital microscope camera) for capturing images and live video on a computer.  It can also be added a darkfield condenser to switch a brightfield microscope to a darkfield microscope.</p><p><br></p>'),
(4, 4, 'en', 'ChatGPT for UI/UX Design E-book', 'Sherlock Holmes is a fictional detective created by British author Sir Arthur Conan Doyle.', 'Sherlock Holmes is a fictional detective created by British author Sir Arthur Conan Doyle. Referring to himself as a \"consulting detective\" in the stories, Holmes is known for his proficiency with observation, deduction, forensic science and logical reasoning that borders on the fantastic, which he employs when investigating cases for a wide variety of clients, including Scotland Yard.', '<p><font color=\"#202122\" face=\"sans-serif\"><span style=\"font-size: 14px;\">Though not the first fictional detective, Sherlock Holmes is arguably the best known.[1] By the 1990s there were already over 25,000 stage adaptations, films, television productions and publications featuring the detective,[2] and Guinness World Records lists him as the most portrayed literary human character in film and television history.[3] Holmes\'s popularity and fame are such that many have believed him to be not a fictional character but a real individual;[4][5][6] numerous literary and fan societies have been founded on this pretence. Avid readers of the Holmes stories helped create the modern practice of fandom.[7] The character and stories have had a profound and lasting effect on mystery writing and popular culture as a whole, with the original tales as well as thousands written by authors other than Conan Doyle being adapted into stage and radio plays, television, films, video games, and other media for over one hundred years.</span></font><br></p>'),
(5, 5, 'en', 'Business Software', 'Business software is any software or set of computer programs used by business users to perform various business functions.', 'Business software is any software or set of computer programs used by business users to perform various business functions.', '<p>Business software (or a business application) is any software or set of computer programs used by business users to perform various business functions. These business applications are used to increase productivity, measure productivity, and perform other business functions accurately.</p><p>Much business software is developed to meet the needs of a specific business, and therefore is not easily transferable to a different business environment, unless its nature and operation are identical. Due to the unique requirements of each business, off-the-shelf software is unlikely to completely address a company\'s needs. However, where an on-the-shelf solution is necessary, due to time or monetary considerations, some level of customization is likely to be required. Exceptions do exist, depending on the business in question, and thorough research is always required before committing to bespoke or off-the-shelf solutions.</p><p><br></p><p>Some business applications are interactive, i.e., they have a graphical user interface or user interface and users can query/modify/input data and view results instantaneously. They can also run reports instantaneously. Some business applications run in batch mode: they are set up to run based on a predetermined event/time and a business user does not need to initiate them or monitor them.</p><p><br></p><p>Some business applications are built in-house and some are bought from vendors (off-the-shelf software products). These business applications are installed on either desktops or big servers. Prior to the introduction of COBOL (a universal compiler) in 1965, businesses developed their own unique machine language. RCA\'s language consisted of a 12-position instruction. For example, to read a record into memory, the first two digits would be the instruction (action) code. The next four positions of the instruction (an \'A\' address) would be the exact leftmost memory location where you want the readable character to be placed. Four positions (a \'B\' address) of the instruction would note the very rightmost memory location where you want the last character of the record to be located. A two-digit \'B\' address also allows a modification of any instruction. Instruction codes and memory designations excluded the use of 8\'s or 9\'s. The first RCA business application was implemented in 1962 on a 4k RCA 301. The RCA 301, mid-frame 501, and large frame 601 began their marketing in early 1960.</p><p><br></p><p>Many kinds of users are found within the business environment, and can be categorized by using a small, medium, and large matrix:</p><p><br></p><p>The small business market generally consists of home accounting software, and office suites such as LibreOffice, Microsoft Office or Google Workspace (formerly G Suite and Google Apps for Work).</p><p>The medium size, or small and medium-sized enterprise (SME), has a broader range of software applications, ranging from accounting, groupware, customer relationship management, human resource management systems, outsourcing relationship management, loan origination software, shopping cart software, field service software, and other productivity-enhancing applications.</p><p>The last segment covers enterprise level software applications, such as those in the fields of enterprise resource planning, enterprise content management (ECM), business process management (BPM) and product lifecycle management. These applications are extensive in scope and often come with modules that either add native functions or incorporate the functionality of third-party computer programs.</p><p>Technologies that previously only existed in peer-to-peer software applications, like Kazaa and Napster, are starting to appear within business applications.</p>'),
(6, 6, 'en', 'Practical UI/UX Playbook E-book', 'The #1 New York Times bestselling worldwide sensation with more than 12 million copies sold', 'SOON TO BE A MAJOR MOTION PICTURE—The #1 New York Times bestselling worldwide sensation with more than 12 million copies sold, hailed by The New York Times Book Review as “a painfully beautiful first novel that is at once a murder mystery, a coming-of-age narrative and a celebration of nature.”\r\n\r\nFor years, rumors of the “Marsh Girl” have haunted Barkley Cove, a quiet town on the North Carolina coast. So in late 1969, when handsome Chase Andrews is found dead, the locals immediately suspect Kya Clark, the so-called Marsh Girl. But Kya is not what they say. Sensitive and intelligent, she has survived for years alone in the marsh that she calls home, finding friends in the gulls and lessons in the sand. Then the time comes when she yearns to be touched and loved. When two young men from town become intrigued by her wild beauty, Kya opens herself to a new life—until the unthinkable happens.\r\n\r\nWhere the Crawdads Sing is at once an exquisite ode to the natural world, a heartbreaking coming-of-age story, and a surprising tale of possible murder. Owens reminds us that we are forever shaped by the children we once were and that we are all subject to the beautiful and violent secrets that nature keeps.', '<div>“A painfully beautiful first novel that is at once a murder mystery, a coming-of-age narrative and a celebration of nature....Owens here surveys the desolate marshlands of the North Carolina coast through the eyes of an abandoned child. And in her isolation that child makes us open our own eyes to the secret wonders—and dangers—of her private world.”—The New York Times Book Review</div><div><br></div><div>“Steeped in the rhythms and shadows of the coastal marshes of North Carolina’s Outer Banks, this fierce and hauntingly beautiful novel centers on...Kya’s heartbreaking story of learning to trust human connections, intertwine[d] with a gripping murder mystery, revealing savage truths. An astonishing debut.”—People</div><div><br></div><div>“This lush mystery is perfect for fans of Barbara Kingsolver.”—Bustle</div><div><br></div><div>“A lush debut novel, Owens delivers her mystery wrapped in gorgeous, lyrical prose. It’s clear she’s from this place—the land of the southern coasts, but also the emotional terrain—you can feel it in the pages.  A magnificent achievement, ambitious, credible and very timely.”—Alexandra Fuller, New York Times bestselling author of Don’t Let’s Go to the Dogs Tonight</div><div><br></div><div>“Heart-wrenching...A fresh exploration of isolation and nature from a female perspective along with a compelling love story.”—Entertainment Weekly</div><div><br></div><div>“This wonderful novel has a bit of everything—mystery, romance, and fascinating characters, all told in a story that takes place in North Carolina.”—Nicholas Sparks, New York Times bestselling author of Every Breath</div><div><br></div><div>“Delia Owen’s gorgeous novel is both a coming-of-age tale and an engrossing whodunit.”—Real Simple</div><div><br></div><div>“Evocative...Kya makes for an unforgettable heroine.”—Publishers Weekly</div><div><br></div><div>“The New Southern novel...A lyrical debut.”—Southern Living</div><div><br></div><div>“A nature-infused romance with a killer twist.”—Refinery29</div><div><br></div><div>“Anyone who liked The Great Alone will want to read Where the Crawdads Sing....This astonishing debut is a beautiful and haunting novel that packs a powerful punch. It’s the first novel in a long time that made me cry.”—Kristin Hannah, author ofThe Great AloneandThe Nightingale</div><div><br></div><div>“Both a coming-of-age story and a mysterious account of a murder investigation told from the perspective of a young girl...Through Kya’s story, Owens explores how isolation affects human behavior, and the deep effect that rejection can have on our lives.”—Vanity Fair</div><div><br></div><div>“Lyrical...Its appeal ris[es] from Kya’s deep connection to the place where makes her home, and to all of its creatures.”—Booklist</div><div><br></div><div>“This beautiful, evocative novel is likely to stay with you for many days afterward....absorbing.”—AARP </div><div><br></div><div>“This haunting tale captivates every bit as much for its crime drama elements as for the humanity at its core.” —Mystery & Suspense Magazine</div><div><br></div><div>“Compelling, original...A mystery, a courtroom drama, a romance and a coming-of-age story, Where the Crawdads Sing is a moving, beautiful tale. Readers will remember Kya for a long, long time.”—ShelfAwareness</div><div><br></div><div>“With prose luminous as a low-country moon, Owens weaves a compelling tale of a forgotten girl in the unforgiving coastal marshes of North Carolina. It is a murder mystery/love story/courtroom drama that readers will love, but the novel delves so much deeper into the bone and sinew of our very nature, asking often unanswerable questions, old and intractable as the marsh itself. A stunning debut!”—Christopher Scotton, author of The Secret Wisdom of the Earth</div><div><br></div><div>“A compelling mystery with prose so luminous it can cut through the murkiest of pluff mud.”—Augusta Chronicle</div><div><br></div><div>“Carries the rhythm of an old time ballad. It is clear Owens knows this land intimately, from the black mud sucking at footsteps to the taste of saltwater and the cry of seagulls.”—David Joy, author of The Line That Held Us</div>'),
(9, 9, 'en', 'How to Do a Website UX Audit E-book', 'Implement methods associated with objects as per the latest ECMAScript specification', 'You Will Learn: Implement methods associated with objects as per the latest ECMAScript specification, and use the latest features of ECMAScript', '<p>About This BookGrasp the latest features of ECMAScript and the best way to use it in production codeLearn newly added native APIs to JS Engine and perform tasks efficiently with a cleaner code baseUnderstand the more complex sides of JavaScript such as the inheritance model, low-level memory management, multithreaded environments, and web workersWho This Book Is ForThis book is for web developers who have some basic programming knowledge and want to learn to write cleaner code with the power of ECMAScript.</p>');

-- --------------------------------------------------------

--
-- Table structure for table `promotions`
--

CREATE TABLE `promotions` (
  `id` int(10) UNSIGNED NOT NULL,
  `days` int(10) UNSIGNED NOT NULL,
  `price` double(15,2) UNSIGNED NOT NULL,
  `icon` varchar(255) NOT NULL,
  `is_popular` tinyint(1) NOT NULL DEFAULT 0,
  `created_at` int(10) UNSIGNED NOT NULL
) ENGINE=InnoDB DEFAULT CHARSET=utf8mb4 COLLATE=utf8mb4_unicode_ci ROW_FORMAT=DYNAMIC;

--
-- Dumping data for table `promotions`
--

INSERT INTO `promotions` (`id`, `days`, `price`, `icon`, `is_popular`, `created_at`) VALUES
(2, 15, 150.00, '/store/1/default_images/subscribe_packages/subscribe_icon_3.svg', 1, 1749393151),
(3, 15, 50.00, '/store/1/default_images/subscribe_packages/subscribe_icon_1.svg', 0, 1749393126),
(4, 15, 90.00, '/store/1/default_images/subscribe_packages/subscribe_icon_2.svg', 0, 1749393138);

-- --------------------------------------------------------

--
-- Table structure for table `promotion_translations`
--

CREATE TABLE `promotion_translations` (
  `id` bigint(20) UNSIGNED NOT NULL,
  `promotion_id` int(10) UNSIGNED NOT NULL,
  `locale` varchar(255) NOT NULL,
  `title` varchar(255) NOT NULL,
  `description` text NOT NULL
) ENGINE=InnoDB DEFAULT CHARSET=utf8mb4 COLLATE=utf8mb4_unicode_ci;

--
-- Dumping data for table `promotion_translations`
--

INSERT INTO `promotion_translations` (`id`, `promotion_id`, `locale`, `title`, `description`) VALUES
(1, 2, 'en', 'Gold', 'One of your classes will be displayed at the top of the category list and homepage slider'),
(2, 3, 'en', 'Bronze', 'One of your classes will be displayed at the top of the category list'),
(3, 4, 'en', 'Silver', 'One of your classes will be displayed at the homepage slider'),
(4, 2, 'es', 'Oro', 'Una de sus clases se mostrará en la parte superior de la lista de categorías y el control deslizante de la página de inicio.'),
(5, 2, 'ar', 'ذهب', 'سيتم عرض أحد فصولك الدراسية في أعلى قائمة الفئات وشريط تمرير الصفحة الرئيسية'),
(6, 4, 'ar', 'فضة', 'سيتم عرض إحدى فصولك الدراسية في شريط تمرير الصفحة الرئيسية'),
(7, 4, 'es', 'Plata', 'Una de sus clases se mostrará en el control deslizante de la página de inicio.'),
(8, 3, 'ar', 'برونزية', 'سيتم عرض أحد فصولك في أعلى قائمة الفئات'),
(9, 3, 'es', 'Bronce', 'Una de sus clases se mostrará en la parte superior de la lista de categorías.');

-- --------------------------------------------------------

--
-- Table structure for table `purchases`
--

CREATE TABLE `purchases` (
  `id` int(10) UNSIGNED NOT NULL,
  `webinar_id` int(10) UNSIGNED NOT NULL,
  `user_id` int(10) UNSIGNED NOT NULL,
  `created_at` int(11) NOT NULL
) ENGINE=InnoDB DEFAULT CHARSET=utf8mb4 COLLATE=utf8mb4_unicode_ci ROW_FORMAT=DYNAMIC;

-- --------------------------------------------------------

--
-- Table structure for table `purchase_code`
--

CREATE TABLE `purchase_code` (
  `id` bigint(20) UNSIGNED NOT NULL,
  `code` varchar(255) DEFAULT NULL,
  `product_type` varchar(255) NOT NULL DEFAULT 'main',
  `license_type` varchar(50) DEFAULT NULL,
  `created_at` timestamp NULL DEFAULT NULL,
  `updated_at` timestamp NULL DEFAULT NULL
) ENGINE=InnoDB DEFAULT CHARSET=utf8mb4 COLLATE=utf8mb4_unicode_ci;

-- --------------------------------------------------------

--
-- Table structure for table `purchase_notifications`
--

CREATE TABLE `purchase_notifications` (
  `id` int(10) UNSIGNED NOT NULL,
  `start_at` bigint(20) DEFAULT NULL,
  `end_at` bigint(20) DEFAULT NULL,
  `popup_duration` int(10) UNSIGNED DEFAULT NULL,
  `popup_delay` int(10) UNSIGNED DEFAULT NULL,
  `maximum_purchase_amount` int(10) UNSIGNED DEFAULT NULL,
  `maximum_community_age` int(10) UNSIGNED DEFAULT NULL,
  `display_type` enum('overall','per_session') NOT NULL,
  `display_time` int(10) UNSIGNED DEFAULT NULL,
  `display_for_logged_out_users` tinyint(1) NOT NULL DEFAULT 0,
  `enable` tinyint(1) NOT NULL DEFAULT 0,
  `created_at` bigint(20) NOT NULL
) ENGINE=InnoDB DEFAULT CHARSET=utf8mb4 COLLATE=utf8mb4_general_ci;

--
-- Dumping data for table `purchase_notifications`
--

INSERT INTO `purchase_notifications` (`id`, `start_at`, `end_at`, `popup_duration`, `popup_delay`, `maximum_purchase_amount`, `maximum_community_age`, `display_type`, `display_time`, `display_for_logged_out_users`, `enable`, `created_at`) VALUES
(1, 1709269200, 1868673600, 10, 30, NULL, NULL, 'per_session', 1, 1, 0, 1709375811);

-- --------------------------------------------------------

--
-- Table structure for table `purchase_notification_histories`
--

CREATE TABLE `purchase_notification_histories` (
  `id` int(10) UNSIGNED NOT NULL,
  `user_id` int(10) UNSIGNED NOT NULL,
  `purchase_notification_id` int(10) UNSIGNED NOT NULL,
  `display_type` enum('overall','per_session') NOT NULL,
  `count_view` int(10) UNSIGNED NOT NULL DEFAULT 0,
  `session_ended` tinyint(1) NOT NULL DEFAULT 0 COMMENT 'Get True After the user login, we update all the per_session records'
) ENGINE=InnoDB DEFAULT CHARSET=utf8mb4 COLLATE=utf8mb4_general_ci;

--
-- Dumping data for table `purchase_notification_histories`
--

INSERT INTO `purchase_notification_histories` (`id`, `user_id`, `purchase_notification_id`, `display_type`, `count_view`, `session_ended`) VALUES
(1, 996, 1, 'per_session', 34, 0),
(2, 995, 1, 'per_session', 26, 0),
(3, 1015, 1, 'per_session', 4, 0);

-- --------------------------------------------------------

--
-- Table structure for table `purchase_notification_roles_groups_contents`
--

CREATE TABLE `purchase_notification_roles_groups_contents` (
  `id` int(10) UNSIGNED NOT NULL,
  `purchase_notification_id` int(10) UNSIGNED NOT NULL,
  `role_id` int(10) UNSIGNED DEFAULT NULL,
  `group_id` int(10) UNSIGNED DEFAULT NULL,
  `webinar_id` int(10) UNSIGNED DEFAULT NULL,
  `bundle_id` int(10) UNSIGNED DEFAULT NULL,
  `product_id` int(10) UNSIGNED DEFAULT NULL
) ENGINE=InnoDB DEFAULT CHARSET=utf8mb4 COLLATE=utf8mb4_general_ci;

--
-- Dumping data for table `purchase_notification_roles_groups_contents`
--

INSERT INTO `purchase_notification_roles_groups_contents` (`id`, `purchase_notification_id`, `role_id`, `group_id`, `webinar_id`, `bundle_id`, `product_id`) VALUES
(127, 1, 1, NULL, NULL, NULL, NULL),
(128, 1, 3, NULL, NULL, NULL, NULL),
(129, 1, 4, NULL, NULL, NULL, NULL),
(130, 1, NULL, NULL, 2009, NULL, NULL),
(131, 1, NULL, NULL, 2008, NULL, NULL),
(132, 1, NULL, NULL, 2004, NULL, NULL),
(133, 1, NULL, NULL, 2006, NULL, NULL),
(134, 1, NULL, NULL, 2005, NULL, NULL),
(135, 1, NULL, NULL, NULL, 2, NULL);

-- --------------------------------------------------------

--
-- Table structure for table `purchase_notification_translations`
--

CREATE TABLE `purchase_notification_translations` (
  `id` int(10) UNSIGNED NOT NULL,
  `purchase_notification_id` int(10) UNSIGNED NOT NULL,
  `locale` varchar(191) NOT NULL,
  `title` varchar(255) NOT NULL,
  `popup_title` varchar(255) NOT NULL,
  `popup_subtitle` varchar(255) NOT NULL,
  `users` text NOT NULL,
  `times` text NOT NULL
) ENGINE=InnoDB DEFAULT CHARSET=utf8mb4 COLLATE=utf8mb4_general_ci;

--
-- Dumping data for table `purchase_notification_translations`
--

INSERT INTO `purchase_notification_translations` (`id`, `purchase_notification_id`, `locale`, `title`, `popup_title`, `popup_subtitle`, `users`, `times`) VALUES
(1, 1, 'en', 'Test Sales Pop-up', '[user] has Purchased', '[user] purchase [content] for [price]', 'Jack Anderson, Cameron Schofield,Jade Harrison,Jessica Wray,James Kong', '10 mins ago,25 mins ago,1 hrs ago,5 mins ago,30 mins ago,2 hrs ago,2 mins ago,45 mins ago');

-- --------------------------------------------------------

--
-- Table structure for table `quizzes`
--

CREATE TABLE `quizzes` (
  `id` int(10) UNSIGNED NOT NULL,
  `webinar_id` int(10) UNSIGNED DEFAULT NULL,
  `creator_id` int(10) UNSIGNED NOT NULL,
  `chapter_id` int(10) UNSIGNED DEFAULT NULL,
  `time` int(11) DEFAULT 0,
  `attempt` int(11) DEFAULT NULL,
  `pass_mark` int(11) NOT NULL,
  `certificate` tinyint(1) NOT NULL,
  `status` enum('active','inactive') NOT NULL,
  `total_mark` int(10) UNSIGNED DEFAULT NULL,
  `display_limited_questions` tinyint(1) NOT NULL DEFAULT 0,
  `display_number_of_questions` int(10) UNSIGNED DEFAULT NULL,
  `display_questions_randomly` tinyint(1) NOT NULL DEFAULT 0,
  `expiry_days` int(10) UNSIGNED DEFAULT NULL,
  `icon` varchar(255) DEFAULT NULL,
  `created_at` int(11) NOT NULL,
  `updated_at` int(11) DEFAULT NULL
) ENGINE=InnoDB DEFAULT CHARSET=utf8mb4 COLLATE=utf8mb4_unicode_ci ROW_FORMAT=DYNAMIC;

--
-- Dumping data for table `quizzes`
--

INSERT INTO `quizzes` (`id`, `webinar_id`, `creator_id`, `chapter_id`, `time`, `attempt`, `pass_mark`, `certificate`, `status`, `total_mark`, `display_limited_questions`, `display_number_of_questions`, `display_questions_randomly`, `expiry_days`, `icon`, `created_at`, `updated_at`) VALUES
(28, 1995, 1016, 4, 5, 10, 70, 1, 'active', 100, 0, NULL, 0, NULL, '/store/1/default_images/courses/quiz_icons/quiz_icon7.svg', 1624872015, 1751704110),
(30, 1999, 929, 9, 20, 5, 60, 1, 'active', 100, 0, NULL, 0, NULL, '/store/1/default_images/courses/quiz_icons/quiz_icon6.svg', 1625039490, 1751704103),
(31, 2001, 3, 16, 5, 10, 70, 1, 'active', 100, 0, NULL, 0, NULL, '/store/1/default_images/courses/quiz_icons/quiz_icon5.svg', 1625079329, 1751704097),
(32, 2003, 3, 13, 10, 3, 60, 1, 'active', 100, 0, NULL, 0, NULL, '/store/1/default_images/courses/quiz_icons/quiz_icon4.svg', 1625950930, 1751704090),
(33, 1998, 1015, 20, 10, 4, 60, 1, 'active', 100, 0, NULL, 0, NULL, '/store/1/default_images/courses/quiz_icons/quiz_icon3.svg', 1625951048, 1751704084),
(34, 1996, 1015, 22, 5, 3, 70, 1, 'active', 100, 0, NULL, 0, NULL, '/store/1/default_images/courses/quiz_icons/quiz_icon2.svg', 1625951477, 1751704077),
(35, 2008, 1015, 34, 10, 3, 75, 1, 'active', 100, 0, NULL, 0, NULL, '/store/1/default_images/courses/quiz_icons/quiz_icon1.svg', 1646173391, 1751704049);

-- --------------------------------------------------------

--
-- Table structure for table `quizzes_questions`
--

CREATE TABLE `quizzes_questions` (
  `id` int(10) UNSIGNED NOT NULL,
  `quiz_id` int(10) UNSIGNED NOT NULL,
  `creator_id` int(10) UNSIGNED NOT NULL,
  `grade` varchar(255) NOT NULL,
  `negative_grade` int(11) DEFAULT NULL,
  `type` enum('multiple','descriptive') NOT NULL,
  `image` text DEFAULT NULL,
  `video` text DEFAULT NULL,
  `order` int(10) UNSIGNED DEFAULT NULL,
  `created_at` int(11) NOT NULL,
  `updated_at` int(11) DEFAULT NULL
) ENGINE=InnoDB DEFAULT CHARSET=utf8mb4 COLLATE=utf8mb4_unicode_ci ROW_FORMAT=DYNAMIC;

--
-- Dumping data for table `quizzes_questions`
--

INSERT INTO `quizzes_questions` (`id`, `quiz_id`, `creator_id`, `grade`, `negative_grade`, `type`, `image`, `video`, `order`, `created_at`, `updated_at`) VALUES
(40, 28, 1016, '20', NULL, 'multiple', NULL, NULL, NULL, 1624872142, NULL),
(41, 28, 1016, '20', NULL, 'multiple', NULL, NULL, NULL, 1624872345, NULL),
(42, 28, 1016, '20', NULL, 'multiple', NULL, NULL, NULL, 1624872432, NULL),
(44, 28, 1016, '20', NULL, 'multiple', NULL, NULL, NULL, 1624909419, NULL),
(45, 28, 1016, '20', NULL, 'multiple', NULL, NULL, NULL, 1624909495, 1624909533),
(46, 30, 929, '20', NULL, 'multiple', NULL, NULL, NULL, 1625039743, NULL),
(47, 30, 929, '20', NULL, 'descriptive', NULL, NULL, NULL, 1625040028, 1625040475),
(48, 30, 929, '20', NULL, 'descriptive', NULL, NULL, NULL, 1625040598, NULL),
(49, 30, 929, '20', NULL, 'descriptive', NULL, NULL, NULL, 1625040865, NULL),
(50, 30, 929, '20', NULL, 'multiple', NULL, NULL, NULL, 1625040978, NULL),
(51, 31, 3, '20', NULL, 'multiple', NULL, NULL, NULL, 1625086333, NULL),
(52, 31, 3, '20', NULL, 'multiple', NULL, NULL, NULL, 1625086927, NULL),
(53, 31, 3, '20', NULL, 'multiple', NULL, NULL, NULL, 1625088072, NULL),
(54, 31, 3, '20', NULL, 'multiple', NULL, NULL, NULL, 1625733114, NULL),
(55, 31, 3, '20', NULL, 'multiple', NULL, NULL, NULL, 1625733218, NULL),
(56, 33, 1015, '20', NULL, 'multiple', NULL, NULL, NULL, 1625951156, NULL),
(57, 33, 1015, '20', NULL, 'multiple', NULL, NULL, NULL, 1625951217, NULL),
(58, 33, 1015, '20', NULL, 'multiple', NULL, NULL, NULL, 1625951303, NULL),
(59, 33, 1015, '20', NULL, 'multiple', NULL, NULL, NULL, 1625951366, NULL),
(60, 33, 1015, '20', NULL, 'multiple', NULL, NULL, NULL, 1625951427, NULL),
(61, 34, 1015, '20', NULL, 'multiple', NULL, NULL, NULL, 1625951934, 1625951971),
(62, 34, 1015, '20', NULL, 'multiple', NULL, NULL, NULL, 1625952052, NULL),
(63, 34, 1015, '20', NULL, 'multiple', NULL, NULL, NULL, 1625952097, NULL),
(64, 34, 1015, '20', NULL, 'multiple', NULL, NULL, NULL, 1625952140, NULL),
(65, 34, 1015, '20', NULL, 'descriptive', NULL, NULL, NULL, 1625952278, NULL),
(66, 32, 3, '20', NULL, 'multiple', NULL, NULL, NULL, 1626061979, NULL),
(67, 32, 3, '20', NULL, 'multiple', NULL, NULL, NULL, 1626062031, NULL),
(68, 32, 3, '20', NULL, 'multiple', NULL, NULL, NULL, 1626062079, NULL),
(69, 32, 3, '20', NULL, 'multiple', NULL, NULL, NULL, 1626062130, NULL),
(70, 32, 3, '20', NULL, 'multiple', NULL, NULL, NULL, 1626062181, NULL),
(71, 35, 1015, '20', NULL, 'multiple', NULL, NULL, NULL, 1646173476, NULL),
(72, 35, 1015, '20', NULL, 'multiple', NULL, NULL, NULL, 1646173553, NULL),
(73, 35, 1015, '20', NULL, 'multiple', NULL, NULL, NULL, 1646173606, NULL),
(74, 35, 1015, '20', NULL, 'multiple', NULL, NULL, NULL, 1646173664, NULL),
(75, 35, 1015, '10', NULL, 'multiple', NULL, NULL, NULL, 1646173719, 1656191827),
(76, 35, 1015, '10', NULL, 'multiple', NULL, '/store/1015/Learn Linux In 5 Days.mp4', NULL, 1656191784, NULL);

-- --------------------------------------------------------

--
-- Table structure for table `quizzes_questions_answers`
--

CREATE TABLE `quizzes_questions_answers` (
  `id` int(10) UNSIGNED NOT NULL,
  `creator_id` int(10) UNSIGNED NOT NULL,
  `question_id` int(10) UNSIGNED NOT NULL,
  `image` text DEFAULT NULL,
  `correct` tinyint(1) NOT NULL DEFAULT 0,
  `created_at` int(11) NOT NULL,
  `updated_at` int(11) DEFAULT NULL
) ENGINE=InnoDB DEFAULT CHARSET=utf8mb4 COLLATE=utf8mb4_unicode_ci ROW_FORMAT=DYNAMIC;

--
-- Dumping data for table `quizzes_questions_answers`
--

INSERT INTO `quizzes_questions_answers` (`id`, `creator_id`, `question_id`, `image`, `correct`, `created_at`, `updated_at`) VALUES
(83, 1016, 40, NULL, 1, 1624872142, NULL),
(84, 1016, 40, NULL, 0, 1624872142, NULL),
(85, 1016, 40, NULL, 0, 1624872142, NULL),
(86, 1016, 40, NULL, 0, 1624872142, NULL),
(87, 1016, 41, NULL, 0, 1624872345, NULL),
(88, 1016, 41, NULL, 0, 1624872345, NULL),
(89, 1016, 41, NULL, 1, 1624872345, NULL),
(90, 1016, 41, NULL, 0, 1624872345, NULL),
(91, 1016, 42, NULL, 0, 1624872432, NULL),
(92, 1016, 42, NULL, 1, 1624872432, NULL),
(93, 1016, 42, NULL, 0, 1624872432, NULL),
(94, 1016, 42, NULL, 0, 1624872432, NULL),
(99, 1016, 44, NULL, 0, 1624909419, NULL),
(100, 1016, 44, NULL, 0, 1624909419, NULL),
(101, 1016, 44, NULL, 0, 1624909419, NULL),
(102, 1016, 44, NULL, 1, 1624909419, NULL),
(103, 1016, 45, NULL, 1, 1624909533, NULL),
(104, 1016, 45, NULL, 0, 1624909533, NULL),
(105, 1016, 45, NULL, 0, 1624909533, NULL),
(106, 1016, 45, NULL, 0, 1624909533, NULL),
(107, 929, 46, NULL, 1, 1625039743, NULL),
(108, 929, 46, NULL, 0, 1625039743, NULL),
(109, 929, 46, NULL, 0, 1625039743, NULL),
(110, 929, 46, NULL, 0, 1625039743, NULL),
(111, 929, 50, NULL, 0, 1625040978, NULL),
(112, 929, 50, NULL, 1, 1625040978, NULL),
(113, 929, 50, NULL, 0, 1625040978, NULL),
(114, 929, 50, NULL, 0, 1625040978, NULL),
(115, 3, 51, '/store/3/quiz/q1 (4).jpg', 0, 1625086333, NULL),
(116, 3, 51, '/store/3/quiz/q1 (1).jpg', 1, 1625086333, NULL),
(117, 3, 51, '/store/3/quiz/q1 (3).jpg', 0, 1625086333, NULL),
(118, 3, 51, '/store/3/quiz/q1 (2).jpg', 0, 1625086333, NULL),
(119, 3, 52, '/store/3/quiz/q2 (4).jpg', 0, 1625086927, NULL),
(120, 3, 52, '/store/3/quiz/q2 (3).jpg', 0, 1625086927, NULL),
(121, 3, 52, '/store/3/quiz/q2 (2).jpg', 0, 1625086927, NULL),
(122, 3, 52, '/store/3/quiz/q2 (1).jpg', 1, 1625086927, NULL),
(123, 3, 53, '/store/3/quiz/q3 (1).jpg', 1, 1625088072, NULL),
(124, 3, 53, '/store/3/quiz/q3 (2).jpg', 0, 1625088072, NULL),
(125, 3, 53, '/store/3/quiz/q3 (3).jpg', 0, 1625088072, NULL),
(126, 3, 53, '/store/3/quiz/q3 (4).jpg', 0, 1625088072, NULL),
(127, 3, 54, '/store/3/quiz/q4 (1).jpg', 0, 1625733114, NULL),
(128, 3, 54, '/store/3/quiz/q4 (2).jpg', 0, 1625733114, NULL),
(129, 3, 54, '/store/3/quiz/q4 (3).jpg', 1, 1625733114, NULL),
(130, 3, 54, '/store/3/quiz/q4 (4).jpg', 0, 1625733114, NULL),
(131, 3, 55, '/store/3/quiz/q5 (1).jpg', 0, 1625733218, NULL),
(132, 3, 55, '/store/3/quiz/q5 (2).jpg', 1, 1625733218, NULL),
(133, 3, 55, '/store/3/quiz/q5 (3).jpg', 0, 1625733218, NULL),
(134, 3, 55, '/store/3/quiz/q5 (4).jpg', 0, 1625733218, NULL),
(135, 1015, 56, '/store/1015/quiz/q1 (1).jpg', 1, 1625951156, NULL),
(136, 1015, 56, '/store/1015/quiz/q1 (2).jpg', 0, 1625951156, NULL),
(137, 1015, 56, '/store/1015/quiz/q1 (3).jpg', 0, 1625951156, NULL),
(138, 1015, 56, '/store/1015/quiz/q1 (4).jpg', 0, 1625951156, NULL),
(139, 1015, 57, '/store/1015/quiz/q2 (1).jpg', 1, 1625951217, NULL),
(140, 1015, 57, '/store/1015/quiz/q2 (2).jpg', 0, 1625951217, NULL),
(141, 1015, 57, '/store/1015/quiz/q2 (3).jpg', 0, 1625951217, NULL),
(142, 1015, 57, '/store/1015/quiz/q2 (4).jpg', 0, 1625951217, NULL),
(143, 1015, 58, '/store/1015/quiz/q3 (1).jpg', 1, 1625951303, NULL),
(144, 1015, 58, '/store/1015/quiz/q3 (2).jpg', 0, 1625951303, NULL),
(145, 1015, 58, '/store/1015/quiz/q3 (3).jpg', 0, 1625951303, NULL),
(146, 1015, 58, '/store/1015/quiz/q3 (4).jpg', 0, 1625951303, NULL),
(147, 1015, 59, '/store/1015/quiz/q4 (1).jpg', 0, 1625951366, NULL),
(148, 1015, 59, '/store/1015/quiz/q4 (2).jpg', 0, 1625951366, NULL),
(149, 1015, 59, '/store/1015/quiz/q4 (3).jpg', 1, 1625951366, NULL),
(150, 1015, 59, '/store/1015/quiz/q4 (4).jpg', 0, 1625951366, NULL),
(151, 1015, 60, '/store/1015/quiz/q5 (1).jpg', 0, 1625951427, NULL),
(152, 1015, 60, '/store/1015/quiz/q5 (2).jpg', 1, 1625951427, NULL),
(153, 1015, 60, '/store/1015/quiz/q5 (3).jpg', 0, 1625951427, NULL),
(154, 1015, 60, '/store/1015/quiz/q5 (4).jpg', 0, 1625951427, NULL),
(155, 1015, 61, NULL, 1, 1625951971, NULL),
(156, 1015, 61, NULL, 0, 1625951971, NULL),
(157, 1015, 61, NULL, 0, 1625951971, NULL),
(158, 1015, 61, NULL, 0, 1625951971, NULL),
(159, 1015, 62, NULL, 0, 1625952052, NULL),
(160, 1015, 62, NULL, 0, 1625952052, NULL),
(161, 1015, 62, NULL, 0, 1625952052, NULL),
(162, 1015, 62, NULL, 1, 1625952052, NULL),
(163, 1015, 63, NULL, 0, 1625952097, NULL),
(164, 1015, 63, NULL, 0, 1625952097, NULL),
(165, 1015, 63, NULL, 0, 1625952097, NULL),
(166, 1015, 63, NULL, 1, 1625952097, NULL),
(167, 1015, 64, NULL, 0, 1625952140, NULL),
(168, 1015, 64, NULL, 0, 1625952140, NULL),
(169, 1015, 64, NULL, 1, 1625952140, NULL),
(170, 1015, 64, NULL, 0, 1625952140, NULL),
(171, 3, 66, '/store/3/quiz/q1 (3).jpg', 0, 1626061979, NULL),
(172, 3, 66, '/store/3/quiz/q1 (2).jpg', 0, 1626061979, NULL),
(173, 3, 66, '/store/3/quiz/q1 (4).jpg', 0, 1626061979, NULL),
(174, 3, 66, '/store/3/quiz/q1 (1).jpg', 1, 1626061979, NULL),
(175, 3, 67, '/store/3/quiz/q2 (1).jpg', 1, 1626062031, NULL),
(176, 3, 67, '/store/3/quiz/q2 (2).jpg', 0, 1626062031, NULL),
(177, 3, 67, '/store/3/quiz/q2 (3).jpg', 0, 1626062031, NULL),
(178, 3, 67, '/store/3/quiz/q2 (4).jpg', 0, 1626062031, NULL),
(179, 3, 68, '/store/3/quiz/q3 (1).jpg', 1, 1626062079, NULL),
(180, 3, 68, '/store/3/quiz/q3 (2).jpg', 0, 1626062079, NULL),
(181, 3, 68, '/store/3/quiz/q3 (3).jpg', 0, 1626062079, NULL),
(182, 3, 68, '/store/3/quiz/q3 (4).jpg', 0, 1626062079, NULL),
(183, 3, 69, '/store/3/quiz/q4 (4).jpg', 0, 1626062130, NULL),
(184, 3, 69, '/store/3/quiz/q4 (2).jpg', 0, 1626062130, NULL),
(185, 3, 69, '/store/3/quiz/q4 (1).jpg', 0, 1626062130, NULL),
(186, 3, 69, '/store/3/quiz/q4 (3).jpg', 1, 1626062130, NULL),
(187, 3, 70, '/store/3/quiz/q5 (1).jpg', 0, 1626062181, NULL),
(188, 3, 70, '/store/3/quiz/q5 (2).jpg', 1, 1626062181, NULL),
(189, 3, 70, '/store/3/quiz/q5 (3).jpg', 0, 1626062181, NULL),
(190, 3, 70, '/store/3/quiz/q5 (4).jpg', 0, 1626062181, NULL),
(191, 1015, 71, '/store/1015/quiz/q1 (1).jpg', 1, 1646173476, NULL),
(192, 1015, 71, '/store/1015/quiz/q1 (2).jpg', 0, 1646173476, NULL),
(193, 1015, 71, '/store/1015/quiz/q1 (3).jpg', 0, 1646173476, NULL),
(194, 1015, 71, '/store/1015/quiz/q1 (4).jpg', 0, 1646173476, NULL),
(195, 1015, 72, '/store/1015/quiz/q2 (1).jpg', 1, 1646173553, NULL),
(196, 1015, 72, '/store/1015/quiz/q2 (2).jpg', 0, 1646173553, NULL),
(197, 1015, 72, '/store/1015/quiz/q2 (3).jpg', 0, 1646173553, NULL),
(198, 1015, 72, '/store/1015/quiz/q2 (4).jpg', 0, 1646173553, NULL),
(199, 1015, 73, '/store/1015/quiz/q3 (1).jpg', 1, 1646173606, NULL),
(200, 1015, 73, '/store/1015/quiz/q3 (2).jpg', 0, 1646173606, NULL),
(201, 1015, 73, '/store/1015/quiz/q3 (3).jpg', 0, 1646173606, NULL),
(202, 1015, 73, '/store/1015/quiz/q3 (4).jpg', 0, 1646173606, NULL),
(203, 1015, 74, '/store/1015/quiz/q4 (1).jpg', 0, 1646173664, NULL),
(204, 1015, 74, '/store/1015/quiz/q4 (2).jpg', 0, 1646173664, NULL),
(205, 1015, 74, '/store/1015/quiz/q4 (3).jpg', 1, 1646173664, NULL),
(206, 1015, 74, '/store/1015/quiz/q4 (4).jpg', 0, 1646173664, NULL),
(207, 1015, 75, '/store/1015/quiz/q5 (1).jpg', 0, 1656191827, NULL),
(208, 1015, 75, '/store/1015/quiz/q5 (2).jpg', 1, 1656191827, NULL),
(209, 1015, 75, '/store/1015/quiz/q5 (3).jpg', 0, 1656191827, NULL),
(210, 1015, 75, '/store/1015/quiz/q5 (4).jpg', 0, 1656191827, NULL),
(211, 1015, 76, NULL, 1, 1656191784, NULL),
(212, 1015, 76, NULL, 0, 1656191784, NULL),
(213, 1015, 76, NULL, 0, 1656191784, NULL),
(214, 1015, 76, NULL, 0, 1656191784, NULL);

-- --------------------------------------------------------

--
-- Table structure for table `quizzes_questions_answer_translations`
--

CREATE TABLE `quizzes_questions_answer_translations` (
  `id` bigint(20) UNSIGNED NOT NULL,
  `quizzes_questions_answer_id` int(10) UNSIGNED NOT NULL,
  `locale` varchar(255) NOT NULL,
  `title` text DEFAULT NULL
) ENGINE=InnoDB DEFAULT CHARSET=utf8mb4 COLLATE=utf8mb4_unicode_ci;

--
-- Dumping data for table `quizzes_questions_answer_translations`
--

INSERT INTO `quizzes_questions_answer_translations` (`id`, `quizzes_questions_answer_id`, `locale`, `title`) VALUES
(17, 83, 'en', 'Paris'),
(18, 84, 'en', 'Berlin'),
(19, 85, 'en', 'London'),
(20, 86, 'en', 'New York'),
(21, 87, 'en', 'Spring'),
(22, 88, 'en', 'Summer'),
(23, 89, 'en', 'Winter'),
(24, 90, 'en', 'autumn'),
(25, 91, 'en', '15'),
(26, 92, 'en', '12'),
(27, 93, 'en', '6'),
(28, 94, 'en', '3'),
(29, 99, 'en', '50 cm'),
(30, 100, 'en', '200 cm'),
(31, 101, 'en', '1000 cm'),
(32, 102, 'en', '100 cm'),
(33, 103, 'en', '1000'),
(34, 104, 'en', '100'),
(35, 105, 'en', '500'),
(36, 106, 'en', '10'),
(37, 107, 'en', '5'),
(38, 108, 'en', '2'),
(39, 109, 'en', '7'),
(40, 110, 'en', '9'),
(41, 111, 'en', '4'),
(42, 112, 'en', '6'),
(43, 113, 'en', '2'),
(44, 114, 'en', '5'),
(45, 115, 'en', NULL),
(46, 116, 'en', NULL),
(47, 117, 'en', NULL),
(48, 118, 'en', NULL),
(49, 119, 'en', NULL),
(50, 120, 'en', NULL),
(51, 121, 'en', NULL),
(52, 122, 'en', NULL),
(53, 123, 'en', NULL),
(54, 124, 'en', NULL),
(55, 125, 'en', NULL),
(56, 126, 'en', NULL),
(57, 127, 'en', NULL),
(58, 128, 'en', NULL),
(59, 129, 'en', NULL),
(60, 130, 'en', NULL),
(61, 131, 'en', NULL),
(62, 132, 'en', NULL),
(63, 133, 'en', NULL),
(64, 134, 'en', NULL),
(65, 135, 'en', NULL),
(66, 136, 'en', NULL),
(67, 137, 'en', NULL),
(68, 138, 'en', NULL),
(69, 139, 'en', NULL),
(70, 140, 'en', NULL),
(71, 141, 'en', NULL),
(72, 142, 'en', NULL),
(73, 143, 'en', NULL),
(74, 144, 'en', NULL),
(75, 145, 'en', NULL),
(76, 146, 'en', NULL),
(77, 147, 'en', NULL),
(78, 148, 'en', NULL),
(79, 149, 'en', NULL),
(80, 150, 'en', NULL),
(81, 151, 'en', NULL),
(82, 152, 'en', NULL),
(83, 153, 'en', NULL),
(84, 154, 'en', NULL),
(85, 155, 'en', 'Paris'),
(86, 156, 'en', 'Berlin'),
(87, 157, 'en', 'New York'),
(88, 158, 'en', 'London'),
(89, 159, 'en', '6'),
(90, 160, 'en', '3'),
(91, 161, 'en', '15'),
(92, 162, 'en', '12'),
(93, 163, 'en', '50'),
(94, 164, 'en', '1000'),
(95, 165, 'en', '10'),
(96, 166, 'en', '100'),
(97, 167, 'en', '100'),
(98, 168, 'en', '10'),
(99, 169, 'en', '1000'),
(100, 170, 'en', '500'),
(101, 171, 'en', NULL),
(102, 172, 'en', NULL),
(103, 173, 'en', NULL),
(104, 174, 'en', NULL),
(105, 175, 'en', NULL),
(106, 176, 'en', NULL),
(107, 177, 'en', NULL),
(108, 178, 'en', NULL),
(109, 179, 'en', NULL),
(110, 180, 'en', NULL),
(111, 181, 'en', NULL),
(112, 182, 'en', NULL),
(113, 183, 'en', NULL),
(114, 184, 'en', NULL),
(115, 185, 'en', NULL),
(116, 186, 'en', NULL),
(117, 187, 'en', NULL),
(118, 188, 'en', NULL),
(119, 189, 'en', NULL),
(120, 190, 'en', NULL),
(121, 191, 'en', NULL),
(122, 192, 'en', NULL),
(123, 193, 'en', NULL),
(124, 194, 'en', NULL),
(125, 195, 'en', NULL),
(126, 196, 'en', NULL),
(127, 197, 'en', NULL),
(128, 198, 'en', NULL),
(129, 199, 'en', NULL),
(130, 200, 'en', NULL),
(131, 201, 'en', NULL),
(132, 202, 'en', NULL),
(133, 203, 'en', NULL),
(134, 204, 'en', NULL),
(135, 205, 'en', NULL),
(136, 206, 'en', NULL),
(137, 207, 'en', NULL),
(138, 208, 'en', NULL),
(139, 209, 'en', NULL),
(140, 210, 'en', NULL),
(141, 211, 'en', 'Latest version of Linux was 15 in 2020'),
(142, 212, 'en', 'Latest version of Linux was 12 in 2019'),
(143, 213, 'en', 'Latest version of Linux was 13 in 2020'),
(144, 214, 'en', 'Latest version of Linux was 10 in 2019');

-- --------------------------------------------------------

--
-- Table structure for table `quizzes_results`
--

CREATE TABLE `quizzes_results` (
  `id` int(10) UNSIGNED NOT NULL,
  `quiz_id` int(10) UNSIGNED NOT NULL,
  `user_id` int(10) UNSIGNED NOT NULL,
  `results` text DEFAULT NULL,
  `user_grade` int(11) DEFAULT NULL,
  `status` enum('passed','failed','waiting') NOT NULL,
  `created_at` int(11) NOT NULL
) ENGINE=InnoDB DEFAULT CHARSET=utf8mb4 COLLATE=utf8mb4_unicode_ci ROW_FORMAT=DYNAMIC;

--
-- Dumping data for table `quizzes_results`
--

INSERT INTO `quizzes_results` (`id`, `quiz_id`, `user_id`, `results`, `user_grade`, `status`, `created_at`) VALUES
(24, 33, 995, '{\"56\":{\"answer\":\"135\",\"status\":true,\"grade\":\"20\"},\"57\":{\"answer\":\"142\",\"status\":false,\"grade\":\"20\"},\"58\":{\"answer\":\"145\",\"status\":false,\"grade\":\"20\"},\"59\":{\"answer\":\"148\",\"status\":false,\"grade\":\"20\"},\"60\":{\"answer\":\"152\",\"status\":true,\"grade\":\"20\"},\"attempt_number\":\"1\"}', 40, 'failed', 1625997180),
(25, 30, 995, '{\"46\":{\"answer\":\"107\",\"status\":true,\"grade\":\"20\"},\"47\":{\"answer\":\"Look for technologies that improve collaboration and enhance the meeting experience. Meeting attendees may be calling in from around the block\\u2014or around the world. Whatever the case, your goal is to make people feel like they are together in the same room.\",\"status\":false,\"grade\":\"20\"},\"48\":{\"answer\":\"Make sure people come to the meeting prepared. Yes, this will require effort beyond simply scheduling the call, but you\\u2019ll reap enormous benefits if you distribute agendas and other relevant materials to attendees ahead of time. Work smart and leverage technology to help you prep meeting content.\",\"status\":false,\"grade\":\"20\"},\"49\":{\"answer\":\"Preserve content so it doesn\'t need to be repeated. Many of our survey respondents reported that they have a huge problem with content persistence (meaning that they have trouble making sure that files, video, web pages, whiteboards, annotations, etc., exist after a meeting ends).\",\"status\":false,\"grade\":\"20\"},\"50\":{\"answer\":\"112\",\"status\":true,\"grade\":\"20\"},\"attempt_number\":\"1\"}', 40, 'waiting', 1625997328),
(28, 28, 995, '{\"40\":{\"answer\":\"83\",\"status\":true,\"grade\":\"20\"},\"41\":{\"answer\":\"89\",\"status\":true,\"grade\":\"20\"},\"42\":{\"answer\":\"92\",\"status\":true,\"grade\":\"20\"},\"44\":{\"answer\":\"102\",\"status\":true,\"grade\":\"20\"},\"45\":{\"answer\":\"104\",\"status\":false,\"grade\":\"20\"},\"attempt_number\":\"1\"}', 80, 'passed', 1626213083),
(29, 33, 996, '{\"56\":{\"answer\":\"135\",\"status\":true,\"grade\":\"20\"},\"57\":{\"answer\":\"142\",\"status\":false,\"grade\":\"20\"},\"58\":{\"answer\":\"143\",\"status\":true,\"grade\":\"20\"},\"59\":{\"answer\":\"149\",\"status\":true,\"grade\":\"20\"},\"60\":{\"answer\":\"152\",\"status\":true,\"grade\":\"20\"},\"attempt_number\":\"1\"}', 80, 'passed', 1626237574),
(30, 34, 979, '{\"61\":{\"answer\":\"155\",\"status\":true,\"grade\":\"20\"},\"62\":{\"answer\":\"162\",\"status\":true,\"grade\":\"20\"},\"63\":{\"answer\":\"166\",\"status\":true,\"grade\":\"20\"},\"64\":{\"answer\":\"169\",\"status\":true,\"grade\":\"20\"},\"65\":{\"answer\":\"Ubuntu is a Linux distribution based on Debian and composed mostly of free and open-source software. Ubuntu is officially released in three editions: Desktop, Server, and Core for Internet of things devices and robots. All the editions can run on the computer alone, or in a virtual machine. Wikipedia\",\"status\":true,\"grade\":\"10\"},\"attempt_number\":\"1\"}', 90, 'passed', 1626237968),
(31, 34, 929, '{\"61\":{\"answer\":\"155\",\"status\":true,\"grade\":\"20\"},\"62\":{\"answer\":\"162\",\"status\":true,\"grade\":\"20\"},\"63\":{\"answer\":\"166\",\"status\":true,\"grade\":\"20\"},\"64\":{\"answer\":\"169\",\"status\":true,\"grade\":\"20\"},\"65\":{\"answer\":\"Ubuntu is a Linux distribution based on Debian and composed mostly of free and open-source software. Ubuntu is officially released in three editions: Desktop, Server, and Core for Internet of things devices and robots. All the editions can run on the computer alone, or in a virtual machine.\",\"status\":false,\"grade\":\"20\"},\"attempt_number\":\"1\"}', 80, 'waiting', 1626243488);

-- --------------------------------------------------------

--
-- Table structure for table `quiz_question_translations`
--

CREATE TABLE `quiz_question_translations` (
  `id` bigint(20) UNSIGNED NOT NULL,
  `quizzes_question_id` int(10) UNSIGNED NOT NULL,
  `locale` varchar(255) NOT NULL,
  `title` text NOT NULL,
  `correct` text DEFAULT NULL
) ENGINE=InnoDB DEFAULT CHARSET=utf8mb4 COLLATE=utf8mb4_unicode_ci;

--
-- Dumping data for table `quiz_question_translations`
--

INSERT INTO `quiz_question_translations` (`id`, `quizzes_question_id`, `locale`, `title`, `correct`) VALUES
(1, 40, 'en', 'Where is the French capital?', NULL),
(2, 41, 'en', 'What is the coldest season of the year?', NULL),
(3, 42, 'en', 'How many months is each year?', NULL),
(4, 44, 'en', 'How many centimeters is one meter unit?', NULL),
(5, 45, 'en', 'How many meters is one kilometer unit?', ''),
(6, 46, 'en', 'What is the number of things we should do before the meeting?', NULL),
(7, 47, 'en', 'What should we do during the meeting?', 'Start the meeting promptly on schedule and do not wait for others to arrive. A large amount of professional time is wasted by leaders who wait for more people to arrive before starting a meeting. It may require a change in the culture, but once people know that you start your meetings on time, they will arrive on time.'),
(8, 48, 'en', 'What should we do before the meeting?', 'Make sure people come to the meeting prepared. Yes, this will require effort beyond simply scheduling the call, but you’ll reap enormous benefits if you distribute agendas and other relevant materials to attendees ahead of time. Work smart and leverage technology to help you prep meeting content.'),
(9, 49, 'en', 'What should we do after the meeting?', 'Preserve content so it doesn\'t need to be repeated. Many of our survey respondents reported that they have a huge problem with content persistence (meaning that they have trouble making sure that files, video, web pages, whiteboards, annotations, etc., exist after a meeting ends). The key here is to stop conceiving of meetings as events with a definite beginning and an end. Instead, recognize that meetings are often segments of larger projects and look for technology that can preserve and instantly restore your sessions exactly where you left off.'),
(10, 50, 'en', 'What is the number of things we should do after the meeting?', NULL),
(11, 51, 'en', 'Which photo belongs to France?', NULL),
(12, 52, 'en', 'Which image is about a teacher\'s job?', NULL),
(13, 53, 'en', 'Which image is about a fireman\'s job?', NULL),
(14, 54, 'en', 'Which animal lives in water?', NULL),
(15, 55, 'en', 'Which image is autumn?', NULL),
(16, 56, 'en', 'Which photo belongs to France?', NULL),
(17, 57, 'en', 'Which image is about a teacher\'s job?', NULL),
(18, 58, 'en', 'Which image is about a fireman\'s job?', NULL),
(19, 59, 'en', 'Which animal lives in water?', NULL),
(20, 60, 'en', 'Which image is autumn?', NULL),
(21, 61, 'en', 'Where is the French capital?', ''),
(22, 62, 'en', 'How many months is each year?', NULL),
(23, 63, 'en', 'How many centimeters is one meter unit?', NULL),
(24, 64, 'en', 'How many meters is one kilometer unit?', NULL),
(25, 65, 'en', 'Please explain about Ubuntu versions of Linux?', 'Ubuntu is probably the most well-known Linux distribution. Ubuntu is based on Debian, but it has its own software repositories. Much of the software in these repositories is synced from Debian’s repositories.\r\n\r\nThe Ubuntu project has a focus on providing a solid desktop (and server) experience, and it isn’t afraid to build its own custom technology to do it. Ubuntu used to use the GNOME 2 desktop environment, but it now uses its own Unity desktop environment. Ubuntu is even building its own Mir graphical server while other distributions are working on the Wayland.'),
(26, 66, 'en', 'Which photo belongs to France?', NULL),
(27, 67, 'en', 'Which image is about a teacher\'s job?', NULL),
(28, 68, 'en', 'Which image is about a fireman\'s job?', NULL),
(29, 69, 'en', 'Which animal lives in water?', NULL),
(30, 70, 'en', 'Which image is autumn?', NULL),
(31, 71, 'en', 'Which photo belongs to France?', NULL),
(32, 72, 'en', 'Which image is about a teacher\'s job?', NULL),
(33, 73, 'en', 'Which image is about a fireman\'s job?', NULL),
(34, 74, 'en', 'Which animal lives in water?', NULL),
(35, 75, 'en', 'Which image is autumn?', NULL),
(36, 76, 'en', 'Please watch the video and select the correct answer', NULL);

-- --------------------------------------------------------

--
-- Table structure for table `quiz_translations`
--

CREATE TABLE `quiz_translations` (
  `id` bigint(20) UNSIGNED NOT NULL,
  `quiz_id` int(10) UNSIGNED NOT NULL,
  `locale` varchar(255) NOT NULL,
  `title` text NOT NULL,
  `description` text DEFAULT NULL
) ENGINE=InnoDB DEFAULT CHARSET=utf8mb4 COLLATE=utf8mb4_unicode_ci;

--
-- Dumping data for table `quiz_translations`
--

INSERT INTO `quiz_translations` (`id`, `quiz_id`, `locale`, `title`, `description`) VALUES
(1, 28, 'en', 'Elementary Quiz', 'Identify your product management knowledge level with this placement quiz to begin the course at the right stage.'),
(2, 30, 'en', 'First Quiz', 'Measure your team management knowledge with this evaluation quiz to review skills and strategies learned during training.'),
(3, 31, 'en', 'Placement Quiz', 'Determine your current AngularJS knowledge with this placement quiz to start the course at the right level.'),
(4, 32, 'en', 'Midterm Quiz', 'Assess your developing active listening skills with this mid-term quiz to reinforce techniques learned during the course.'),
(5, 33, 'en', 'Midterm Quiz', 'Check your progress and understanding of key Excel concepts with this mid-term quiz during the course.'),
(6, 34, 'en', 'Final Quiz', 'Validate your Linux skills with this final quiz designed to assess knowledge gained throughout the entire course.'),
(7, 35, 'en', 'Entrance Quiz', 'Test your coding fundamentals with this entrance quiz to assess readiness for our programming course.');

-- --------------------------------------------------------

--
-- Table structure for table `rating`
--

CREATE TABLE `rating` (
  `id` int(10) UNSIGNED NOT NULL,
  `webinar_id` int(10) UNSIGNED NOT NULL,
  `user_id` int(10) UNSIGNED NOT NULL,
  `creator_id` int(10) UNSIGNED NOT NULL,
  `rate` int(10) UNSIGNED NOT NULL
) ENGINE=InnoDB DEFAULT CHARSET=utf8mb4 COLLATE=utf8mb4_unicode_ci ROW_FORMAT=DYNAMIC;

-- --------------------------------------------------------

--
-- Table structure for table `regions`
--

CREATE TABLE `regions` (
  `id` int(10) UNSIGNED NOT NULL,
  `country_id` int(10) UNSIGNED DEFAULT NULL,
  `province_id` int(10) UNSIGNED DEFAULT NULL,
  `city_id` int(10) UNSIGNED DEFAULT NULL,
  `geo_center` point DEFAULT NULL,
  `type` enum('country','province','city','district') NOT NULL,
  `title` varchar(255) NOT NULL,
  `created_at` int(10) UNSIGNED NOT NULL
) ENGINE=InnoDB DEFAULT CHARSET=utf8mb4 COLLATE=utf8mb4_unicode_ci;

--
-- Dumping data for table `regions`
--

INSERT INTO `regions` (`id`, `country_id`, `province_id`, `city_id`, `geo_center`, `type`, `title`, `created_at`) VALUES
(16, NULL, NULL, NULL, 0x000000000101000000502c37a3fd2748400000000000910440, 'country', 'France', 1646175250),
(17, NULL, NULL, NULL, 0x000000000101000000cc4c51ad1a29374000000000509c5340, 'country', 'India', 1646045215),
(18, NULL, NULL, NULL, 0x000000000101000000fc87794512fd434000000000787e58c0, 'country', 'United States', 1646208799),
(19, NULL, NULL, NULL, 0x000000000101000000c399e9d9582130400000000040da3240, 'country', 'Chad', 1646045318),
(20, NULL, NULL, NULL, 0x000000000101000000c914e2b7f634384000000000e0634640, 'country', 'Saudi Arabia', 1646045651),
(21, 16, NULL, NULL, 0x000000000101000000b7417d8d9700484000000000c01709c0, 'province', 'Brittany', 1646175600),
(22, 16, NULL, NULL, 0x000000000101000000c28d5422c26d484000000000e0b20240, 'province', 'Île-de-France', 1646176998),
(23, 16, 22, NULL, 0x00000000010100000043242b8d136e4840f6ffffff3dcd0240, 'city', 'Paris', 1646177038),
(24, 16, 22, 23, 0x000000000101000000f4056521416f4840f7ffff7f315a0240, 'district', 'Chaillot', 1646177131),
(25, 16, 22, 23, 0x000000000101000000fecb2c1406684840f9ffff7f26fc0140, 'district', 'Le val', 1646177195),
(26, 16, 22, 23, 0x000000000101000000da05b69e8a6d484008000000cd2e0340, 'district', 'Charonne', 1646177249),
(27, 17, NULL, NULL, 0x00000000010100000032073e5acab03c4004000000934a5340, 'province', 'Delhi', 1646177430),
(28, 17, NULL, NULL, 0x000000000101000000e7331bb0e31333400200008025395240, 'province', 'Maharashtra', 1646177529),
(29, 17, 27, NULL, 0x0000000001010000004ea45133209e3c4002000050f54c5340, 'city', 'New Delhi', 1646177585),
(30, 17, 28, NULL, 0x0000000001010000000fd66a9d27f13240040000305b355240, 'city', 'Mumbai', 1646177660),
(31, 20, NULL, NULL, 0x0000000001010000005aa3dd6a75923840070000004acf4340, 'province', 'Medina', 1646207588),
(32, 20, 31, NULL, 0x0000000001010000007522ebce077938400500005028ce4340, 'city', 'Medina', 1646207641),
(33, 20, NULL, NULL, 0x000000000101000000f87d72b19dd33840000000007c5d4740, 'province', 'Riyadh', 1646207846),
(34, 20, 33, NULL, 0x0000000001010000003352eaadc2a23840050000207c5b4740, 'city', 'Riyadh', 1646207899),
(35, 17, 27, 29, 0x000000000101000000677eaddc83933c40000000f4e44f5340, 'district', 'Jal vihar', 1646208038),
(36, 17, 27, 29, 0x0000000001010000000c564b253b8f3c40030000f4f54d5340, 'district', 'Anand lok', 1646208100),
(37, 17, 28, 30, 0x000000000101000000744a1102cef732400000003c9b345240, 'district', 'Tardeo', 1646208151),
(38, 17, 28, 30, 0x000000000101000000e1347d6ea4ed32400000009235355240, 'district', 'Kala ghoda', 1646208227),
(39, 17, 28, 30, 0x0000000001010000007f59b3f397003340feffffa36f345240, 'district', 'Nehru nagar', 1646208287),
(40, 20, 31, 32, 0x0000000001010000009f9a107be67a3840fcfffff32bcc4340, 'district', 'Al fath', 1646208357),
(41, 20, 31, 32, 0x0000000001010000004a9335c11e7c384001000084fbd54340, 'district', 'Al mabuth', 1646208449),
(42, 20, 33, 34, 0x000000000101000000ecdbbe5e4ca438400400001821554740, 'district', 'Al rafiah', 1646208501),
(43, 20, 33, 34, 0x00000000010100000047a393f74fa83840fdffff8f195d4740, 'district', 'Al malaz', 1646208541),
(44, 20, 33, 34, 0x000000000101000000b3cc5d99029b384004000090d3574740, 'district', 'Sultanah', 1646208741),
(45, 18, NULL, NULL, 0x0000000001010000008a421c62479242402300000002ef5dc0, 'province', 'California', 1646208923),
(46, 18, NULL, NULL, 0x00000000010100000073bb0212f86a4540000000006add52c0, 'province', 'New York', 1646209125),
(47, 18, 45, NULL, 0x000000000101000000c0eb475b13e44240e2ffffafd29a5ec0, 'city', 'San Francisco', 1646209213),
(48, 18, 45, NULL, 0x000000000101000000996d3806e37c4240f8fffff7ee815ec0, 'city', 'Santa Cruz', 1646209310),
(49, 18, 46, NULL, 0x0000000001010000002ff3954dd15d4440020000504b7f52c0, 'city', 'New York', 1646209459),
(50, 18, 46, NULL, 0x00000000010100000035c4cc6279534540000000b85b7052c0, 'city', 'Albany', 1646209552),
(51, 18, 45, 47, 0x0000000001010000003aeafdd6abe04240faffffd7b49f5ec0, 'district', 'Sunset district', 1646209607),
(52, 18, 45, 47, 0x0000000001010000001d646d8c1bdf4240f1ffff57859a5ec0, 'district', 'Bernal heights', 1646209668),
(53, 18, 45, 48, 0x000000000101000000798fe4b88f7b4240220000d4f3825ec0, 'district', 'Westside', 1646209704),
(54, 18, 45, 48, 0x0000000001010000000ea4fdcb187c4240e4ffffdb84805ec0, 'district', 'Seabright', 1646209756),
(55, 18, 46, 49, 0x000000000101000000502d3717765b444003000064278052c0, 'district', 'Civic center', 1646209822),
(56, 18, 46, 49, 0x000000000101000000895ffa4836624440fffffff7687d52c0, 'district', 'Lenox hill', 1646209902),
(57, 18, 46, 50, 0x0000000001010000002a11fd866f5445400400000c7e7252c0, 'district', 'Pine hills', 1646209945),
(58, 18, 46, 50, 0x000000000101000000132a6a90cb5445400400000a557052c0, 'district', 'Arbor hill', 1646209990),
(59, 19, NULL, NULL, 0x000000000101000000e02f3b6e02472840f2ffffff83122e40, 'province', 'N\'Djaména', 1646210607),
(60, 19, 59, NULL, 0x0000000001010000000b5659aeba3d284018000040c4192e40, 'city', 'N\'Djaména', 1646210643),
(61, 19, NULL, NULL, 0x000000000101000000776860c6695021400e00000094103040, 'province', 'Logone Occidental', 1646210813),
(62, 19, 61, NULL, 0x000000000101000000d1cf427b71222140030000a0e2123040, 'city', 'Moundou', 1646210881),
(63, 19, 59, 60, 0x0000000001010000002e2f2cc30d312840e6ffffdf71262e40, 'district', 'Moursal', 1646210978),
(64, 19, 59, 60, 0x0000000001010000009f93ddbcdc392840f1ffff9feb192e40, 'district', 'Blabline', 1646211027),
(65, 19, 61, 62, 0x0000000001010000000b91007923232140f7ffff9732163040, 'district', 'Bornou', 1646211077),
(66, 19, 61, 62, 0x0000000001010000006b07cb49aa192140f6ffffa7650f3040, 'district', 'Dokapti', 1646211168),
(67, 16, 21, NULL, 0x00000000010100000018e23f51690e4840fffffffff1e3fabf, 'city', 'Rennes', 1646295560),
(68, 16, 21, 67, 0x0000000001010000001d2d3bd0140e4840060000009f54fbbf, 'district', 'Moulin du comte', 1646295696);

-- --------------------------------------------------------

--
-- Table structure for table `registration_packages`
--

CREATE TABLE `registration_packages` (
  `id` int(10) UNSIGNED NOT NULL,
  `days` int(10) UNSIGNED NOT NULL,
  `price` double(15,2) UNSIGNED NOT NULL,
  `icon` varchar(255) NOT NULL,
  `role` enum('instructors','organizations') NOT NULL,
  `instructors_count` int(11) DEFAULT NULL,
  `students_count` int(11) DEFAULT NULL,
  `courses_capacity` int(11) DEFAULT NULL,
  `courses_count` int(11) DEFAULT NULL,
  `meeting_count` int(11) DEFAULT NULL,
  `product_count` int(10) UNSIGNED DEFAULT NULL,
  `ai_content_access` tinyint(1) NOT NULL DEFAULT 0,
  `status` enum('disabled','active') NOT NULL,
  `created_at` int(10) UNSIGNED NOT NULL
) ENGINE=InnoDB DEFAULT CHARSET=utf8mb4 COLLATE=utf8mb4_unicode_ci;

--
-- Dumping data for table `registration_packages`
--

INSERT INTO `registration_packages` (`id`, `days`, `price`, `icon`, `role`, `instructors_count`, `students_count`, `courses_capacity`, `courses_count`, `meeting_count`, `product_count`, `ai_content_access`, `status`, `created_at`) VALUES
(1, 30, 99.00, '/store/1/default_images/subscribe_packages/subscribe_icon_1.svg', 'instructors', NULL, NULL, 60, 50, 60, 30, 0, 'active', 1752178583),
(2, 90, 199.00, '/store/1/default_images/subscribe_packages/subscribe_icon_2.svg', 'instructors', NULL, NULL, 80, 60, 80, 40, 0, 'active', 1752178603),
(3, 180, 400.00, '/store/1/default_images/subscribe_packages/subscribe_icon_2.svg', 'instructors', NULL, NULL, 100, 80, 100, 60, 0, 'active', 1752178623),
(4, 30, 200.00, '/store/1/default_images/subscribe_packages/subscribe_icon_1.svg', 'organizations', 5, 50, 40, 10, 30, NULL, 0, 'active', 1749394134),
(5, 90, 400.00, '/store/1/default_images/subscribe_packages/subscribe_icon_2.svg', 'organizations', 10, 100, 70, 20, 50, NULL, 0, 'active', 1749394152),
(6, 180, 600.00, '/store/1/default_images/subscribe_packages/subscribe_icon_3.svg', 'organizations', 30, 300, 150, 50, 100, NULL, 0, 'active', 1749394185);

-- --------------------------------------------------------

--
-- Table structure for table `registration_packages_translations`
--

CREATE TABLE `registration_packages_translations` (
  `id` bigint(20) UNSIGNED NOT NULL,
  `registration_package_id` int(10) UNSIGNED NOT NULL,
  `locale` varchar(255) NOT NULL,
  `title` varchar(255) NOT NULL,
  `description` varchar(255) DEFAULT NULL
) ENGINE=InnoDB DEFAULT CHARSET=utf8mb4 COLLATE=utf8mb4_unicode_ci;

--
-- Dumping data for table `registration_packages_translations`
--

INSERT INTO `registration_packages_translations` (`id`, `registration_package_id`, `locale`, `title`, `description`) VALUES
(1, 1, 'en', 'Basic', 'Suggested for starter instructors.'),
(2, 2, 'en', 'Pro', 'Suggested for professional instructors.'),
(3, 3, 'en', 'Premium', 'Suggested for expert instructors.'),
(4, 4, 'en', 'Basic', 'Suggested for small organizations'),
(5, 5, 'en', 'Pro', 'Suggested for medium organizations'),
(6, 6, 'en', 'Premium', 'Suggested for big organizations');

-- --------------------------------------------------------

--
-- Table structure for table `related_courses`
--

CREATE TABLE `related_courses` (
  `id` int(10) UNSIGNED NOT NULL,
  `creator_id` int(10) UNSIGNED DEFAULT NULL,
  `targetable_id` int(10) UNSIGNED NOT NULL,
  `targetable_type` varchar(255) NOT NULL,
  `course_id` int(10) UNSIGNED NOT NULL,
  `order` int(10) UNSIGNED DEFAULT NULL
) ENGINE=InnoDB DEFAULT CHARSET=utf8mb4 COLLATE=utf8mb4_general_ci;

-- --------------------------------------------------------

--
-- Table structure for table `related_posts`
--

CREATE TABLE `related_posts` (
  `id` int(10) UNSIGNED NOT NULL,
  `targetable_id` int(11) NOT NULL,
  `targetable_type` varchar(255) NOT NULL,
  `post_id` int(10) UNSIGNED NOT NULL,
  `order` int(11) DEFAULT NULL
) ENGINE=InnoDB DEFAULT CHARSET=utf8mb4 COLLATE=utf8mb4_general_ci;

-- --------------------------------------------------------

--
-- Table structure for table `related_products`
--

CREATE TABLE `related_products` (
  `id` int(10) UNSIGNED NOT NULL,
  `targetable_id` int(10) UNSIGNED NOT NULL,
  `targetable_type` varchar(255) NOT NULL,
  `product_id` int(10) UNSIGNED NOT NULL,
  `order` int(10) UNSIGNED DEFAULT NULL
) ENGINE=InnoDB DEFAULT CHARSET=utf8mb4 COLLATE=utf8mb4_general_ci;

-- --------------------------------------------------------

--
-- Table structure for table `reserve_meetings`
--

CREATE TABLE `reserve_meetings` (
  `id` int(10) UNSIGNED NOT NULL,
  `meeting_id` int(11) DEFAULT NULL,
  `sale_id` int(10) UNSIGNED DEFAULT NULL,
  `meeting_time_id` int(10) UNSIGNED NOT NULL,
  `day` varchar(10) NOT NULL,
  `date` int(10) UNSIGNED NOT NULL,
  `start_at` bigint(20) UNSIGNED NOT NULL,
  `end_at` bigint(20) UNSIGNED NOT NULL,
  `user_id` int(10) UNSIGNED NOT NULL,
  `paid_amount` decimal(13,2) NOT NULL,
  `meeting_type` enum('in_person','online') NOT NULL DEFAULT 'online',
  `student_count` int(11) DEFAULT NULL,
  `discount` int(11) DEFAULT NULL,
  `link` varchar(255) DEFAULT NULL,
  `password` varchar(64) DEFAULT NULL,
  `description` text DEFAULT NULL,
  `status` enum('pending','open','finished','canceled') NOT NULL,
  `created_at` int(11) NOT NULL,
  `locked_at` int(11) DEFAULT NULL,
  `reserved_at` int(11) DEFAULT NULL
) ENGINE=InnoDB DEFAULT CHARSET=utf8mb4 COLLATE=utf8mb4_unicode_ci ROW_FORMAT=DYNAMIC;

--
-- Dumping data for table `reserve_meetings`
--

INSERT INTO `reserve_meetings` (`id`, `meeting_id`, `sale_id`, `meeting_time_id`, `day`, `date`, `start_at`, `end_at`, `user_id`, `paid_amount`, `meeting_type`, `student_count`, `discount`, `link`, `password`, `description`, `status`, `created_at`, `locked_at`, `reserved_at`) VALUES
(1, 30, 186, 169, '2022-03-15', 1647302400, 1647354600, 1647358200, 995, 750.00, 'in_person', 5, NULL, NULL, NULL, 'We are the managers of a company and we want to get acquainted with the concepts of risk in resource management.', 'pending', 1646379271, NULL, 1646379290),
(74, 30, 285, 99, '2026-05-18', 1779062400, 1779107400, 1779111000, 995, 100.00, 'online', 1, NULL, NULL, NULL, NULL, 'pending', 1751723734, NULL, 1751723858);

-- --------------------------------------------------------

--
-- Table structure for table `rewards`
--

CREATE TABLE `rewards` (
  `id` int(10) UNSIGNED NOT NULL,
  `type` enum('account_charge','create_classes','buy','pass_the_quiz','certificate','comment','register','review_courses','instructor_meeting_reserve','student_meeting_reserve','newsletters','badge','referral','learning_progress_100','charge_wallet','buy_store_product','pass_assignment','send_post_in_topic','make_topic','create_blog_by_instructor','comment_for_instructor_blog') NOT NULL,
  `score` int(10) UNSIGNED DEFAULT NULL,
  `condition` varchar(255) DEFAULT NULL,
  `status` enum('active','disabled') NOT NULL,
  `created_at` bigint(20) UNSIGNED NOT NULL
) ENGINE=InnoDB DEFAULT CHARSET=utf8mb4 COLLATE=utf8mb4_unicode_ci;

--
-- Dumping data for table `rewards`
--

INSERT INTO `rewards` (`id`, `type`, `score`, `condition`, `status`, `created_at`) VALUES
(3, 'charge_wallet', 50, '150', 'active', 1641205067),
(4, 'account_charge', 50, '100', 'active', 1641369989),
(5, 'badge', NULL, NULL, 'active', 1641300755),
(6, 'create_classes', 50, NULL, 'active', 1641369921),
(7, 'buy', 50, '10', 'active', 1641369938),
(8, 'pass_the_quiz', 50, NULL, 'active', 1641369947),
(9, 'certificate', 30, NULL, 'active', 1641369955),
(10, 'comment', 5, NULL, 'active', 1641369968),
(11, 'register', 5, NULL, 'active', 1641370008),
(12, 'review_courses', 15, NULL, 'active', 1641370016),
(13, 'instructor_meeting_reserve', 30, NULL, 'active', 1641370026),
(14, 'student_meeting_reserve', 30, NULL, 'active', 1641370036),
(15, 'newsletters', 10, NULL, 'active', 1641370050),
(16, 'referral', 5, NULL, 'active', 1641370059),
(18, 'learning_progress_100', 20, NULL, 'active', 1641372957),
(19, 'buy_store_product', 50, '26', 'active', 1648277874),
(20, 'pass_assignment', 50, NULL, 'active', 1649247227),
(21, 'make_topic', 1, NULL, 'active', 1650548269),
(22, 'send_post_in_topic', 1, NULL, 'active', 1650548278),
(23, 'create_blog_by_instructor', 5, NULL, 'active', 1650788324),
(24, 'comment_for_instructor_blog', 3, NULL, 'active', 1650788336);

-- --------------------------------------------------------

--
-- Table structure for table `rewards_accounting`
--

CREATE TABLE `rewards_accounting` (
  `id` int(10) UNSIGNED NOT NULL,
  `user_id` int(10) UNSIGNED NOT NULL,
  `item_id` int(10) UNSIGNED DEFAULT NULL,
  `type` enum('account_charge','create_classes','buy','pass_the_quiz','certificate','comment','register','review_courses','instructor_meeting_reserve','student_meeting_reserve','newsletters','badge','referral','learning_progress_100','charge_wallet','withdraw','buy_store_product','pass_assignment','send_post_in_topic','make_topic','create_blog_by_instructor','comment_for_instructor_blog') NOT NULL,
  `score` int(10) UNSIGNED NOT NULL,
  `status` enum('addiction','deduction') NOT NULL,
  `created_at` bigint(20) UNSIGNED NOT NULL
) ENGINE=InnoDB DEFAULT CHARSET=utf8mb4 COLLATE=utf8mb4_unicode_ci;

--
-- Dumping data for table `rewards_accounting`
--

INSERT INTO `rewards_accounting` (`id`, `user_id`, `item_id`, `type`, `score`, `status`, `created_at`) VALUES
(1, 867, 2006, 'create_classes', 50, 'addiction', 1645726175),
(2, 929, 1999, 'create_classes', 50, 'addiction', 1645726209),
(3, 1015, 2008, 'create_classes', 50, 'addiction', 1646127156),
(4, 995, 2005, 'learning_progress_100', 20, 'addiction', 1646127296),
(5, 1015, 2009, 'create_classes', 50, 'addiction', 1646172007),
(6, 995, NULL, 'buy', 55, 'addiction', 1646172086),
(7, 996, NULL, 'buy', 50, 'addiction', 1646172123),
(8, 979, NULL, 'buy', 55, 'addiction', 1646172159),
(9, 929, NULL, 'buy', 55, 'addiction', 1646172296),
(10, 867, 2000, 'create_classes', 50, 'addiction', 1646172395),
(11, 979, 23, 'badge', 15, 'addiction', 1646245104),
(12, 1015, 23, 'badge', 15, 'addiction', 1646254479),
(13, 1015, 26, 'badge', 30, 'addiction', 1646254480),
(14, 1015, 29, 'badge', 50, 'addiction', 1646254480),
(15, 1015, 32, 'badge', 50, 'addiction', 1646254481),
(16, 1015, 35, 'badge', 20, 'addiction', 1646254481),
(17, 979, 33, 'review_courses', 15, 'addiction', 1646254639),
(18, 864, 23, 'badge', 15, 'addiction', 1646256513),
(19, 864, 24, 'badge', 10, 'addiction', 1646256514),
(20, 870, 23, 'badge', 15, 'addiction', 1646257010),
(21, 870, 24, 'badge', 10, 'addiction', 1646257010),
(22, 870, 29, 'badge', 50, 'addiction', 1646257011),
(23, 870, 31, 'badge', 20, 'addiction', 1646257011),
(24, 870, 35, 'badge', 20, 'addiction', 1646257011),
(25, 867, 23, 'badge', 15, 'addiction', 1646260042),
(26, 867, 26, 'badge', 30, 'addiction', 1646260043),
(27, 867, 29, 'badge', 50, 'addiction', 1646260043),
(28, 867, 31, 'badge', 20, 'addiction', 1646260043),
(29, 867, 35, 'badge', 20, 'addiction', 1646260044),
(30, 1016, 23, 'badge', 15, 'addiction', 1646263056),
(31, 1016, 24, 'badge', 10, 'addiction', 1646263057),
(32, 1016, 29, 'badge', 50, 'addiction', 1646263057),
(33, 1016, 31, 'badge', 20, 'addiction', 1646263057),
(34, 1016, 35, 'badge', 20, 'addiction', 1646263058),
(35, 934, 23, 'badge', 15, 'addiction', 1646263177),
(36, 934, 25, 'badge', 20, 'addiction', 1646263177),
(37, 934, 29, 'badge', 50, 'addiction', 1646263177),
(38, 934, 35, 'badge', 20, 'addiction', 1646263178),
(39, 929, 23, 'badge', 15, 'addiction', 1646263303),
(40, 929, 25, 'badge', 20, 'addiction', 1646263304),
(41, 929, 29, 'badge', 50, 'addiction', 1646263304),
(42, 929, 31, 'badge', 20, 'addiction', 1646263304),
(43, 3, 23, 'badge', 15, 'addiction', 1646263503),
(44, 3, 25, 'badge', 20, 'addiction', 1646263504),
(45, 3, 31, 'badge', 20, 'addiction', 1646263504),
(46, 4, 23, 'badge', 15, 'addiction', 1646263571),
(47, 4, 24, 'badge', 10, 'addiction', 1646263571),
(48, 4, 29, 'badge', 50, 'addiction', 1646263572),
(49, 4, 35, 'badge', 20, 'addiction', 1646263572),
(50, 859, 23, 'badge', 15, 'addiction', 1646263573),
(51, 863, 23, 'badge', 15, 'addiction', 1646263573),
(52, 863, 24, 'badge', 10, 'addiction', 1646263573),
(53, 863, 29, 'badge', 50, 'addiction', 1646263574),
(54, 863, 31, 'badge', 20, 'addiction', 1646263574),
(55, 863, 35, 'badge', 20, 'addiction', 1646263574),
(56, 868, 23, 'badge', 15, 'addiction', 1646287364),
(57, 996, 23, 'badge', 15, 'addiction', 1646290203),
(58, 995, 23, 'badge', 15, 'addiction', 1646302693),
(59, 923, 23, 'badge', 15, 'addiction', 1646326059),
(60, 923, 25, 'badge', 20, 'addiction', 1646326060),
(61, 923, 29, 'badge', 50, 'addiction', 1646326060),
(62, 923, 31, 'badge', 20, 'addiction', 1646326060),
(63, 923, 35, 'badge', 20, 'addiction', 1646326061),
(64, 995, 34, 'review_courses', 15, 'addiction', 1646352844),
(65, 995, NULL, 'buy', 4125, 'addiction', 1646379288),
(66, 995, NULL, 'student_meeting_reserve', 30, 'addiction', 1646379290),
(67, 1017, 22, 'badge', 10, 'addiction', 1646379365),
(68, 930, 23, 'badge', 15, 'addiction', 1646386699),
(69, 930, NULL, 'buy', 1095, 'addiction', 1646386787),
(70, 859, NULL, 'buy', 1100, 'addiction', 1646387655),
(71, 1017, 1017, 'newsletters', 10, 'addiction', 1646389129),
(72, 4, 2005, 'create_classes', 50, 'addiction', 1646396841),
(73, 929, 2004, 'create_classes', 50, 'addiction', 1646396863),
(74, 1015, 35, 'review_courses', 15, 'addiction', 1646413457),
(75, 1015, 66, 'comment', 5, 'addiction', 1646413662),
(76, 996, 996, 'newsletters', 10, 'addiction', 1646414262),
(77, 1, 23, 'badge', 15, 'addiction', 1655618081),
(78, 1017, 23, 'badge', 15, 'addiction', 1655697087),
(79, 1015, 1, 'make_topic', 1, 'addiction', 1655716308),
(80, 1015, 2, 'make_topic', 1, 'addiction', 1655716703),
(81, 929, 1, 'send_post_in_topic', 1, 'addiction', 1655718839),
(82, 979, 2, 'send_post_in_topic', 1, 'addiction', 1655786658),
(83, 930, 3, 'send_post_in_topic', 1, 'addiction', 1655786705),
(84, 1017, 3, 'make_topic', 1, 'addiction', 1655787049),
(85, 923, 4, 'send_post_in_topic', 1, 'addiction', 1655787619),
(86, 1017, 5, 'send_post_in_topic', 1, 'addiction', 1655787999),
(87, 870, 4, 'make_topic', 1, 'addiction', 1655788542),
(88, 3, 6, 'send_post_in_topic', 1, 'addiction', 1655788607),
(89, 996, 5, 'make_topic', 1, 'addiction', 1655789512),
(90, 930, 7, 'send_post_in_topic', 1, 'addiction', 1655789536),
(91, 859, 8, 'send_post_in_topic', 1, 'addiction', 1655789585),
(92, 923, 6, 'make_topic', 1, 'addiction', 1655790004),
(93, 3, 9, 'send_post_in_topic', 1, 'addiction', 1655790272),
(94, 3, 7, 'make_topic', 1, 'addiction', 1655790607),
(95, 934, 10, 'send_post_in_topic', 1, 'addiction', 1655790650),
(96, 930, 8, 'make_topic', 1, 'addiction', 1655790834),
(97, 929, 11, 'send_post_in_topic', 1, 'addiction', 1655790902),
(98, 870, 12, 'send_post_in_topic', 1, 'addiction', 1655790940),
(99, 995, 9, 'make_topic', 1, 'addiction', 1655791192),
(100, 996, 13, 'send_post_in_topic', 1, 'addiction', 1655791222),
(101, 1015, 14, 'send_post_in_topic', 1, 'addiction', 1655791289),
(102, 3, 15, 'send_post_in_topic', 1, 'addiction', 1655791331),
(103, 929, 26, 'badge', 30, 'addiction', 1655799442),
(104, 929, 2010, 'create_classes', 50, 'addiction', 1655804611),
(105, 996, 36, 'review_courses', 15, 'addiction', 1655877051),
(106, 930, 1, 'pass_assignment', 50, 'addiction', 1655877895),
(107, 995, 1, 'pass_assignment', 50, 'addiction', 1655878435),
(108, 1015, 22, 'badge', 10, 'addiction', 1655907547),
(109, 1019, 21, 'badge', 5, 'addiction', 1655970555),
(110, 930, NULL, 'buy', 275, 'addiction', 1656083262),
(111, 930, 37, 'review_courses', 15, 'addiction', 1656083388),
(112, 1016, 22, 'badge', 10, 'addiction', 1656083787),
(113, 995, 10, 'make_topic', 1, 'addiction', 1656101498),
(114, 995, 16, 'send_post_in_topic', 1, 'addiction', 1656101542),
(115, 1016, 17, 'send_post_in_topic', 1, 'addiction', 1656101670),
(116, 870, 18, 'send_post_in_topic', 1, 'addiction', 1656101717),
(117, 929, 19, 'send_post_in_topic', 1, 'addiction', 1656101751),
(118, 995, 4, 'buy_store_product', 10, 'addiction', 1656103844),
(119, 995, NULL, 'buy', 26, 'addiction', 1656103844),
(120, 995, 38, 'review_courses', 15, 'addiction', 1656103909),
(121, 923, 1, 'buy_store_product', 60, 'addiction', 1656104131),
(122, 923, NULL, 'buy', 156, 'addiction', 1656104131),
(123, 996, NULL, 'buy', 198, 'addiction', 1656130481),
(124, 864, 31, 'badge', 20, 'addiction', 1656130495),
(125, 996, 39, 'review_courses', 15, 'addiction', 1656130578),
(126, 930, 2, 'buy_store_product', 605, 'addiction', 1656130707),
(127, 930, NULL, 'buy', 1573, 'addiction', 1656130707),
(128, 996, 5, 'buy_store_product', 151, 'addiction', 1656130963),
(129, 996, NULL, 'buy', 394, 'addiction', 1656130963),
(130, 979, NULL, 'buy', 44, 'addiction', 1656139703),
(131, 979, NULL, 'buy', 138, 'addiction', 1656139705),
(132, 979, 41, 'review_courses', 15, 'addiction', 1656139797),
(133, 979, 40, 'review_courses', 15, 'addiction', 1656139799),
(134, 1015, 36, 'badge', 5, 'addiction', 1656148218),
(135, 1015, 38, 'badge', 10, 'addiction', 1656148220),
(136, 1017, 38, 'badge', 10, 'addiction', 1656148474),
(137, 1017, 1, 'buy_store_product', 50, 'addiction', 1656148574),
(138, 1017, NULL, 'buy', 130, 'addiction', 1656148574),
(139, 995, 38, 'badge', 10, 'addiction', 1656148637),
(140, 995, 1, 'buy_store_product', 100, 'addiction', 1656148838),
(141, 995, NULL, 'buy', 261, 'addiction', 1656148838),
(142, 1016, 36, 'badge', 5, 'addiction', 1656194232),
(143, 864, 29, 'badge', 50, 'addiction', 1656194599),
(144, 864, 35, 'badge', 20, 'addiction', 1656194599),
(145, 870, 38, 'badge', 10, 'addiction', 1656219366),
(146, 996, 38, 'badge', 10, 'addiction', 1656219590),
(147, 995, 6, 'buy_store_product', 33, 'addiction', 1656322658),
(148, 995, NULL, 'buy', 85, 'addiction', 1656322658),
(149, 923, 38, 'badge', 10, 'addiction', 1656530749),
(150, 995, 2007, 'learning_progress_100', 20, 'addiction', 1656664848),
(151, 995, 6, 'certificate', 30, 'addiction', 1656664855),
(188, 1019, 22, 'badge', 10, 'addiction', 1678904160),
(189, 930, 38, 'badge', 10, 'addiction', 1678908532),
(190, 870, 25, 'badge', 20, 'addiction', 1678911991),
(191, 3, 29, 'badge', 50, 'addiction', 1678912055),
(192, 3, 35, 'badge', 20, 'addiction', 1678912055),
(193, 3, 38, 'badge', 10, 'addiction', 1678912055),
(194, 870, 2022, 'create_classes', 50, 'addiction', 1678912167),
(195, 995, NULL, 'buy', 165, 'addiction', 1678915490),
(196, 979, NULL, 'buy', 165, 'addiction', 1678917767),
(197, 979, NULL, 'buy', 198, 'addiction', 1678919437),
(198, 995, 2004, 'learning_progress_100', 20, 'addiction', 1678919451),
(199, 930, NULL, 'buy', 165, 'addiction', 1678922511),
(200, 995, NULL, 'buy', 110, 'addiction', 1678922691),
(201, 1017, NULL, 'buy', 165, 'addiction', 1678923556),
(202, 979, NULL, 'buy', 165, 'addiction', 1678925790),
(203, 995, NULL, 'buy', 165, 'addiction', 1678925916),
(204, 995, NULL, 'buy', 110, 'addiction', 1678926039),
(205, 995, 1045, 'referral', 5, 'addiction', 1678958778),
(206, 1045, 1045, 'register', 5, 'addiction', 1678958778),
(207, 1045, NULL, 'buy', 550, 'addiction', 1678959222),
(208, 995, 1046, 'referral', 5, 'addiction', 1678959533),
(209, 1046, 1046, 'register', 5, 'addiction', 1678959533),
(210, 995, NULL, 'buy', 165, 'addiction', 1678961006),
(211, 930, NULL, 'buy', 198, 'addiction', 1678961218),
(212, 979, NULL, 'buy', 165, 'addiction', 1678961652),
(213, 1045, 21, 'badge', 5, 'addiction', 1679088389),
(214, 1045, NULL, 'buy', 165, 'addiction', 1679088431),
(215, 995, 42, 'review_courses', 15, 'addiction', 1679093427),
(216, 995, NULL, 'buy', 165, 'addiction', 1685783051),
(217, 930, NULL, 'buy', 165, 'addiction', 1685783153),
(218, 1046, 22, 'badge', 10, 'addiction', 1694849360),
(219, 1015, 1998, 'create_classes', 50, 'addiction', 1694966085),
(220, 1046, 23, 'badge', 15, 'addiction', 1735488034),
(221, 863, 2002, 'create_classes', 50, 'addiction', 1749633580),
(222, 1014, 22, 'create_blog_by_instructor', 5, 'addiction', 1749660553),
(223, 1014, 21, 'create_blog_by_instructor', 5, 'addiction', 1749660581),
(224, 1014, 28, 'create_blog_by_instructor', 5, 'addiction', 1749660614),
(225, 1014, 29, 'create_blog_by_instructor', 5, 'addiction', 1749660640),
(226, 1016, 1995, 'create_classes', 50, 'addiction', 1749663329),
(227, 1014, 23, 'badge', 15, 'addiction', 1749804763),
(228, 1015, 2050, 'create_classes', 50, 'addiction', 1750207874),
(229, 1015, 2060, 'create_classes', 50, 'addiction', 1750207944),
(230, 870, 2055, 'create_classes', 50, 'addiction', 1750208495),
(231, 870, 26, 'badge', 30, 'addiction', 1750208509),
(232, 3, 26, 'badge', 30, 'addiction', 1750208534),
(233, 929, 2052, 'create_classes', 50, 'addiction', 1750208623),
(234, 923, 2053, 'create_classes', 50, 'addiction', 1750208633),
(235, 3, 2054, 'create_classes', 50, 'addiction', 1750208644),
(236, 929, 2061, 'create_classes', 50, 'addiction', 1750208753),
(237, 934, 2059, 'create_classes', 50, 'addiction', 1750208764),
(238, 3, 2058, 'create_classes', 50, 'addiction', 1750208776),
(239, 1016, 2057, 'create_classes', 50, 'addiction', 1750208798),
(240, 864, 2056, 'create_classes', 50, 'addiction', 1750208807),
(241, 923, 26, 'badge', 30, 'addiction', 1750577641),
(242, 934, 26, 'badge', 30, 'addiction', 1750581061),
(243, 934, 2051, 'create_classes', 50, 'addiction', 1750583291),
(244, 1045, 23, 'badge', 15, 'addiction', 1750584161),
(245, 1016, 25, 'badge', 20, 'addiction', 1751190719),
(246, 864, 25, 'badge', 20, 'addiction', 1751237333),
(247, 867, 2007, 'create_classes', 50, 'addiction', 1751701485),
(248, 864, 2003, 'create_classes', 50, 'addiction', 1751703183),
(249, 3, 2001, 'create_classes', 50, 'addiction', 1751703280),
(250, 1015, 1996, 'create_classes', 50, 'addiction', 1751703348),
(251, 934, 1997, 'create_classes', 50, 'addiction', 1751703473),
(252, 1015, NULL, 'buy', 220, 'addiction', 1751723593),
(253, 995, NULL, 'buy', 550, 'addiction', 1751723858),
(254, 995, NULL, 'student_meeting_reserve', 30, 'addiction', 1751723858);

-- --------------------------------------------------------

--
-- Table structure for table `roles`
--

CREATE TABLE `roles` (
  `id` int(10) UNSIGNED NOT NULL,
  `name` varchar(64) NOT NULL,
  `users_count` int(10) UNSIGNED NOT NULL DEFAULT 0,
  `is_admin` tinyint(1) NOT NULL DEFAULT 0,
  `created_at` int(10) UNSIGNED NOT NULL
) ENGINE=InnoDB DEFAULT CHARSET=utf8mb4 COLLATE=utf8mb4_unicode_ci ROW_FORMAT=DYNAMIC;

--
-- Dumping data for table `roles`
--

INSERT INTO `roles` (`id`, `name`, `users_count`, `is_admin`, `created_at`) VALUES
(1, 'user', 0, 0, 1604418504),
(2, 'admin', 0, 1, 1604418504),
(3, 'organization', 0, 0, 1604418504),
(4, 'teacher', 0, 0, 1604418504),
(6, 'education', 0, 1, 1613370817);

-- --------------------------------------------------------

--
-- Table structure for table `role_translations`
--

CREATE TABLE `role_translations` (
  `id` bigint(20) UNSIGNED NOT NULL,
  `role_id` int(10) UNSIGNED NOT NULL,
  `locale` varchar(191) NOT NULL,
  `caption` varchar(255) NOT NULL
) ENGINE=InnoDB DEFAULT CHARSET=utf8mb4 COLLATE=utf8mb4_general_ci;

--
-- Dumping data for table `role_translations`
--

INSERT INTO `role_translations` (`id`, `role_id`, `locale`, `caption`) VALUES
(1, 1, 'en', 'Student'),
(2, 1, 'ar', 'طالب'),
(3, 1, 'es', 'Alumna'),
(4, 2, 'en', 'Admin'),
(5, 2, 'es', 'Administradora'),
(6, 2, 'ar', 'مسؤل'),
(7, 3, 'en', 'Organization'),
(8, 3, 'ar', 'منظمة'),
(9, 3, 'es', 'Organización'),
(10, 4, 'en', 'Instructor'),
(11, 4, 'es', 'Instructora'),
(12, 4, 'ar', 'مدرب'),
(13, 6, 'en', 'Staff'),
(14, 6, 'ar', 'طاقم عمل'),
(15, 6, 'es', 'Personal');

-- --------------------------------------------------------

--
-- Table structure for table `sales`
--

CREATE TABLE `sales` (
  `id` int(10) UNSIGNED NOT NULL,
  `seller_id` int(10) UNSIGNED DEFAULT NULL,
  `buyer_id` int(10) UNSIGNED NOT NULL,
  `order_id` int(10) UNSIGNED DEFAULT NULL,
  `webinar_id` int(10) UNSIGNED DEFAULT NULL,
  `bundle_id` int(10) UNSIGNED DEFAULT NULL,
  `meeting_id` int(10) UNSIGNED DEFAULT NULL,
  `meeting_time_id` int(10) UNSIGNED DEFAULT NULL,
  `subscribe_id` int(10) UNSIGNED DEFAULT NULL,
  `ticket_id` int(10) UNSIGNED DEFAULT NULL,
  `promotion_id` int(10) UNSIGNED DEFAULT NULL,
  `product_order_id` int(10) UNSIGNED DEFAULT NULL,
  `registration_package_id` int(10) UNSIGNED DEFAULT NULL,
  `installment_payment_id` int(10) UNSIGNED DEFAULT NULL,
  `gift_id` int(10) UNSIGNED DEFAULT NULL,
  `payment_method` enum('credit','payment_channel','subscribe') DEFAULT NULL,
  `type` enum('webinar','meeting','subscribe','promotion','registration_package','product','bundle','installment_payment','gift') NOT NULL,
  `amount` decimal(13,2) UNSIGNED NOT NULL,
  `tax` decimal(13,2) UNSIGNED DEFAULT NULL,
  `commission` decimal(13,2) UNSIGNED DEFAULT NULL,
  `discount` decimal(13,2) UNSIGNED DEFAULT NULL,
  `total_amount` decimal(13,2) UNSIGNED DEFAULT NULL,
  `product_delivery_fee` decimal(13,2) UNSIGNED DEFAULT NULL,
  `manual_added` tinyint(1) NOT NULL DEFAULT 0,
  `access_to_purchased_item` tinyint(1) NOT NULL DEFAULT 1,
  `created_at` int(10) UNSIGNED NOT NULL,
  `refund_at` int(10) UNSIGNED DEFAULT NULL
) ENGINE=InnoDB DEFAULT CHARSET=utf8mb4 COLLATE=utf8mb4_unicode_ci ROW_FORMAT=DYNAMIC;

--
-- Dumping data for table `sales`
--

INSERT INTO `sales` (`id`, `seller_id`, `buyer_id`, `order_id`, `webinar_id`, `bundle_id`, `meeting_id`, `meeting_time_id`, `subscribe_id`, `ticket_id`, `promotion_id`, `product_order_id`, `registration_package_id`, `installment_payment_id`, `gift_id`, `payment_method`, `type`, `amount`, `tax`, `commission`, `discount`, `total_amount`, `product_delivery_fee`, `manual_added`, `access_to_purchased_item`, `created_at`, `refund_at`) VALUES
(141, 1015, 996, 307, NULL, NULL, 30, NULL, NULL, NULL, NULL, NULL, NULL, NULL, NULL, 'credit', 'meeting', 150.00, 15.00, 30.00, 0.00, 165.00, NULL, 0, 1, 1625944345, NULL),
(142, 934, 995, 308, NULL, NULL, 31, NULL, NULL, NULL, NULL, NULL, NULL, NULL, NULL, 'credit', 'meeting', 100.00, 10.00, 20.00, 0.00, 110.00, NULL, 0, 1, 1625952627, NULL),
(143, 4, 995, 309, 2005, NULL, NULL, NULL, NULL, NULL, NULL, NULL, NULL, NULL, NULL, 'credit', 'webinar', 10.00, 1.00, 2.00, 0.00, 11.00, NULL, 0, 1, 1625953196, NULL),
(144, 1015, 995, 310, NULL, NULL, 30, NULL, NULL, NULL, NULL, NULL, NULL, NULL, NULL, 'credit', 'meeting', 125.00, 12.50, 25.00, 0.00, 137.50, NULL, 0, 1, 1625996812, NULL),
(145, 1016, 995, NULL, 1995, NULL, NULL, NULL, NULL, NULL, NULL, NULL, NULL, NULL, NULL, 'credit', 'webinar', 0.00, NULL, NULL, NULL, NULL, NULL, 0, 1, 1625996905, NULL),
(146, 929, 995, 311, 1999, NULL, NULL, NULL, NULL, NULL, NULL, NULL, NULL, NULL, NULL, 'credit', 'webinar', 50.00, 5.00, 5.00, 0.00, 55.00, NULL, 0, 1, 1625996941, NULL),
(147, 1015, 995, 312, 1998, NULL, NULL, NULL, NULL, NULL, NULL, NULL, NULL, NULL, NULL, 'credit', 'webinar', 100.00, 5.00, 10.00, 50.00, 55.00, NULL, 0, 1, 1625996978, NULL),
(148, 3, 995, 313, 2001, NULL, NULL, NULL, NULL, NULL, NULL, NULL, NULL, NULL, NULL, 'credit', 'webinar', 20.00, 1.60, 1.60, 4.00, 17.60, NULL, 0, 1, 1625997104, NULL),
(149, 1015, 996, NULL, 1996, NULL, NULL, NULL, NULL, NULL, NULL, NULL, NULL, NULL, NULL, 'credit', 'webinar', 0.00, NULL, NULL, NULL, NULL, NULL, 0, 1, 1626060382, NULL),
(150, 934, 996, NULL, 1997, NULL, NULL, NULL, NULL, NULL, NULL, NULL, NULL, NULL, NULL, 'credit', 'webinar', 0.00, NULL, NULL, NULL, NULL, NULL, 0, 1, 1626060412, NULL),
(151, 867, 996, 314, 2006, NULL, NULL, NULL, NULL, NULL, NULL, NULL, NULL, NULL, NULL, 'credit', 'webinar', 25.00, 2.25, 4.50, 2.50, 24.75, NULL, 0, 1, 1626060487, NULL),
(152, 1015, 996, 315, 1998, NULL, NULL, NULL, NULL, NULL, NULL, NULL, NULL, NULL, NULL, 'credit', 'webinar', 100.00, 4.00, 8.00, 60.00, 44.00, NULL, 0, 1, 1626060552, NULL),
(153, 1015, 979, NULL, 1996, NULL, NULL, NULL, NULL, NULL, NULL, NULL, NULL, NULL, NULL, 'credit', 'webinar', 0.00, NULL, NULL, NULL, NULL, NULL, 0, 1, 1626060740, NULL),
(154, 1015, 930, NULL, 1996, NULL, NULL, NULL, NULL, NULL, NULL, NULL, NULL, NULL, NULL, 'credit', 'webinar', 0.00, NULL, NULL, NULL, NULL, NULL, 0, 1, 1626060773, NULL),
(155, 1015, 930, 316, 1998, NULL, NULL, NULL, NULL, NULL, NULL, NULL, NULL, NULL, NULL, 'credit', 'webinar', 100.00, 5.00, 10.00, 50.00, 55.00, NULL, 0, 1, 1626060835, NULL),
(156, 929, 979, 317, 2004, NULL, NULL, NULL, NULL, NULL, NULL, NULL, NULL, NULL, NULL, 'credit', 'webinar', 60.00, 6.00, 6.00, 0.00, 66.00, NULL, 0, 1, 1626061332, NULL),
(157, 863, 979, 318, 2002, NULL, NULL, NULL, NULL, NULL, NULL, NULL, NULL, NULL, NULL, 'credit', 'webinar', 20.00, 2.00, 4.00, 0.00, 22.00, NULL, 0, 1, 1626061373, NULL),
(158, 867, 979, 318, 2000, NULL, NULL, NULL, NULL, NULL, NULL, NULL, NULL, NULL, NULL, 'credit', 'webinar', 30.00, 3.00, 6.00, 0.00, 33.00, NULL, 0, 1, 1626061374, NULL),
(159, NULL, 995, 319, NULL, NULL, NULL, NULL, 3, NULL, NULL, NULL, NULL, NULL, NULL, 'credit', 'subscribe', 20.00, 2.00, 0.00, NULL, 22.00, NULL, 0, 1, 1626061450, NULL),
(160, 867, 995, NULL, 2006, NULL, NULL, NULL, NULL, NULL, NULL, NULL, NULL, NULL, NULL, 'subscribe', 'webinar', 0.00, NULL, NULL, NULL, 0.00, NULL, 0, 1, 1626061483, NULL),
(161, 929, 995, NULL, 2004, NULL, NULL, NULL, NULL, NULL, NULL, NULL, NULL, NULL, NULL, 'subscribe', 'webinar', 0.00, NULL, NULL, NULL, 0.00, NULL, 0, 0, 1626061490, NULL),
(162, 863, 995, NULL, 2002, NULL, NULL, NULL, NULL, NULL, NULL, NULL, NULL, NULL, NULL, 'subscribe', 'webinar', 0.00, NULL, NULL, NULL, 0.00, NULL, 0, 1, 1626061494, NULL),
(163, 1015, 995, NULL, 1996, NULL, NULL, NULL, NULL, NULL, NULL, NULL, NULL, NULL, NULL, 'credit', 'webinar', 0.00, NULL, NULL, NULL, NULL, NULL, 0, 1, 1626062834, NULL),
(164, 1016, 996, NULL, 1995, NULL, NULL, NULL, NULL, NULL, NULL, NULL, NULL, NULL, NULL, 'credit', 'webinar', 0.00, NULL, NULL, NULL, NULL, NULL, 0, 1, 1626129811, NULL),
(165, 1016, 1015, NULL, 1995, NULL, NULL, NULL, NULL, NULL, NULL, NULL, NULL, NULL, NULL, 'credit', 'webinar', 0.00, NULL, NULL, NULL, NULL, NULL, 0, 1, 1626132407, NULL),
(166, 863, 1015, 321, 2002, NULL, NULL, NULL, NULL, NULL, NULL, NULL, NULL, NULL, NULL, 'credit', 'webinar', 20.00, 1.60, 3.20, 4.00, 17.60, NULL, 0, 1, 1626132844, NULL),
(167, NULL, 929, 323, 2004, NULL, NULL, NULL, NULL, NULL, 3, NULL, NULL, NULL, NULL, 'credit', 'promotion', 50.00, 5.00, 0.00, NULL, 55.00, NULL, 0, 1, 1626241152, NULL),
(168, 864, 929, 324, 2003, NULL, NULL, NULL, NULL, NULL, NULL, NULL, NULL, NULL, NULL, 'credit', 'webinar', 40.00, 3.00, 6.00, 10.00, 33.00, NULL, 0, 1, 1626241212, NULL),
(169, 1015, 929, NULL, 1996, NULL, NULL, NULL, NULL, NULL, NULL, NULL, NULL, NULL, NULL, 'credit', 'webinar', 0.00, NULL, NULL, NULL, NULL, NULL, 0, 1, 1626243340, NULL),
(170, 870, 995, 325, NULL, NULL, 33, NULL, NULL, NULL, NULL, NULL, NULL, NULL, NULL, 'credit', 'meeting', 100.00, 10.00, 20.00, 0.00, 110.00, NULL, 0, 1, 1626247195, 1626247245),
(171, 867, 996, 327, 2000, NULL, NULL, NULL, NULL, NULL, NULL, NULL, NULL, NULL, NULL, 'credit', 'webinar', 30.00, 2.70, 5.40, 3.00, 29.70, NULL, 0, 1, 1626508956, NULL),
(172, 867, 995, NULL, 2007, NULL, NULL, NULL, NULL, NULL, NULL, NULL, NULL, NULL, NULL, 'credit', 'webinar', 0.00, NULL, NULL, NULL, 0.00, NULL, 0, 1, 1635408189, NULL),
(173, 867, 929, 328, 2000, NULL, NULL, NULL, NULL, NULL, NULL, NULL, NULL, NULL, NULL, 'credit', 'webinar', 30.00, 3.00, 6.00, 0.00, 33.00, NULL, 0, 1, 1635412196, NULL),
(174, 867, 1017, 330, 2000, NULL, NULL, NULL, NULL, NULL, NULL, NULL, NULL, NULL, NULL, 'credit', 'webinar', 30.00, 3.00, 6.00, 0.00, 33.00, NULL, 0, 1, 1639379284, NULL),
(175, 1016, 1017, NULL, 1995, NULL, NULL, NULL, NULL, NULL, NULL, NULL, NULL, NULL, NULL, 'credit', 'webinar', 0.00, NULL, NULL, NULL, 0.00, NULL, 0, 1, 1639379336, NULL),
(176, 1015, 1017, 331, 1998, NULL, NULL, NULL, NULL, NULL, NULL, NULL, NULL, NULL, NULL, 'credit', 'webinar', 100.00, 10.00, 20.00, 0.00, 110.00, NULL, 0, 1, 1639379350, NULL),
(177, 864, 1017, 332, 2003, NULL, NULL, NULL, NULL, NULL, NULL, NULL, NULL, NULL, NULL, 'credit', 'webinar', 40.00, 3.00, 6.00, 10.00, 33.00, NULL, 0, 1, 1639379388, NULL),
(178, 1015, 995, NULL, 2008, NULL, NULL, NULL, NULL, NULL, NULL, NULL, NULL, NULL, NULL, 'credit', 'webinar', 0.00, NULL, NULL, NULL, 0.00, NULL, 0, 1, 1646127212, NULL),
(179, 1015, 995, 333, 2009, NULL, NULL, NULL, NULL, NULL, NULL, NULL, NULL, NULL, NULL, 'credit', 'webinar', 10.00, 1.00, 2.00, 0.00, 11.00, NULL, 0, 1, 1646172086, NULL),
(180, 1015, 996, 334, 2009, NULL, NULL, NULL, NULL, NULL, NULL, NULL, NULL, NULL, NULL, 'credit', 'webinar', 10.00, 0.90, 1.80, 1.00, 9.90, NULL, 0, 1, 1646172123, NULL),
(181, 1015, 979, 335, 2009, NULL, NULL, NULL, NULL, NULL, NULL, NULL, NULL, NULL, NULL, 'credit', 'webinar', 10.00, 1.00, 2.00, 0.00, 11.00, NULL, 0, 1, 1646172159, NULL),
(182, 1015, 929, 336, 2009, NULL, NULL, NULL, NULL, NULL, NULL, NULL, NULL, NULL, NULL, 'credit', 'webinar', 10.00, 1.00, 2.00, 0.00, 11.00, NULL, 0, 1, 1646172296, NULL),
(183, 1015, 996, NULL, 2008, NULL, NULL, NULL, NULL, NULL, NULL, NULL, NULL, NULL, NULL, 'credit', 'webinar', 0.00, NULL, NULL, NULL, 0.00, NULL, 0, 1, 1646174000, NULL),
(184, 1015, 1017, NULL, 2008, NULL, NULL, NULL, NULL, NULL, NULL, NULL, NULL, NULL, NULL, 'credit', 'webinar', 0.00, NULL, NULL, NULL, 0.00, NULL, 0, 1, 1646174029, NULL),
(185, 1015, 1016, NULL, 2008, NULL, NULL, NULL, NULL, NULL, NULL, NULL, NULL, NULL, NULL, 'credit', 'webinar', 0.00, NULL, NULL, NULL, 0.00, NULL, 0, 1, 1646326504, NULL),
(186, 1015, 995, 337, NULL, NULL, 30, NULL, NULL, NULL, NULL, NULL, NULL, NULL, NULL, 'credit', 'meeting', 750.00, 75.00, 150.00, 0.00, 825.00, NULL, 0, 1, 1646379288, NULL),
(187, NULL, 930, 339, NULL, NULL, NULL, NULL, NULL, NULL, NULL, NULL, 2, NULL, NULL, 'credit', 'registration_package', 199.00, 19.90, 0.00, NULL, 218.90, NULL, 0, 1, 1646386787, NULL),
(188, NULL, 859, 340, NULL, NULL, NULL, NULL, NULL, NULL, NULL, NULL, 4, NULL, NULL, 'credit', 'registration_package', 200.00, 20.00, 0.00, NULL, 220.00, NULL, 0, 1, 1646387655, NULL),
(189, 929, 995, NULL, 2010, NULL, NULL, NULL, NULL, NULL, NULL, NULL, NULL, NULL, NULL, 'credit', 'webinar', 0.00, NULL, NULL, NULL, 0.00, NULL, 0, 1, 1655872666, NULL),
(190, 929, 996, NULL, 2010, NULL, NULL, NULL, NULL, NULL, NULL, NULL, NULL, NULL, NULL, 'credit', 'webinar', 0.00, NULL, NULL, NULL, 0.00, NULL, 0, 1, 1655875500, NULL),
(191, 929, 930, NULL, 2010, NULL, NULL, NULL, NULL, NULL, NULL, NULL, NULL, NULL, NULL, 'credit', 'webinar', 0.00, NULL, NULL, NULL, 0.00, NULL, 0, 1, 1655877104, NULL),
(192, 1015, 930, 341, NULL, 1, NULL, NULL, NULL, NULL, NULL, NULL, NULL, NULL, NULL, 'credit', 'bundle', 50.00, 5.00, 10.00, 0.00, 55.00, 0.00, 0, 1, 1656083262, NULL),
(193, 1016, 995, 342, NULL, NULL, NULL, NULL, NULL, NULL, NULL, 1, NULL, NULL, NULL, 'credit', 'product', 5.00, 0.25, 1.00, 0.00, 5.25, 0.00, 0, 1, 1656103844, NULL),
(194, 1015, 923, 343, NULL, NULL, NULL, NULL, NULL, NULL, NULL, 2, NULL, NULL, NULL, 'credit', 'product', 25.00, 1.25, 2.50, 0.00, 31.25, 5.00, 0, 1, 1656104131, NULL),
(195, 864, 996, 344, 2003, NULL, NULL, NULL, NULL, NULL, NULL, NULL, NULL, NULL, NULL, 'credit', 'webinar', 40.00, 3.60, 7.20, 4.00, 39.60, 0.00, 0, 1, 1656130481, NULL),
(196, 934, 930, 345, NULL, NULL, NULL, NULL, NULL, NULL, NULL, 3, NULL, NULL, NULL, 'credit', 'product', 290.00, 14.50, 29.00, 0.00, 314.50, 10.00, 0, 1, 1656130707, NULL),
(197, 1015, 996, 346, NULL, NULL, NULL, NULL, NULL, NULL, NULL, 4, NULL, NULL, NULL, 'credit', 'product', 75.00, 3.75, 15.00, 0.00, 78.75, 0.00, 0, 1, 1656130963, NULL),
(198, 934, 979, 347, NULL, 2, NULL, NULL, NULL, NULL, NULL, NULL, NULL, NULL, NULL, 'credit', 'bundle', 8.00, 0.80, 1.60, 0.00, 8.80, 0.00, 0, 1, 1656139703, NULL),
(199, 929, 979, 347, NULL, 3, NULL, NULL, NULL, NULL, NULL, NULL, NULL, NULL, NULL, 'credit', 'bundle', 25.00, 2.50, 5.00, 0.00, 27.50, 0.00, 0, 1, 1656139705, NULL),
(200, 1015, 1017, 348, NULL, NULL, NULL, NULL, NULL, NULL, NULL, 5, NULL, NULL, NULL, 'credit', 'product', 25.00, 1.00, 2.00, 5.00, 26.00, 5.00, 0, 1, 1656148574, NULL),
(201, 1015, 995, 350, NULL, NULL, NULL, NULL, NULL, NULL, NULL, 6, NULL, NULL, NULL, 'credit', 'product', 50.00, 2.25, 4.50, 5.00, 52.25, 5.00, 0, 1, 1656148838, NULL),
(202, 1, 995, 351, NULL, NULL, NULL, NULL, NULL, NULL, NULL, 7, NULL, NULL, NULL, 'credit', 'product', 20.00, 1.00, 4.00, 4.00, 17.00, 0.00, 0, 1, 1656322658, NULL),
(269, 929, 979, 696, NULL, NULL, NULL, NULL, NULL, NULL, NULL, NULL, NULL, NULL, 6, 'credit', 'gift', 60.00, 3.60, 3.60, 24.00, 39.60, 0.00, 0, 1, 1678919437, NULL),
(276, 870, 1045, 703, 2022, NULL, NULL, NULL, NULL, NULL, NULL, NULL, NULL, NULL, NULL, 'credit', 'webinar', 100.00, 10.00, 20.00, 0.00, 110.00, 0.00, 0, 1, 1678959222, NULL),
(278, 929, 930, 705, 2004, NULL, NULL, NULL, NULL, NULL, NULL, NULL, NULL, NULL, NULL, 'credit', 'webinar', 60.00, 3.60, 3.60, 24.00, 39.60, 0.00, 0, 1, 1678961218, NULL),
(280, 867, 1045, 707, 2000, NULL, NULL, NULL, NULL, NULL, NULL, NULL, NULL, NULL, NULL, 'credit', 'webinar', 30.00, 3.00, 6.00, 0.00, 33.00, 0.00, 0, 1, 1679088431, NULL),
(281, NULL, 995, 708, NULL, NULL, NULL, NULL, NULL, NULL, NULL, NULL, NULL, 1, NULL, 'credit', 'installment_payment', 30.00, 3.00, 6.00, 0.00, 33.00, 0.00, 0, 1, 1685783051, NULL),
(282, NULL, 930, 709, NULL, NULL, NULL, NULL, NULL, NULL, NULL, NULL, NULL, 2, NULL, 'credit', 'installment_payment', 30.00, 3.00, 6.00, 0.00, 33.00, 0.00, 0, 1, 1685783153, NULL),
(283, 929, 995, NULL, 2010, NULL, NULL, NULL, NULL, NULL, NULL, NULL, NULL, NULL, NULL, 'credit', 'webinar', 0.00, NULL, NULL, NULL, 0.00, NULL, 0, 1, 1751721627, NULL),
(284, NULL, 1015, 710, NULL, NULL, NULL, NULL, 5, NULL, NULL, NULL, NULL, NULL, NULL, 'credit', 'subscribe', 40.00, 4.00, 0.00, NULL, 44.00, NULL, 0, 1, 1751723593, NULL),
(285, 1015, 995, 711, NULL, NULL, 30, 99, NULL, NULL, NULL, NULL, NULL, NULL, NULL, 'credit', 'meeting', 100.00, 10.00, 30.00, 0.00, 110.00, 0.00, 0, 1, 1751723857, NULL);

-- --------------------------------------------------------

--
-- Table structure for table `sales_log`
--

CREATE TABLE `sales_log` (
  `id` int(10) UNSIGNED NOT NULL,
  `sale_id` int(10) UNSIGNED NOT NULL,
  `viewed_at` int(10) UNSIGNED NOT NULL
) ENGINE=InnoDB DEFAULT CHARSET=utf8mb4 COLLATE=utf8mb4_unicode_ci;

--
-- Dumping data for table `sales_log`
--

INSERT INTO `sales_log` (`id`, `sale_id`, `viewed_at`) VALUES
(1, 173, 1635412221),
(2, 172, 1635412222),
(3, 171, 1635412222),
(4, 170, 1635412222),
(5, 169, 1635412222),
(6, 168, 1635412222),
(7, 167, 1635412222),
(8, 166, 1635412222),
(9, 165, 1635412222),
(10, 164, 1635412222),
(11, 163, 1635412231),
(12, 162, 1635412231),
(13, 161, 1635412231),
(14, 160, 1635412231),
(15, 159, 1635412231),
(16, 158, 1635412231),
(17, 157, 1635412231),
(18, 156, 1635412231),
(19, 155, 1635412231),
(20, 154, 1635412231),
(21, 153, 1635412234),
(22, 152, 1635412234),
(23, 151, 1635412234),
(24, 150, 1635412234),
(25, 149, 1635412234),
(26, 148, 1635412234),
(27, 147, 1635412234),
(28, 146, 1635412234),
(29, 145, 1635412234),
(30, 144, 1635412234),
(31, 143, 1635412235),
(32, 142, 1635412235),
(33, 141, 1635412235),
(34, 184, 1646260033),
(35, 183, 1646260033),
(36, 182, 1646260033),
(37, 181, 1646260033),
(38, 180, 1646260033),
(39, 179, 1646260033),
(40, 178, 1646260033),
(41, 177, 1646260033),
(42, 176, 1646260033),
(43, 175, 1646260033),
(44, 191, 1655970525),
(45, 190, 1655970525),
(46, 189, 1655970525),
(47, 185, 1655970525),
(48, 195, 1656233676),
(126, 199, 1678864379),
(127, 198, 1678864379),
(128, 192, 1678864379),
(129, 188, 1678864379),
(130, 187, 1678864379),
(131, 186, 1678864379),
(132, 174, 1678864399),
(133, 269, 1678925651),
(135, 278, 1679088169),
(137, 276, 1679088169),
(138, 280, 1679090268),
(139, 282, 1749377659),
(140, 281, 1749377659),
(141, 285, 1752178278),
(142, 284, 1752178278),
(143, 283, 1752178278);

-- --------------------------------------------------------

--
-- Table structure for table `sections`
--

CREATE TABLE `sections` (
  `id` int(10) UNSIGNED NOT NULL,
  `name` varchar(64) NOT NULL,
  `section_group_id` int(10) UNSIGNED DEFAULT NULL,
  `caption` varchar(128) NOT NULL,
  `type` enum('admin','panel') NOT NULL DEFAULT 'admin'
) ENGINE=InnoDB DEFAULT CHARSET=utf8mb4 COLLATE=utf8mb4_unicode_ci;

--
-- Dumping data for table `sections`
--

INSERT INTO `sections` (`id`, `name`, `section_group_id`, `caption`, `type`) VALUES
(1, 'admin_general_dashboard', NULL, 'General Dashboard', 'admin'),
(2, 'admin_general_dashboard_show', 1, 'General Dashboard page', 'admin'),
(3, 'admin_general_dashboard_quick_access_links', 1, 'Quick access links in General Dashboard', 'admin'),
(4, 'admin_general_dashboard_daily_sales_statistics', 1, 'Daily Sales Type Statistics Section', 'admin'),
(5, 'admin_general_dashboard_income_statistics', 1, 'Income Statistics Section', 'admin'),
(6, 'admin_general_dashboard_total_sales_statistics', 1, 'Total Sales Statistics Section', 'admin'),
(7, 'admin_general_dashboard_new_sales', 1, 'New Sales Section', 'admin'),
(8, 'admin_general_dashboard_new_comments', 1, 'New Comments Section', 'admin'),
(9, 'admin_general_dashboard_new_tickets', 1, 'New Tickets Section', 'admin'),
(10, 'admin_general_dashboard_new_reviews', 1, 'New Reviews Section', 'admin'),
(11, 'admin_general_dashboard_sales_statistics_chart', 1, 'Sales Statistics Chart', 'admin'),
(12, 'admin_general_dashboard_recent_comments', 1, 'Recent comments Section', 'admin'),
(13, 'admin_general_dashboard_recent_tickets', 1, 'Recent tickets Section', 'admin'),
(14, 'admin_general_dashboard_recent_webinars', 1, 'Recent webinars Section', 'admin'),
(15, 'admin_general_dashboard_recent_courses', 1, 'Recent courses Section', 'admin'),
(16, 'admin_general_dashboard_users_statistics_chart', 1, 'Users Statistics Chart', 'admin'),
(17, 'admin_clear_cache', 1, 'Clear cache', 'admin'),
(25, 'admin_marketing_dashboard', NULL, 'Marketing Dashboard', 'admin'),
(26, 'admin_marketing_dashboard_show', 25, 'Marketing Dashboard page', 'admin'),
(50, 'admin_roles', NULL, 'Roles', 'admin'),
(51, 'admin_roles_list', 50, 'Roles List', 'admin'),
(52, 'admin_roles_create', 50, 'Create Role', 'admin'),
(53, 'admin_roles_edit', 50, 'Edit Role', 'admin'),
(54, 'admin_roles_delete', 50, 'Delete Role', 'admin'),
(100, 'admin_users', NULL, 'Users', 'admin'),
(101, 'admin_staffs_list', 100, 'Staffs list', 'admin'),
(102, 'admin_users_list', 100, 'Students list', 'admin'),
(103, 'admin_instructors_list', 100, 'Instructors list', 'admin'),
(104, 'admin_organizations_list', 100, 'Organizations list', 'admin'),
(105, 'admin_users_create', 100, 'Create User', 'admin'),
(106, 'admin_users_edit', 100, 'Edit User', 'admin'),
(107, 'admin_users_delete', 100, 'Delete User', 'admin'),
(108, 'admin_users_export_excel', 100, 'List Export excel', 'admin'),
(109, 'admin_users_badges', 100, 'Users Badges', 'admin'),
(110, 'admin_users_badges_edit', 100, 'Badges edit', 'admin'),
(111, 'admin_users_badges_delete', 100, 'Badges delete', 'admin'),
(112, 'admin_users_impersonate', 100, 'users impersonate (login by users)', 'admin'),
(113, 'admin_become_instructors_list', 100, 'Lists of requests for become instructors', 'admin'),
(114, 'admin_become_instructors_reject', 100, 'Reject requests for become instructors', 'admin'),
(115, 'admin_become_instructors_delete', 100, 'Delete requests for become instructors', 'admin'),
(116, 'admin_update_user_registration_package', 100, 'Edit user registration package', 'admin'),
(117, 'admin_update_user_meeting_settings', 100, 'Edit user meeting settings', 'admin'),
(118, 'admin_update_user_role_in_edit_page', 100, 'Update User role in edit page', 'admin'),
(150, 'admin_webinars', NULL, 'Webinars', 'admin'),
(151, 'admin_webinars_list', 150, 'Webinars List', 'admin'),
(152, 'admin_webinars_create', 150, 'Webinars Create', 'admin'),
(153, 'admin_webinars_edit', 150, 'Webinars Edit', 'admin'),
(154, 'admin_webinars_delete', 150, 'Webinars Delete', 'admin'),
(155, 'admin_webinars_export_excel', 150, 'Export excel webinars list', 'admin'),
(156, 'admin_feature_webinars', 150, 'Feature webinars list', 'admin'),
(157, 'admin_feature_webinars_create', 150, 'create feature webinar', 'admin'),
(158, 'admin_feature_webinars_export_excel', 150, 'Feature webinar export excel', 'admin'),
(159, 'admin_webinar_students_lists', 150, 'Webinar students Lists', 'admin'),
(160, 'admin_webinar_students_delete', 150, 'Webinar students delete', 'admin'),
(161, 'admin_webinar_notification_to_students', 150, 'Send notification to course students', 'admin'),
(162, 'admin_webinar_statistics', 150, 'Course statistics', 'admin'),
(163, 'admin_agora_history_list', 150, 'Agora history lists', 'admin'),
(164, 'admin_agora_history_export', 150, 'Agora history export', 'admin'),
(165, 'admin_course_question_forum_list', 150, 'Forum Question Lists', 'admin'),
(166, 'admin_course_question_forum_answers', 150, 'Forum Answers Lists', 'admin'),
(167, 'admin_course_personal_notes', 150, 'Course Personal Notes', 'admin'),
(200, 'admin_categories', NULL, 'Categories', 'admin'),
(201, 'admin_categories_list', 200, 'Categories List', 'admin'),
(202, 'admin_categories_create', 200, 'Create Category', 'admin'),
(203, 'admin_categories_edit', 200, 'Edit Category', 'admin'),
(204, 'admin_categories_delete', 200, 'Delete Category', 'admin'),
(205, 'admin_trending_categories', 200, 'Trends Categories List', 'admin'),
(206, 'admin_create_trending_categories', 200, 'Create Trend Categories', 'admin'),
(207, 'admin_edit_trending_categories', 200, 'Edit Trend Categories', 'admin'),
(208, 'admin_delete_trending_categories', 200, 'Delete Trend Categories', 'admin'),
(250, 'admin_tags', NULL, 'Tags', 'admin'),
(251, 'admin_tags_list', 250, 'Tags List', 'admin'),
(252, 'admin_tags_create', 250, 'Create Tag', 'admin'),
(253, 'admin_tags_edit', 250, 'Edit Tag', 'admin'),
(254, 'admin_tags_delete', 250, 'Delete Tag', 'admin'),
(300, 'admin_filters', NULL, 'Filters', 'admin'),
(301, 'admin_filters_list', 300, 'Filters List', 'admin'),
(302, 'admin_filters_create', 300, 'Create Filter', 'admin'),
(303, 'admin_filters_edit', 300, 'Edit Filter', 'admin'),
(304, 'admin_filters_delete', 300, 'Delete Filter', 'admin'),
(350, 'admin_quizzes', NULL, 'Quizzes', 'admin'),
(351, 'admin_quizzes_list', 350, 'Quizzes List', 'admin'),
(352, 'admin_quizzes_create', 350, 'Create Quiz', 'admin'),
(353, 'admin_quizzes_edit', 350, 'Edit Quiz', 'admin'),
(354, 'admin_quizzes_delete', 350, 'Delete Quiz', 'admin'),
(355, 'admin_quizzes_results', 350, 'Quizzes results', 'admin'),
(356, 'admin_quizzes_results_delete', 350, 'Quizzes results delete', 'admin'),
(357, 'admin_quizzes_lists_excel', 350, 'Quizzes export excel', 'admin'),
(400, 'admin_quiz_result', NULL, 'Quiz Results', 'admin'),
(401, 'admin_quiz_result_list', 400, 'Quiz Results List', 'admin'),
(402, 'admin_quiz_result_create', 400, 'Create Quiz Result', 'admin'),
(403, 'admin_quiz_result_edit', 400, 'Edit Quiz Result', 'admin'),
(404, 'admin_quiz_result_delete', 400, 'Delete Quiz Result', 'admin'),
(405, 'admin_quiz_result_review', 400, 'Review Result', 'admin'),
(406, 'admin_quiz_result_export_excel', 400, 'quiz result export excel', 'admin'),
(450, 'admin_certificate', NULL, 'Certificate', 'admin'),
(451, 'admin_certificate_list', 450, 'Certificates List', 'admin'),
(452, 'admin_certificate_create', 450, 'Create Certificate', 'admin'),
(453, 'admin_certificate_edit', 450, 'Edit Certificate', 'admin'),
(454, 'admin_certificate_delete', 450, 'Delete Certificate', 'admin'),
(455, 'admin_certificate_template_list', 450, 'Certificate template lists', 'admin'),
(456, 'admin_certificate_template_create', 450, 'Certificate template create', 'admin'),
(457, 'admin_certificate_template_edit', 450, 'Certificate template edit', 'admin'),
(458, 'admin_certificate_template_delete', 450, 'Certificate template delete', 'admin'),
(459, 'admin_certificate_export_excel', 450, 'Certificates export excel', 'admin'),
(460, 'admin_course_certificate_list', 450, 'Course Competition Certificates', 'admin'),
(461, 'admin_certificate_settings', 450, 'Settings', 'admin'),
(500, 'admin_discount_codes', NULL, 'Discount codes', 'admin'),
(501, 'admin_discount_codes_list', 500, 'Discount codes list', 'admin'),
(502, 'admin_discount_codes_create', 500, 'Discount codes create', 'admin'),
(503, 'admin_discount_codes_edit', 500, 'Discount codes edit', 'admin'),
(504, 'admin_discount_codes_delete', 500, 'Discount codes delete', 'admin'),
(505, 'admin_discount_codes_export', 500, 'Discount codes export excel', 'admin'),
(550, 'admin_group', NULL, 'Groups', 'admin'),
(551, 'admin_group_list', 550, 'Groups List', 'admin'),
(552, 'admin_group_create', 550, 'Create Group', 'admin'),
(553, 'admin_group_edit', 550, 'Edit Group', 'admin'),
(554, 'admin_group_delete', 550, 'Delete Group', 'admin'),
(555, 'admin_update_group_registration_package', 550, 'Update group registration package', 'admin'),
(600, 'admin_payment_channel', NULL, 'Payment Channels', 'admin'),
(601, 'admin_payment_channel_list', 600, 'Payment Channels List', 'admin'),
(602, 'admin_payment_channel_toggle_status', 600, 'active or inactive channel', 'admin'),
(603, 'admin_payment_channel_edit', 600, 'Edit Payment Channel', 'admin'),
(650, 'admin_settings', NULL, 'settings', 'admin'),
(651, 'admin_settings_general', 650, 'General settings', 'admin'),
(652, 'admin_settings_financial', 650, 'Financial settings', 'admin'),
(653, 'admin_settings_personalization', 650, 'Personalization settings', 'admin'),
(654, 'admin_settings_notifications', 650, 'Notifications settings', 'admin'),
(655, 'admin_settings_seo', 650, 'Seo settings', 'admin'),
(656, 'admin_settings_update_app', 650, 'Update App settings', 'admin'),
(657, 'admin_settings_mobile_app', 650, 'Mobile App settings', 'admin'),
(658, 'admin_settings_home_sections', 650, 'Home sections settings', 'admin'),
(700, 'admin_blog', NULL, 'Blog', 'admin'),
(701, 'admin_blog_lists', 700, 'Blog lists', 'admin'),
(702, 'admin_blog_create', 700, 'Blog create', 'admin'),
(703, 'admin_blog_edit', 700, 'Blog edit', 'admin'),
(704, 'admin_blog_delete', 700, 'Blog delete', 'admin'),
(705, 'admin_blog_categories', 700, 'Blog categories list', 'admin'),
(706, 'admin_blog_categories_create', 700, 'Blog categories create', 'admin'),
(707, 'admin_blog_categories_edit', 700, 'Blog categories edit', 'admin'),
(708, 'admin_blog_categories_delete', 700, 'Blog categories delete', 'admin'),
(709, 'admin_blog_featured_categories', 700, 'Blog Featured Categories (List/Create/Delete)', 'admin'),
(710, 'admin_blog_featured_contents', 700, 'Blog Featured Contents (List/Create/Delete)', 'admin'),
(750, 'admin_sales', NULL, 'Sales', 'admin'),
(751, 'admin_sales_list', 750, 'Sales List', 'admin'),
(752, 'admin_sales_refund', 750, 'Sales Refund', 'admin'),
(753, 'admin_sales_invoice', 750, 'Sales invoice', 'admin'),
(754, 'admin_sales_export', 750, 'Sales Export Excel', 'admin'),
(800, 'admin_documents', NULL, 'Balances', 'admin'),
(801, 'admin_documents_list', 800, 'Balances List', 'admin'),
(802, 'admin_documents_create', 800, 'Balances Create', 'admin'),
(803, 'admin_documents_print', 800, 'Balances print', 'admin'),
(850, 'admin_payouts', NULL, 'Payout', 'admin'),
(851, 'admin_payouts_list', 850, 'Payout List', 'admin'),
(852, 'admin_payouts_reject', 850, 'Payout Reject', 'admin'),
(853, 'admin_payouts_payout', 850, 'Payout accept', 'admin'),
(854, 'admin_payouts_export_excel', 850, 'Payout export excel', 'admin'),
(900, 'admin_offline_payments', NULL, 'Offline Payments', 'admin'),
(901, 'admin_offline_payments_list', 900, 'Offline Payments List', 'admin'),
(902, 'admin_offline_payments_reject', 900, 'Offline Payments Reject', 'admin'),
(903, 'admin_offline_payments_approved', 900, 'Offline Payments Approved', 'admin'),
(904, 'admin_offline_payments_export_excel', 900, 'Offline Payments export excel', 'admin'),
(950, 'admin_supports', NULL, 'Supports', 'admin'),
(951, 'admin_supports_list', 950, 'Supports List', 'admin'),
(952, 'admin_support_send', 950, 'Send Support', 'admin'),
(953, 'admin_supports_reply', 950, 'Supports reply', 'admin'),
(954, 'admin_supports_delete', 950, 'Supports delete', 'admin'),
(955, 'admin_support_departments', 950, 'Support departments lists', 'admin'),
(956, 'admin_support_department_create', 950, 'Create support department', 'admin'),
(957, 'admin_support_departments_edit', 950, 'Edit support departments', 'admin'),
(958, 'admin_support_departments_delete', 950, 'Delete support department', 'admin'),
(959, 'admin_support_course_conversations', 950, 'Course conversations', 'admin'),
(1000, 'admin_subscribe', NULL, 'Subscribes', 'admin'),
(1001, 'admin_subscribe_list', 1000, 'Subscribes list', 'admin'),
(1002, 'admin_subscribe_create', 1000, 'Subscribes create', 'admin'),
(1003, 'admin_subscribe_edit', 1000, 'Subscribes edit', 'admin'),
(1004, 'admin_subscribe_delete', 1000, 'Subscribes delete', 'admin'),
(1050, 'admin_notifications', NULL, 'Notifications', 'admin'),
(1051, 'admin_notifications_list', 1050, 'Notifications list', 'admin'),
(1052, 'admin_notifications_send', 1050, 'Send Notifications', 'admin'),
(1053, 'admin_notifications_edit', 1050, 'Edit and details Notifications', 'admin'),
(1054, 'admin_notifications_delete', 1050, 'Delete Notifications', 'admin'),
(1055, 'admin_notifications_markAllRead', 1050, 'Mark All Read Notifications', 'admin'),
(1056, 'admin_notifications_templates', 1050, 'Notifications templates', 'admin'),
(1057, 'admin_notifications_template_create', 1050, 'Create notification template', 'admin'),
(1058, 'admin_notifications_template_edit', 1050, 'Edit notification template', 'admin'),
(1059, 'admin_notifications_template_delete', 1050, 'Delete notification template', 'admin'),
(1060, 'admin_notifications_posted_list', 1050, 'Notifications Posted list', 'admin'),
(1075, 'admin_noticeboards', NULL, 'Noticeboards', 'admin'),
(1076, 'admin_noticeboards_list', 1075, 'Noticeboards list', 'admin'),
(1077, 'admin_noticeboards_send', 1075, 'Send Noticeboards', 'admin'),
(1078, 'admin_noticeboards_edit', 1075, 'Edit Noticeboards', 'admin'),
(1079, 'admin_noticeboards_delete', 1075, 'Delete Noticeboards', 'admin'),
(1080, 'admin_course_noticeboards_list', 1075, 'Course Noticeboards list', 'admin'),
(1081, 'admin_course_noticeboards_send', 1075, 'Send Course Noticeboards', 'admin'),
(1082, 'admin_course_noticeboards_edit', 1075, 'Edit Course Noticeboards', 'admin'),
(1083, 'admin_course_noticeboards_delete', 1075, 'Delete Course Noticeboards', 'admin'),
(1100, 'admin_promotion', NULL, 'Promotions', 'admin'),
(1101, 'admin_promotion_list', 1100, 'Promotions list', 'admin'),
(1102, 'admin_promotion_create', 1100, 'Promotion create', 'admin'),
(1103, 'admin_promotion_edit', 1100, 'Promotion edit', 'admin'),
(1104, 'admin_promotion_delete', 1100, 'Promotion delete', 'admin'),
(1150, 'admin_testimonials', NULL, 'testimonials', 'admin'),
(1151, 'admin_testimonials_list', 1150, 'testimonials list', 'admin'),
(1152, 'admin_testimonials_create', 1150, 'testimonials create', 'admin'),
(1153, 'admin_testimonials_edit', 1150, 'testimonials edit', 'admin'),
(1154, 'admin_testimonials_delete', 1150, 'testimonials delete', 'admin'),
(1200, 'admin_advertising', NULL, 'advertising', 'admin'),
(1201, 'admin_advertising_banners', 1200, 'advertising banners list', 'admin'),
(1202, 'admin_advertising_banners_create', 1200, 'create advertising banner', 'admin'),
(1203, 'admin_advertising_banners_edit', 1200, 'edit advertising banner', 'admin'),
(1204, 'admin_advertising_banners_delete', 1200, 'delete advertising banner', 'admin'),
(1230, 'admin_newsletters', NULL, 'Newsletters', 'admin'),
(1231, 'admin_newsletters_lists', 1230, 'Newsletters lists', 'admin'),
(1232, 'admin_newsletters_send', 1230, 'Send Newsletters', 'admin'),
(1233, 'admin_newsletters_history', 1230, 'Newsletters histories', 'admin'),
(1234, 'admin_newsletters_delete', 1230, 'Delete newsletters item', 'admin'),
(1235, 'admin_newsletters_export_excel', 1230, 'Export excel newsletters item', 'admin'),
(1250, 'admin_contacts', NULL, 'Contacts', 'admin'),
(1251, 'admin_contacts_lists', 1250, 'Contacts lists', 'admin'),
(1252, 'admin_contacts_reply', 1250, 'Contacts reply', 'admin'),
(1253, 'admin_contacts_delete', 1250, 'Contacts delete', 'admin'),
(1300, 'admin_product_discount', NULL, 'product discount', 'admin'),
(1301, 'admin_product_discount_list', 1300, 'product discount list', 'admin'),
(1302, 'admin_product_discount_create', 1300, 'create product discount', 'admin'),
(1303, 'admin_product_discount_edit', 1300, 'edit product discount', 'admin'),
(1304, 'admin_product_discount_delete', 1300, 'delete product discount', 'admin'),
(1305, 'admin_product_discount_export', 1300, 'delete product export excel', 'admin'),
(1350, 'admin_pages', NULL, 'pages', 'admin'),
(1351, 'admin_pages_list', 1350, 'pages list', 'admin'),
(1352, 'admin_pages_create', 1350, 'pages create', 'admin'),
(1353, 'admin_pages_edit', 1350, 'pages edit', 'admin'),
(1354, 'admin_pages_toggle', 1350, 'pages toggle publish/draft', 'admin'),
(1355, 'admin_pages_delete', 1350, 'pages delete', 'admin'),
(1400, 'admin_comments', NULL, 'Comments', 'admin'),
(1401, 'admin_comments_edit', 1400, 'Comments edit', 'admin'),
(1402, 'admin_comments_reply', 1400, 'Comments reply', 'admin'),
(1403, 'admin_comments_delete', 1400, 'Comments delete', 'admin'),
(1404, 'admin_comments_status', 1400, 'Comments status (active or pending)', 'admin'),
(1405, 'admin_comments_reports', 1400, 'Reports', 'admin'),
(1406, 'admin_webinar_comments', 1400, 'Classes comments', 'admin'),
(1407, 'admin_blog_comments', 1400, 'Blog comments', 'admin'),
(1408, 'admin_product_comments', 1400, 'Product comments', 'admin'),
(1409, 'admin_bundle_comments', 1400, 'Bundle comments', 'admin'),
(1450, 'admin_reports', NULL, 'Reports', 'admin'),
(1451, 'admin_webinar_reports', 1450, 'Classes reports', 'admin'),
(1452, 'admin_webinar_comments_reports', 1450, 'Classes Comments reports', 'admin'),
(1453, 'admin_webinar_reports_delete', 1450, 'Classes reports delete', 'admin'),
(1454, 'admin_blog_comments_reports', 1450, 'Blog Comments reports', 'admin'),
(1455, 'admin_report_reasons', 1450, 'Reports reasons', 'admin'),
(1456, 'admin_product_comments_reports', 1450, 'Products Comments reports', 'admin'),
(1457, 'admin_forum_topic_post_reports', 1450, 'Forum Topic Posts Reports', 'admin'),
(1500, 'admin_additional_pages', NULL, 'Additional Pages', 'admin'),
(1501, 'admin_additional_pages_errors', 1500, 'Errors page settings (404, 419, 403, 500)', 'admin'),
(1502, 'admin_additional_pages_contact_us', 1500, 'Contact page settings', 'admin'),
(1503, 'admin_additional_pages_footer', 1500, 'Footer settings', 'admin'),
(1504, 'admin_additional_pages_navbar_links', 1500, 'Top Navbar links settings', 'admin'),
(1550, 'admin_appointments', NULL, 'Appointments', 'admin'),
(1551, 'admin_appointments_lists', 1550, 'Appointments lists', 'admin'),
(1552, 'admin_appointments_join', 1550, 'Appointments join', 'admin'),
(1553, 'admin_appointments_send_reminder', 1550, 'Appointments send reminder', 'admin'),
(1554, 'admin_appointments_cancel', 1550, 'Appointments cancel', 'admin'),
(1600, 'admin_reviews', NULL, 'Reviews', 'admin'),
(1601, 'admin_reviews_lists', 1600, 'Reviews lists', 'admin'),
(1602, 'admin_reviews_status_toggle', 1600, 'Reviews status toggle (publish or hidden)', 'admin'),
(1603, 'admin_reviews_detail_show', 1600, 'Review details page', 'admin'),
(1604, 'admin_reviews_reply', 1600, 'Review reply', 'admin'),
(1605, 'admin_reviews_delete', 1600, 'Review delete', 'admin'),
(1650, 'admin_consultants', NULL, 'Consultants', 'admin'),
(1651, 'admin_consultants_lists', 1650, 'Consultants lists', 'admin'),
(1652, 'admin_consultants_export_excel', 1650, 'Consultants export excel', 'admin'),
(1675, 'admin_referrals', NULL, 'Referrals', 'admin'),
(1676, 'admin_referrals_history', 1675, 'Referrals History', 'admin'),
(1677, 'admin_referrals_users', 1675, 'Referrals users', 'admin'),
(1678, 'admin_referrals_export', 1675, 'Export Referrals', 'admin'),
(1725, 'admin_regions', NULL, 'Regions', 'admin'),
(1726, 'admin_regions_countries', 1725, 'countries lists', 'admin'),
(1727, 'admin_regions_provinces', 1725, 'provinces lists', 'admin'),
(1728, 'admin_regions_cities', 1725, 'cities lists', 'admin'),
(1729, 'admin_regions_districts', 1725, 'districts lists', 'admin'),
(1730, 'admin_regions_create', 1725, 'create item', 'admin'),
(1731, 'admin_regions_edit', 1725, 'edit item', 'admin'),
(1732, 'admin_regions_delete', 1725, 'delete item', 'admin'),
(1750, 'admin_rewards', NULL, 'Rewards', 'admin'),
(1751, 'admin_rewards_history', 1750, 'Rewards history', 'admin'),
(1752, 'admin_rewards_settings', 1750, 'Rewards settings', 'admin'),
(1753, 'admin_rewards_items', 1750, 'Rewards items', 'admin'),
(1754, 'admin_rewards_item_delete', 1750, 'Reward item delete', 'admin'),
(1775, 'admin_registration_packages', NULL, 'Registration packages', 'admin'),
(1776, 'admin_registration_packages_lists', 1775, 'packages lists', 'admin'),
(1777, 'admin_registration_packages_new', 1775, 'New package', 'admin'),
(1778, 'admin_registration_packages_edit', 1775, 'Edit package', 'admin'),
(1779, 'admin_registration_packages_delete', 1775, 'Delete package', 'admin'),
(1780, 'admin_registration_packages_reports', 1775, 'Reports', 'admin'),
(1781, 'admin_registration_packages_settings', 1775, 'Settings', 'admin'),
(1800, 'admin_store', NULL, 'Store', 'admin'),
(1801, 'admin_store_products', 1800, 'Products lists', 'admin'),
(1802, 'admin_store_new_product', 1800, 'Create New Product', 'admin'),
(1803, 'admin_store_edit_product', 1800, 'Edit Product', 'admin'),
(1804, 'admin_store_delete_product', 1800, 'Delete Product', 'admin'),
(1805, 'admin_store_export_products', 1800, 'Export excel Products', 'admin'),
(1806, 'admin_store_categories_list', 1800, 'Store Categories Lists', 'admin'),
(1807, 'admin_store_categories_create', 1800, 'Create Store Category', 'admin'),
(1808, 'admin_store_categories_edit', 1800, 'Edit Store Category', 'admin'),
(1809, 'admin_store_categories_delete', 1800, 'Delete Store Category', 'admin'),
(1810, 'admin_store_filters_list', 1800, 'Store Filters Lists', 'admin'),
(1811, 'admin_store_filters_create', 1800, 'Create Store Filter', 'admin'),
(1812, 'admin_store_filters_edit', 1800, 'Edit Store Filter', 'admin'),
(1813, 'admin_store_filters_delete', 1800, 'Delete Store Filter', 'admin'),
(1814, 'admin_store_specifications', 1800, 'Store Specifications', 'admin'),
(1815, 'admin_store_specifications_create', 1800, 'Create New Store Specification', 'admin'),
(1816, 'admin_store_specifications_edit', 1800, 'Edit Store Specification', 'admin'),
(1817, 'admin_store_specifications_delete', 1800, 'Delete Store Specification', 'admin'),
(1818, 'admin_store_discounts', 1800, 'Store Discounts Lists', 'admin'),
(1819, 'admin_store_discounts_create', 1800, 'Create New Store discount', 'admin'),
(1820, 'admin_store_discounts_edit', 1800, 'Edit Store discount', 'admin'),
(1821, 'admin_store_discounts_delete', 1800, 'Delete Store discount', 'admin'),
(1822, 'admin_store_products_orders', 1800, 'Products Orders', 'admin'),
(1823, 'admin_store_products_orders_refund', 1800, 'Products Orders Refund', 'admin'),
(1824, 'admin_store_products_orders_invoice', 1800, 'Products Orders View Invoice', 'admin'),
(1825, 'admin_store_products_orders_export', 1800, 'Products Orders Export Excel', 'admin'),
(1826, 'admin_store_products_orders_tracking_code', 1800, 'Products Orders Tracking code', 'admin'),
(1827, 'admin_store_products_reviews', 1800, 'Reviews lists', 'admin'),
(1828, 'admin_store_products_reviews_status_toggle', 1800, 'Reviews status toggle (publish or hidden)', 'admin'),
(1829, 'admin_store_products_reviews_detail_show', 1800, 'Review details page', 'admin'),
(1830, 'admin_store_products_reviews_delete', 1800, 'Review delete', 'admin'),
(1831, 'admin_store_settings', 1800, 'Store settings', 'admin'),
(1832, 'admin_store_in_house_products', 1800, 'In-house products', 'admin'),
(1833, 'admin_store_in_house_orders', 1800, 'In-house Products Orders', 'admin'),
(1834, 'admin_store_products_sellers', 1800, 'Products Sellers', 'admin'),
(1835, 'admin_store_top_categories', 1800, 'Store Top Categories (List/Create/Delete)', 'admin'),
(1836, 'admin_store_featured_products', 1800, 'Store Featured Products (List/Create/Delete)', 'admin'),
(1837, 'admin_store_featured_categories', 1800, 'Store Featured Categories (List/Create/Delete)', 'admin'),
(1838, 'admin_store_products_sellers', 1800, 'Products Sellers', 'admin'),
(1850, 'admin_webinar_assignments', NULL, 'Webinar assignments', 'admin'),
(1851, 'admin_webinar_assignments_lists', 1850, 'Assignments lists', 'admin'),
(1852, 'admin_webinar_assignments_students', 1850, 'Assignment students', 'admin'),
(1853, 'admin_webinar_assignments_conversations', 1850, 'Assignment students conversations', 'admin'),
(1875, 'admin_users_not_access_content', NULL, 'Users do not have access to the content', 'admin'),
(1876, 'admin_users_not_access_content_lists', 1875, 'Users lists', 'admin'),
(1877, 'admin_users_not_access_content_toggle', 1875, 'Toggle active/inactive users to view content', 'admin'),
(1900, 'admin_bundles', NULL, 'Bundles', 'admin'),
(1901, 'admin_bundles_list', 1900, 'Bundles Lists', 'admin'),
(1902, 'admin_bundles_create', 1900, 'Create new Bundle', 'admin'),
(1903, 'admin_bundles_edit', 1900, 'Edit bundle', 'admin'),
(1904, 'admin_bundles_delete', 1900, 'Delete bundle', 'admin'),
(1905, 'admin_bundles_export_excel', 1900, 'Export excel', 'admin'),
(1925, 'admin_forum', NULL, 'Forums', 'admin'),
(1926, 'admin_forum_list', 1925, 'Forums Lists', 'admin'),
(1927, 'admin_forum_create', 1925, 'Forums create', 'admin'),
(1928, 'admin_forum_edit', 1925, 'Forums edit', 'admin'),
(1929, 'admin_forum_delete', 1925, 'Forums delete', 'admin'),
(1930, 'admin_forum_topics_lists', 1925, 'Forums topics lists', 'admin'),
(1931, 'admin_forum_topics_create', 1925, 'Forums topics create', 'admin'),
(1932, 'admin_forum_topics_delete', 1925, 'Forums topics delete', 'admin'),
(1933, 'admin_forum_topics_posts', 1925, 'Forums topic posts', 'admin'),
(1934, 'admin_forum_topics_create_posts', 1925, 'Forums topic store posts', 'admin'),
(1935, 'admin_forum_settings', 1925, 'Forums Settings', 'admin'),
(1950, 'admin_featured_topics', NULL, 'Featured topics', 'admin'),
(1951, 'admin_featured_topics_list', 1950, 'Featured topics Lists', 'admin'),
(1952, 'admin_featured_topics_create', 1950, 'Featured topics create', 'admin'),
(1953, 'admin_featured_topics_edit', 1950, 'Featured topics edit', 'admin'),
(1954, 'admin_featured_topics_delete', 1950, 'Featured topics delete', 'admin'),
(1975, 'admin_recommended_topics', NULL, 'Recommended topics', 'admin'),
(1976, 'admin_recommended_topics_list', 1975, 'Recommended topics Lists', 'admin'),
(1977, 'admin_recommended_topics_create', 1975, 'Recommended topics create', 'admin'),
(1978, 'admin_recommended_topics_edit', 1975, 'Recommended topics edit', 'admin'),
(1979, 'admin_recommended_topics_delete', 1975, 'Recommended topics delete', 'admin'),
(2000, 'admin_advertising_modal', NULL, 'Advertising modal', 'admin'),
(2001, 'admin_advertising_modal_config', 2000, 'Set Advertising modal', 'admin'),
(2015, 'admin_enrollment', NULL, 'Enrollment', 'admin'),
(2016, 'admin_enrollment_history', 2015, 'Enrollment History', 'admin'),
(2017, 'admin_enrollment_add_student_to_items', 2015, 'Enrollment Add Student To Items', 'admin'),
(2018, 'admin_enrollment_block_access', 2015, 'Enrollment Block Access', 'admin'),
(2019, 'admin_enrollment_enable_access', 2015, 'Enrollment Enable Access', 'admin'),
(2020, 'admin_enrollment_export', 2015, 'Enrollment Export History', 'admin'),
(2021, 'admin_enrollment_export', 2015, 'Enrollment Export History', 'admin'),
(2030, 'admin_delete_account_requests', NULL, 'Delete Account Requests', 'admin'),
(2031, 'admin_delete_account_requests_lists', 2030, 'Delete Account Requests Lists', 'admin'),
(2032, 'admin_delete_account_requests_confirm', 2030, 'Delete Account Requests Confirm', 'admin'),
(2050, 'admin_upcoming_courses', NULL, 'Upcoming Course', 'admin'),
(2051, 'admin_upcoming_courses_list', 2050, 'Lists', 'admin'),
(2052, 'admin_upcoming_courses_create', 2050, 'Create', 'admin'),
(2053, 'admin_upcoming_courses_edit', 2050, 'Edit and Update', 'admin'),
(2054, 'admin_upcoming_courses_delete', 2050, 'Delete', 'admin'),
(2055, 'admin_upcoming_courses_followers', 2050, 'Followers', 'admin'),
(2070, 'admin_installments', NULL, 'Installments', 'admin'),
(2071, 'admin_installments_list', 2070, 'Lists', 'admin'),
(2072, 'admin_installments_create', 2070, 'Create', 'admin'),
(2073, 'admin_installments_edit', 2070, 'Edit and Update', 'admin'),
(2074, 'admin_installments_delete', 2070, 'Delete', 'admin'),
(2075, 'admin_installments_settings', 2070, 'Settings', 'admin'),
(2076, 'admin_installments_purchases', 2070, 'Purchases', 'admin'),
(2077, 'admin_installments_overdue_lists', 2070, 'Overdue Installments', 'admin'),
(2078, 'admin_installments_overdue_history', 2070, 'Overdue History', 'admin'),
(2079, 'admin_installments_verification_requests', 2070, 'Verification Requests', 'admin'),
(2080, 'admin_installments_verified_users', 2070, 'Verified Users', 'admin'),
(2081, 'admin_installments_orders', 2070, 'Approve/Reject/Refund Requests', 'admin'),
(2090, 'admin_registration_bonus', NULL, 'Registration Bonus', 'admin'),
(2091, 'admin_registration_bonus_history', 2090, 'History', 'admin'),
(2092, 'admin_registration_bonus_settings', 2090, 'Settings', 'admin'),
(2093, 'admin_registration_bonus_export_excel', 2090, 'Export Excel', 'admin'),
(3000, 'admin_floating_bar', NULL, 'Top/Bottom Floating Bar', 'admin'),
(3001, 'admin_floating_bar_create', 3000, 'Create/Edit', 'admin'),
(3010, 'admin_cashback', NULL, 'Cashback', 'admin'),
(3011, 'admin_cashback_rules', 3010, 'Rules', 'admin'),
(3012, 'admin_cashback_transactions', 3010, 'Transactions', 'admin'),
(3013, 'admin_cashback_history', 3010, 'History', 'admin'),
(3020, 'admin_waitlists', NULL, 'Waitlists', 'admin'),
(3021, 'admin_waitlists_lists', 3020, 'Lists', 'admin'),
(3022, 'admin_waitlists_users', 3020, 'Joined Users', 'admin'),
(3023, 'admin_waitlists_exports', 3020, 'Export excel lists', 'admin'),
(3024, 'admin_waitlists_clear_list', 3020, 'Clear lists', 'admin'),
(3025, 'admin_waitlists_disable', 3020, 'Disable', 'admin'),
(3030, 'admin_gift', NULL, 'Gifts', 'admin'),
(3031, 'admin_gift_history', 3030, 'History', 'admin'),
(3032, 'admin_gift_send_reminder', 3030, 'Send Reminder', 'admin'),
(3033, 'admin_gift_cancel', 3030, 'Cancel', 'admin'),
(3034, 'admin_gift_settings', 3030, 'Settings', 'admin'),
(3035, 'admin_gift_export', 3030, 'Export Excel', 'admin'),
(3040, 'admin_forms', NULL, 'Forms', 'admin'),
(3041, 'admin_forms_lists', 3040, 'Lists', 'admin'),
(3042, 'admin_forms_create', 3040, 'Create', 'admin'),
(3043, 'admin_forms_edit', 3040, 'Edit', 'admin'),
(3044, 'admin_forms_delete', 3040, 'Delete', 'admin'),
(3045, 'admin_forms_export', 3040, 'Export', 'admin'),
(3046, 'admin_forms_submissions', 3040, 'Submissions', 'admin'),
(3050, 'admin_ai_contents', NULL, 'AI Contents', 'admin'),
(3051, 'admin_ai_contents_lists', 3050, 'Generated Contents Lists', 'admin'),
(3052, 'admin_ai_contents_templates_lists', 3050, 'Template Lists', 'admin'),
(3053, 'admin_ai_contents_templates_create', 3050, 'Template Create', 'admin'),
(3054, 'admin_ai_contents_templates_edit', 3050, 'Template Edit', 'admin'),
(3055, 'admin_ai_contents_templates_delete', 3050, 'Template Delete', 'admin'),
(3056, 'admin_ai_contents_settings', 3050, 'Settings', 'admin'),
(3060, 'admin_purchase_notifications', NULL, 'Purchase Notifications', 'admin'),
(3061, 'admin_purchase_notifications_lists', 3060, 'Lists', 'admin'),
(3062, 'admin_purchase_notifications_create', 3060, 'Create', 'admin'),
(3063, 'admin_purchase_notifications_edit', 3060, 'Edit', 'admin'),
(3064, 'admin_purchase_notifications_delete', 3060, 'Delete', 'admin'),
(3070, 'admin_content_delete_requests', NULL, 'Content Delete Requests', 'admin'),
(3071, 'admin_content_delete_requests_lists', 3070, 'Lists', 'admin'),
(3072, 'admin_content_delete_requests_actions', 3070, 'Approve/Reject', 'admin'),
(3080, 'admin_user_login_history', NULL, 'User Login History', 'admin'),
(3081, 'admin_user_login_history_lists', 3080, 'Lists', 'admin'),
(3082, 'admin_user_login_history_delete', 3080, 'Delete', 'admin'),
(3083, 'admin_user_login_history_end_session', 3080, 'End Session', 'admin'),
(3084, 'admin_user_login_history_export', 3080, 'Export Excel', 'admin'),
(3090, 'admin_user_ip_restriction', NULL, 'User IP Restriction', 'admin'),
(3091, 'admin_user_ip_restriction_lists', 3090, 'Lists', 'admin'),
(3092, 'admin_user_ip_restriction_create', 3090, 'Create/Edit Restriction', 'admin'),
(3093, 'admin_user_ip_restriction_delete', 3090, 'Delete', 'admin'),
(3100, 'admin_product_badges', NULL, 'Product Badges', 'admin'),
(3101, 'admin_product_badges_lists', 3100, 'Lists', 'admin'),
(3102, 'admin_product_badges_create', 3100, 'Create', 'admin'),
(3103, 'admin_product_badges_edit', 3100, 'Edit', 'admin'),
(3104, 'admin_product_badges_delete', 3100, 'Delete', 'admin'),
(3110, 'admin_cart_discount', NULL, 'Cart Discount', 'admin'),
(3111, 'admin_cart_discount_controls', 3110, 'Controls', 'admin'),
(3120, 'admin_abandoned_cart', NULL, 'Abandoned Cart', 'admin'),
(3121, 'admin_abandoned_cart_rules', 3120, 'Rules (Create/Edit/Delete)', 'admin'),
(3122, 'admin_abandoned_cart_users', 3120, 'Users Cart', 'admin'),
(3123, 'admin_abandoned_cart_settings', 3120, 'Settings', 'admin'),
(3130, 'admin_translator', NULL, 'Translator', 'admin'),
(3131, 'admin_translator_actions', 3130, 'Actions (Create/Edit/Delete)', 'admin'),
(3140, 'admin_instructor_finder', NULL, 'Instructor Finder', 'admin'),
(3141, 'admin_instructor_finder_settings', 3140, 'Settings', 'admin'),
(3150, 'admin_themes', NULL, 'Themes And Theme Settings', 'admin'),
(3151, 'admin_themes_create', 3150, 'Create/Edit', 'admin'),
(3152, 'admin_themes_delete', 3150, 'Delete', 'admin'),
(3153, 'admin_themes_colors', 3150, 'Colors (Create/Edit/Delete)', 'admin'),
(3154, 'admin_themes_fonts', 3150, 'Fonts (Create/Edit/Delete)', 'admin'),
(3155, 'admin_themes_headers', 3150, 'Headers (Edit)', 'admin'),
(3156, 'admin_themes_footers', 3150, 'Footers (Edit)', 'admin'),
(3170, 'admin_landing_builder', NULL, 'Landing Builder', 'admin'),
(3171, 'admin_landing_builder_create', 3170, 'Create/Edit', 'admin'),
(3172, 'admin_landing_builder_preview', 3170, 'Preview', 'admin'),
(3173, 'admin_landing_builder_duplicate', 3170, 'Duplicate', 'admin'),
(3174, 'admin_landing_builder_delete', 3170, 'Delete', 'admin'),
(3175, 'admin_landing_builder_all_pages', 3170, 'All Pages', 'admin'),
(3176, 'admin_landing_builder_settings', 3170, 'Settings', 'admin'),
(100001, 'panel_organization_instructors', NULL, 'Organization Instructors', 'panel'),
(100002, 'panel_organization_instructors_lists', 100001, 'Lists', 'panel'),
(100003, 'panel_organization_instructors_create', 100001, 'Create', 'panel'),
(100004, 'panel_organization_instructors_edit', 100001, 'Edit', 'panel'),
(100005, 'panel_organization_instructors_delete', 100001, 'Delete', 'panel'),
(100010, 'panel_organization_students', NULL, 'Organization Students', 'panel'),
(100011, 'panel_organization_students_lists', 100010, 'Lists', 'panel'),
(100012, 'panel_organization_students_create', 100010, 'Create', 'panel'),
(100013, 'panel_organization_students_edit', 100010, 'Edit', 'panel'),
(100014, 'panel_organization_students_delete', 100010, 'Delete', 'panel'),
(100020, 'panel_webinars', NULL, 'Webinars (Courses)', 'panel'),
(100021, 'panel_webinars_lists', 100020, 'Lists', 'panel'),
(100022, 'panel_webinars_create', 100020, 'Create/Edit', 'panel'),
(100023, 'panel_webinars_delete', 100020, 'Delete', 'panel'),
(100024, 'panel_webinars_learning_page', 100020, 'Learning Page', 'panel'),
(100025, 'panel_webinars_invited_lists', 100020, 'Invited Class Lists', 'panel'),
(100026, 'panel_webinars_organization_classes', 100020, 'My Organization classes', 'panel'),
(100027, 'panel_webinars_my_purchases', 100020, 'My Purchases', 'panel'),
(100028, 'panel_webinars_my_class_comments', 100020, 'My Class Comments', 'panel'),
(100029, 'panel_webinars_comments', 100020, 'My Comments', 'panel'),
(100030, 'panel_webinars_favorites', 100020, 'Favorites', 'panel'),
(100031, 'panel_webinars_personal_course_notes', 100020, 'Personal Course Notes', 'panel'),
(100032, 'panel_webinars_duplicate', 100020, 'Duplicate', 'panel'),
(100033, 'panel_webinars_export_students_list', 100020, 'Export Students List', 'panel'),
(100034, 'panel_webinars_invoice', 100020, 'Invoice', 'panel'),
(100035, 'panel_webinars_statistics', 100020, 'Statistics', 'panel'),
(100040, 'panel_upcoming_courses', NULL, 'Upcoming Courses', 'panel'),
(100041, 'panel_upcoming_courses_lists', 100040, 'Lists', 'panel'),
(100042, 'panel_upcoming_courses_create', 100040, 'Create/Edit', 'panel'),
(100043, 'panel_upcoming_courses_delete', 100040, 'Delete', 'panel'),
(100044, 'panel_upcoming_courses_followings', 100040, 'Followings', 'panel'),
(100045, 'panel_upcoming_courses_followers', 100040, 'Followers', 'panel'),
(100050, 'panel_bundles', NULL, 'Bundles', 'panel'),
(100051, 'panel_bundles_lists', 100050, 'Lists', 'panel'),
(100052, 'panel_bundles_create', 100050, 'Create/Edit', 'panel'),
(100053, 'panel_bundles_delete', 100050, 'Delete', 'panel'),
(100054, 'panel_bundles_export_students_list', 100050, 'Export Students List', 'panel'),
(100055, 'panel_bundles_courses', 100050, 'Courses', 'panel'),
(100060, 'panel_assignments', NULL, 'Assignments', 'panel'),
(100061, 'panel_assignments_lists', 100060, 'My Assignments Lists', 'panel'),
(100062, 'panel_assignments_my_courses_assignments', 100060, 'My Courses Assignments', 'panel'),
(100063, 'panel_assignments_students', 100060, 'Students Assignments', 'panel'),
(100070, 'panel_meetings', NULL, 'Meetings', 'panel'),
(100071, 'panel_meetings_my_reservation', 100070, 'My Reservation', 'panel'),
(100072, 'panel_meetings_requests', 100070, 'Requests', 'panel'),
(100073, 'panel_meetings_settings', 100070, 'Settings', 'panel'),
(100080, 'panel_quizzes', NULL, 'Quizzes', 'panel'),
(100081, 'panel_quizzes_lists', 100080, 'Lists', 'panel'),
(100082, 'panel_quizzes_create', 100080, 'Create/Edit', 'panel'),
(100083, 'panel_quizzes_delete', 100080, 'Delete', 'panel'),
(100084, 'panel_quizzes_results', 100080, 'Results', 'panel'),
(100085, 'panel_quizzes_my_results', 100080, 'My Results', 'panel'),
(100086, 'panel_quizzes_not_participated', 100080, 'Not Participated Lists', 'panel'),
(100090, 'panel_certificates', NULL, 'Certificates', 'panel'),
(100091, 'panel_certificates_lists', 100090, 'Lists', 'panel'),
(100092, 'panel_certificates_achievements', 100090, 'Achievements', 'panel'),
(100093, 'panel_certificates_course_certificates', 100090, 'Course Certificates', 'panel'),
(100100, 'panel_products', NULL, 'Products (Store)', 'panel'),
(100101, 'panel_products_lists', 100100, 'Lists', 'panel'),
(100102, 'panel_products_create', 100100, 'Create/Edit', 'panel'),
(100103, 'panel_products_delete', 100100, 'Delete', 'panel'),
(100104, 'panel_products_sales', 100100, 'Sales', 'panel'),
(100105, 'panel_products_purchases', 100100, 'Purchases', 'panel'),
(100106, 'panel_products_comments', 100100, 'Comments', 'panel'),
(100107, 'panel_products_my_comments', 100100, 'My Comments', 'panel'),
(100120, 'panel_financial', NULL, 'Financial', 'panel'),
(100121, 'panel_financial_sales_reports', 100120, 'Sales Reports', 'panel'),
(100122, 'panel_financial_summary', 100120, 'Summary', 'panel'),
(100123, 'panel_financial_payout', 100120, 'Payout', 'panel'),
(100124, 'panel_financial_charge_account', 100120, 'Charge Account', 'panel'),
(100125, 'panel_financial_subscribes', 100120, 'Subscribes', 'panel'),
(100126, 'panel_financial_registration_packages', 100120, 'Registration Packages', 'panel'),
(100127, 'panel_financial_installments', 100120, 'Installments', 'panel'),
(100140, 'panel_support', NULL, 'Support', 'panel'),
(100141, 'panel_support_lists', 100140, 'Lists', 'panel'),
(100142, 'panel_support_create', 100140, 'Create', 'panel'),
(100143, 'panel_support_tickets', 100140, 'Tickets', 'panel'),
(100160, 'panel_marketing', NULL, 'Marketing', 'panel'),
(100161, 'panel_marketing_special_offers', 100160, 'Special Offers', 'panel'),
(100162, 'panel_marketing_promotions', 100160, 'Promotions', 'panel'),
(100163, 'panel_marketing_affiliates', 100160, 'Affiliates', 'panel'),
(100164, 'panel_marketing_registration_bonus', 100160, 'Registration Bonus', 'panel'),
(100165, 'panel_marketing_coupons', 100160, 'Coupons', 'panel'),
(100166, 'panel_marketing_new_coupon', 100160, 'Create Coupons', 'panel'),
(100167, 'panel_marketing_delete_coupon', 100160, 'Delete Coupons', 'panel'),
(100180, 'panel_forums', NULL, 'Forums', 'panel'),
(100181, 'panel_forums_new_topic', 100180, 'New Topic', 'panel'),
(100182, 'panel_forums_my_topics', 100180, 'My Topics', 'panel'),
(100183, 'panel_forums_my_posts', 100180, 'My Posts', 'panel'),
(100184, 'panel_forums_bookmarks', 100180, 'Bookmarks', 'panel'),
(100200, 'panel_blog', NULL, 'Blog', 'panel'),
(100201, 'panel_blog_new_article', 100200, 'New/Edit Article', 'panel'),
(100202, 'panel_blog_my_articles', 100200, 'My Article', 'panel'),
(100203, 'panel_blog_delete_article', 100200, 'Delete Article', 'panel'),
(100204, 'panel_blog_comments', 100200, 'Comments', 'panel'),
(100220, 'panel_noticeboard', NULL, 'Noticeboard', 'panel'),
(100221, 'panel_noticeboard_history', 100220, 'Noticeboard History', 'panel'),
(100222, 'panel_noticeboard_create', 100220, 'Create/Edit Noticeboard', 'panel'),
(100223, 'panel_noticeboard_delete', 100220, 'Delete Noticeboard', 'panel'),
(100224, 'panel_noticeboard_course_notices', 100220, 'Course Notices', 'panel'),
(100225, 'panel_noticeboard_course_notices_create', 100220, 'Create/Edit Course Notices', 'panel'),
(100240, 'panel_rewards', NULL, 'Rewards', 'panel'),
(100241, 'panel_rewards_lists', 100240, 'Lists', 'panel'),
(100260, 'panel_ai_contents', NULL, 'AI Contents', 'panel'),
(100261, 'panel_ai_contents_lists', 100260, 'Lists', 'panel'),
(100280, 'panel_notifications', NULL, 'Notifications', 'panel'),
(100281, 'panel_notifications_lists', 100280, 'Lists', 'panel'),
(100300, 'panel_others', NULL, 'Others', 'panel'),
(100301, 'panel_others_profile_setting', 100300, 'Profile Settings', 'panel'),
(100302, 'panel_others_profile_url', 100300, 'Profile Url', 'panel'),
(100303, 'panel_others_logout', 100300, 'Logout', 'panel');

-- --------------------------------------------------------

--
-- Table structure for table `selected_installments`
--

CREATE TABLE `selected_installments` (
  `id` int(10) UNSIGNED NOT NULL,
  `user_id` int(10) UNSIGNED NOT NULL,
  `installment_id` int(10) UNSIGNED NOT NULL,
  `installment_order_id` int(10) UNSIGNED NOT NULL,
  `start_date` bigint(20) UNSIGNED DEFAULT NULL,
  `end_date` bigint(20) UNSIGNED DEFAULT NULL,
  `upfront` double(15,2) DEFAULT NULL,
  `upfront_type` enum('fixed_amount','percent') DEFAULT NULL,
  `created_at` bigint(20) UNSIGNED NOT NULL
) ENGINE=InnoDB DEFAULT CHARSET=utf8mb4 COLLATE=utf8mb4_unicode_ci;

--
-- Dumping data for table `selected_installments`
--

INSERT INTO `selected_installments` (`id`, `user_id`, `installment_id`, `installment_order_id`, `start_date`, `end_date`, `upfront`, `upfront_type`, `created_at`) VALUES
(1, 995, 1, 1, 1672549200, NULL, 30.00, 'percent', 1685783030),
(2, 930, 1, 2, 1672549200, NULL, 30.00, 'percent', 1685783144);

-- --------------------------------------------------------

--
-- Table structure for table `selected_installment_steps`
--

CREATE TABLE `selected_installment_steps` (
  `id` int(10) UNSIGNED NOT NULL,
  `selected_installment_id` int(10) UNSIGNED NOT NULL,
  `installment_step_id` int(10) UNSIGNED NOT NULL,
  `deadline` int(10) UNSIGNED DEFAULT NULL,
  `amount` double(15,2) DEFAULT NULL,
  `amount_type` enum('fixed_amount','percent') DEFAULT NULL
) ENGINE=InnoDB DEFAULT CHARSET=utf8mb4 COLLATE=utf8mb4_unicode_ci;

--
-- Dumping data for table `selected_installment_steps`
--

INSERT INTO `selected_installment_steps` (`id`, `selected_installment_id`, `installment_step_id`, `deadline`, `amount`, `amount_type`) VALUES
(1, 1, 1, 90, 20.00, 'percent'),
(2, 1, 2, 180, 30.00, 'percent'),
(3, 1, 3, 270, 30.00, 'percent'),
(4, 2, 1, 90, 20.00, 'percent'),
(5, 2, 2, 180, 30.00, 'percent'),
(6, 2, 3, 270, 30.00, 'percent');

-- --------------------------------------------------------

--
-- Table structure for table `sessions`
--

CREATE TABLE `sessions` (
  `id` int(10) UNSIGNED NOT NULL,
  `creator_id` int(10) UNSIGNED NOT NULL,
  `webinar_id` int(10) UNSIGNED DEFAULT NULL,
  `chapter_id` int(10) UNSIGNED DEFAULT NULL,
  `reserve_meeting_id` int(10) UNSIGNED DEFAULT NULL,
  `date` int(11) NOT NULL,
  `duration` int(11) NOT NULL,
  `link` varchar(255) DEFAULT NULL,
  `extra_time_to_join` int(10) UNSIGNED DEFAULT NULL COMMENT 'Specifies that the user can see the join button up to a few minutes after the start time of the webinar.',
  `zoom_start_link` text DEFAULT NULL,
  `zoom_id` varchar(255) DEFAULT NULL,
  `session_api` enum('local','big_blue_button','zoom','agora','jitsi','google_meet') NOT NULL DEFAULT 'local',
  `api_secret` varchar(255) DEFAULT NULL,
  `moderator_secret` varchar(255) DEFAULT NULL,
  `agora_settings` text DEFAULT NULL,
  `check_previous_parts` tinyint(1) NOT NULL DEFAULT 0,
  `access_after_day` int(10) UNSIGNED DEFAULT NULL,
  `order` int(10) UNSIGNED DEFAULT NULL,
  `status` enum('active','inactive') NOT NULL DEFAULT 'active',
  `created_at` int(11) NOT NULL,
  `updated_at` int(11) DEFAULT NULL,
  `deleted_at` int(11) DEFAULT NULL
) ENGINE=InnoDB DEFAULT CHARSET=utf8mb4 COLLATE=utf8mb4_unicode_ci ROW_FORMAT=DYNAMIC;

--
-- Dumping data for table `sessions`
--

INSERT INTO `sessions` (`id`, `creator_id`, `webinar_id`, `chapter_id`, `reserve_meeting_id`, `date`, `duration`, `link`, `extra_time_to_join`, `zoom_start_link`, `zoom_id`, `session_api`, `api_secret`, `moderator_secret`, `agora_settings`, `check_previous_parts`, `access_after_day`, `order`, `status`, `created_at`, `updated_at`, `deleted_at`) VALUES
(52, 1015, 1996, 22, NULL, 1696408200, 90, 'https://us05web.zoom.us/j/88274172998?pwd=Y2czMmNtendmNU1GMVdRNmFRdS9JQT09', NULL, 'https://us05web.zoom.us/s/88274172998?zak=eyJ0eXAiOiJKV1QiLCJzdiI6IjAwMDAwMSIsInptX3NrbSI6InptX28ybSIsImFsZyI6IkhTMjU2In0.eyJhdWQiOiJjbGllbnRzbSIsInVpZCI6Il84Z2M3Q2Y5Ul9lYmF2WUQyTjNYekEiLCJpc3MiOiJ3ZWIiLCJzdHkiOjEsIndjZCI6InVzMDUiLCJjbHQiOjAsInN0ayI6ImM0TXJjZ3FWYURaLXF0dUo4NFlHcE5idmQ5bzhOSkVmUERBem1fQXZYREUuQUcucEJrSHVjbnRXbTJhSXl5WUN0QmZXZHJuMEFZWUZERjhMbHpORFFTMXM1MU1ybXBvNElLYnQ5dVZkV2hOdkttODUxako1eEtiVWFiZG1QUUYuT0U2TGx2bmQwVmZGejFfV0dueWVaQS5paWJFODdIeFlfWVRGcXJwIiwiZXhwIjoxNjI0OTUxOTgwLCJpYXQiOjE2MjQ5NDQ3ODAsImFpZCI6Ikh4M2NFTjQ0UlZtbExHZ1hkT3dleVEiLCJjaWQiOiIifQ.hxHT3quR9dYW9yPaof6J1Y2WEh9LTu3xSBEzWR4UBLw', NULL, 'zoom', '', '', NULL, 0, NULL, NULL, 'active', 1624944778, 1635417703, NULL),
(53, 1015, 1996, 23, NULL, 1696581000, 90, 'https://us05web.zoom.us/j/89548965384?pwd=ZHVpZjZwdlg4c1NZcExmOUZ3Qk1hZz09', NULL, 'https://us05web.zoom.us/s/89548965384?zak=eyJ0eXAiOiJKV1QiLCJzdiI6IjAwMDAwMSIsInptX3NrbSI6InptX28ybSIsImFsZyI6IkhTMjU2In0.eyJhdWQiOiJjbGllbnRzbSIsInVpZCI6Il84Z2M3Q2Y5Ul9lYmF2WUQyTjNYekEiLCJpc3MiOiJ3ZWIiLCJzdHkiOjEsIndjZCI6InVzMDUiLCJjbHQiOjAsInN0ayI6IjdfLTFUQ0ZGWHRzMGZER3NSWWlwVVNKbEJYc0JIR1p6V0piLVgtQ2RaamcuQUcuektDUldmYVdHNTdFMEYzcUFoX3lsd3BlZHZQYzdQcVQ0cGNGcGRtWklGLWpOMkVZMVo0WDhTVENvbnk4LXZLODVuNU03LWFuMDQ4dXBWTlkuU0I5dEJ2OC1NZ0t1MDlVRlZGWnF3QS5KalNENDFPbU85QzV6czctIiwiZXhwIjoxNjI0OTUyMDYyLCJpYXQiOjE2MjQ5NDQ4NjIsImFpZCI6Ikh4M2NFTjQ0UlZtbExHZ1hkT3dleVEiLCJjaWQiOiIifQ.Qy2-SV5zcLoJuOFRHnWOg2bsoYWgBKOsHkUXJoyR0Z4', NULL, 'zoom', '', '', NULL, 0, NULL, NULL, 'active', 1624944860, 1635417710, NULL),
(54, 1015, 1996, 23, NULL, 1696761000, 90, 'https://us05web.zoom.us/j/85386163374?pwd=UnVlYmNHTk5Tak1XN0J2d05Xa1hpZz09', NULL, 'https://us05web.zoom.us/s/85386163374?zak=eyJ0eXAiOiJKV1QiLCJzdiI6IjAwMDAwMSIsInptX3NrbSI6InptX28ybSIsImFsZyI6IkhTMjU2In0.eyJhdWQiOiJjbGllbnRzbSIsInVpZCI6Il84Z2M3Q2Y5Ul9lYmF2WUQyTjNYekEiLCJpc3MiOiJ3ZWIiLCJzdHkiOjEsIndjZCI6InVzMDUiLCJjbHQiOjAsInN0ayI6IlB5TnU3WE9NcUIxNy1hcEhDTDhNZ0dFbm1ydmJLWTlkci1vU3ZPYU1mUGcuQUcuSEMzOVNhWmFieFlEdzdSa25JTGw2dWRtc29zQ2RmVFVDTG1oNUxYbDhJSHl4NkhwQ0haZ0czcF9IQzdHLUc1SmJ0RkNDTXRVQ01PUXVuRnguLXdnRERNM1NyMEJBSk41VGZvUTNHUS4xcGd1bjRoclRwSjF3LUhwIiwiZXhwIjoxNjI0OTUyMTQ5LCJpYXQiOjE2MjQ5NDQ5NDksImFpZCI6Ikh4M2NFTjQ0UlZtbExHZ1hkT3dleVEiLCJjaWQiOiIifQ.OHoObakmLvuWC1vtExvmnSq4gdcOiFLAdCXlHCf5dHo', NULL, 'zoom', '', '', NULL, 0, NULL, NULL, 'active', 1624944947, 1635417717, NULL),
(55, 1015, 1996, 23, NULL, 1696948200, 90, 'https://us05web.zoom.us/j/85322459249?pwd=M29NVUh3dlNTR2tIWmcrdVVRUE9NUT09', NULL, 'https://us05web.zoom.us/s/85322459249?zak=eyJ0eXAiOiJKV1QiLCJzdiI6IjAwMDAwMSIsInptX3NrbSI6InptX28ybSIsImFsZyI6IkhTMjU2In0.eyJhdWQiOiJjbGllbnRzbSIsInVpZCI6Il84Z2M3Q2Y5Ul9lYmF2WUQyTjNYekEiLCJpc3MiOiJ3ZWIiLCJzdHkiOjEsIndjZCI6InVzMDUiLCJjbHQiOjAsInN0ayI6InFORXdjalVERjhjV3haLXQtcHlJOUE4U0REOVRVVHhmMS02a3h6bkJDVlkuQUcud3RBSmt6SG9TNDNuRUt3NmlzQlhEaWtHbFdER1NuS2hTU3Zwa0pIRzVJY044bE5CbUhtalRoTkNHT1ZWMEhnNS1oY3JfaE9uLVVLemVTbG8ud0d5WDlQUVJjdlpmeFNpVUNsX0V6QS5zZ0pzQkJtNHEwaExxT21TIiwiZXhwIjoxNjI0OTUyMjAwLCJpYXQiOjE2MjQ5NDUwMDAsImFpZCI6Ikh4M2NFTjQ0UlZtbExHZ1hkT3dleVEiLCJjaWQiOiIifQ.Qv-bb4gviXtnXZsoTcOVEff252ll2GjBYSHeEL8KCIo', NULL, 'zoom', '', '', NULL, 0, NULL, NULL, 'active', 1624944997, 1635417726, NULL),
(56, 1015, 1996, 23, NULL, 1697286600, 90, 'https://us05web.zoom.us/j/84379684637?pwd=M2NTQUdmbXF4N0ZzOGluRm02Z3dvZz09', NULL, 'https://us05web.zoom.us/s/84379684637?zak=eyJ0eXAiOiJKV1QiLCJzdiI6IjAwMDAwMSIsInptX3NrbSI6InptX28ybSIsImFsZyI6IkhTMjU2In0.eyJhdWQiOiJjbGllbnRzbSIsInVpZCI6Il84Z2M3Q2Y5Ul9lYmF2WUQyTjNYekEiLCJpc3MiOiJ3ZWIiLCJzdHkiOjEsIndjZCI6InVzMDUiLCJjbHQiOjAsInN0ayI6Imc2QXNVaGx3elFNMFBpLTNGNklDdnJXRlA1eUxDbDJlNEVuSndvRjRQbUEuQUcuSnFvR0ZMZWNRVUdleS1nY29fUVhFWFpNR1lkOXExSjZSV21WRzh1UDNOTWwwcTB6Q25nSzRyWXpvd0FhYVpVMzUyaTBYOXNITnZoNmlVazQueDR4c3ZlZGd4aUtQWEFIb1E4bGM5QS5FdnVwSnJBYTFFQ20taS1lIiwiZXhwIjoxNjI0OTUyMjU4LCJpYXQiOjE2MjQ5NDUwNTgsImFpZCI6Ikh4M2NFTjQ0UlZtbExHZ1hkT3dleVEiLCJjaWQiOiIifQ.JhbjqEoYpVL0nquEuQT5RYfdMdi3z88XB3duM4XP2e8', NULL, 'zoom', '', '', NULL, 0, NULL, NULL, 'active', 1624945056, 1635417732, NULL),
(59, 1015, 1998, 21, NULL, 1679331600, 30, 'https://us05web.zoom.us/j/83490579533?pwd=MXdMN3hYZ0t3OWZSRVhOY0V2YU52dz09', NULL, 'https://us05web.zoom.us/s/83490579533?zak=eyJ0eXAiOiJKV1QiLCJzdiI6IjAwMDAwMSIsInptX3NrbSI6InptX28ybSIsImFsZyI6IkhTMjU2In0.eyJhdWQiOiJjbGllbnRzbSIsInVpZCI6Il84Z2M3Q2Y5Ul9lYmF2WUQyTjNYekEiLCJpc3MiOiJ3ZWIiLCJzdHkiOjEsIndjZCI6InVzMDUiLCJjbHQiOjAsInN0ayI6IjVvOENnMEtUZ2xZcVIwVllleXJyX3VCSnpXaGFIMGFGVEU3U2xWTU9uY1kuQUcuU05QbnRONE9DMmQyX1BWZWd2Z19YMzREdmE0M3paOTJqUkg0SzBWUlJKR3g2RWd3dThDb0NfNGlkbm00UG9CTVNBcEk4VDhXelNld1k2cEkubW9Ga21hV0Q2YTA0enBlMEtNcWpoZy5vR1p5Qkl3QWdiejdLX2xrIiwiZXhwIjoxNjI0OTczNTI0LCJpYXQiOjE2MjQ5NjYzMjQsImFpZCI6Ikh4M2NFTjQ0UlZtbExHZ1hkT3dleVEiLCJjaWQiOiIifQ.f1qRvBvbkkJRcP4lAVbuEmLWM2kM6RFOiql2zwBvAy8', NULL, 'zoom', '', '', NULL, 0, NULL, NULL, 'active', 1624966322, 1635417562, NULL),
(60, 1015, 1998, 21, NULL, 1679756400, 30, 'https://us05web.zoom.us/j/85729329911?pwd=dDBYeEJnalYzNmVhaEZaVXIvbVpvdz09', NULL, 'https://us05web.zoom.us/s/85729329911?zak=eyJ0eXAiOiJKV1QiLCJzdiI6IjAwMDAwMSIsInptX3NrbSI6InptX28ybSIsImFsZyI6IkhTMjU2In0.eyJhdWQiOiJjbGllbnRzbSIsInVpZCI6Il84Z2M3Q2Y5Ul9lYmF2WUQyTjNYekEiLCJpc3MiOiJ3ZWIiLCJzdHkiOjEsIndjZCI6InVzMDUiLCJjbHQiOjAsInN0ayI6Ik91cHVsNkE0VGNMZXBfYUhBcVY3MTl6dHVtYUN3MkRka2tabDBNN3gwTlkuQUcuZmhFV2FOZkdKamMwck9fa25LYVNFNmRXMmxZRXdLdmVnOW9SQVJWVVdhVVhFZjdONkprWGlvNGZZWExkRkNBOXJfZG1hT2F5Q2lPalNybkIuUU8yVFNkMzRHUUZPalhDOUx0aVAyZy5OM096dWNPaWNRakQ5N1o0IiwiZXhwIjoxNjI0OTczNjMwLCJpYXQiOjE2MjQ5NjY0MzAsImFpZCI6Ikh4M2NFTjQ0UlZtbExHZ1hkT3dleVEiLCJjaWQiOiIifQ.vMAyA5w2-w5cbz5_KRQWur8vMIIa78a8UMuHwLRNQEE', NULL, 'zoom', '', '', NULL, 0, NULL, NULL, 'active', 1624966428, 1635417571, NULL),
(61, 1015, 1998, 21, NULL, 1680017400, 30, 'https://us05web.zoom.us/j/82086275539?pwd=VC85S01VSDNPRHdqWUlsOGNVbk5lQT09', NULL, 'https://us05web.zoom.us/s/82086275539?zak=eyJ0eXAiOiJKV1QiLCJzdiI6IjAwMDAwMSIsInptX3NrbSI6InptX28ybSIsImFsZyI6IkhTMjU2In0.eyJhdWQiOiJjbGllbnRzbSIsInVpZCI6Il84Z2M3Q2Y5Ul9lYmF2WUQyTjNYekEiLCJpc3MiOiJ3ZWIiLCJzdHkiOjEsIndjZCI6InVzMDUiLCJjbHQiOjAsInN0ayI6Ik9fUzctZVRVSnB1QU5sdVRsa3Y4TnBpcXFvUkJiWVVQWDhKaFNxLWwzZEkuQUcuZ1VFUDdfSXVxczdVTjRLRnNNcFphRnJ3NXVLVFpfdE1aX25BaE9LN2JjenE5ZWpnVmFEMWV2bGMxY2pMc3pjeGZlQWVTZExBdjMwY2VfRE4uSmZNaHZnZVhybEY2ZUFWRWt2ZmRrUS5maGl1UTc5TU1FTmZEdE9OIiwiZXhwIjoxNjI0OTczODYxLCJpYXQiOjE2MjQ5NjY2NjEsImFpZCI6Ikh4M2NFTjQ0UlZtbExHZ1hkT3dleVEiLCJjaWQiOiIifQ.u0Pj01ZqbkYID18H5asvqoOLWsCA6MJFHL8-AhNQcxw', NULL, 'zoom', '', '', NULL, 0, NULL, NULL, 'active', 1624966659, 1635417581, NULL),
(62, 867, 2000, 19, NULL, 1690867800, 30, 'https://meet.google.com/', NULL, NULL, NULL, 'local', '12345', '', NULL, 0, NULL, NULL, 'active', 1625045297, 1635417342, NULL),
(63, 867, 2000, 19, NULL, 1691130600, 30, 'https://meet.google.com/', NULL, NULL, NULL, 'local', 'ABC547397', '', NULL, 0, NULL, NULL, 'active', 1625045392, 1635417351, NULL),
(64, 867, 2000, 19, NULL, 1691501400, 30, 'https://meet.google.com/', NULL, NULL, NULL, 'local', 'LM756114', '', NULL, 0, NULL, NULL, 'active', 1625045465, 1635417380, NULL),
(65, 3, 2001, 16, NULL, 1702362600, 20, 'https://meet.google.com/', NULL, NULL, NULL, 'local', '12345', '', NULL, 0, NULL, NULL, 'active', 1625078642, 1635417181, NULL),
(66, 3, 2001, 17, NULL, 1702650600, 20, 'https://meet.google.com/', NULL, NULL, NULL, 'local', '46546', '', NULL, 0, NULL, NULL, 'active', 1625078804, 1635417191, NULL),
(67, 3, 2001, 17, NULL, 1702895400, 20, 'https://meet.google.com/', NULL, NULL, NULL, 'local', 'D548755', '', NULL, 0, NULL, NULL, 'active', 1625079005, 1635417199, NULL),
(68, 863, 2002, 15, NULL, 1625200200, 20, 'https://meet.google.com/', NULL, NULL, NULL, 'local', '46546', '', NULL, 0, NULL, NULL, 'active', 1625122908, 1635417036, NULL),
(69, 863, 2002, 15, NULL, 1625211600, 20, 'https://meet.google.com/', NULL, NULL, NULL, 'local', '12345', '', NULL, 0, NULL, NULL, 'active', 1625122957, 1635417042, NULL),
(70, 863, 2002, 15, NULL, 1625220000, 20, 'https://meet.google.com/', NULL, NULL, NULL, 'local', 'A547397', '', NULL, 0, NULL, NULL, 'active', 1625123036, 1635417051, NULL),
(71, 864, 2003, 13, NULL, 1696505400, 20, 'https://meet.google.com/', NULL, NULL, NULL, 'local', '368967886', '', NULL, 0, NULL, NULL, 'active', 1625299964, 1635416803, NULL),
(72, 864, 2003, 13, NULL, 1696915800, 20, 'https://meet.google.com/', NULL, NULL, NULL, 'local', '55475666', '', NULL, 0, NULL, NULL, 'active', 1625300053, 1635416824, NULL),
(73, 864, 2003, 13, NULL, 1697319000, 35, 'https://meet.google.com/', NULL, NULL, NULL, 'local', 'RW346@654', '', NULL, 0, NULL, NULL, 'active', 1625300165, 1635416835, NULL),
(74, 1015, 2009, 30, NULL, 1646177400, 3, NULL, NULL, NULL, NULL, 'agora', NULL, NULL, '{\"chat\":true,\"record\":false}', 0, NULL, 2, 'active', 1646172799, NULL, NULL),
(75, 1015, 2009, 30, NULL, 1646233200, 9999999, NULL, NULL, NULL, NULL, 'agora', '12345', NULL, '{\"chat\":true,\"record\":false}', 0, NULL, 3, 'active', 1646172930, NULL, NULL),
(76, 1015, 2009, 30, NULL, 1646141400, 3, NULL, NULL, NULL, NULL, 'agora', NULL, NULL, '{\"chat\":true,\"record\":false}', 0, NULL, 1, 'active', 1646391211, NULL, NULL);

-- --------------------------------------------------------

--
