-- Table structure for table `notifications_status`
--

CREATE TABLE `notifications_status` (
  `id` int(10) UNSIGNED NOT NULL,
  `user_id` int(10) UNSIGNED NOT NULL,
  `notification_id` int(10) UNSIGNED NOT NULL,
  `seen_at` int(10) UNSIGNED NOT NULL
) ENGINE=InnoDB DEFAULT CHARSET=utf8mb4 COLLATE=utf8mb4_unicode_ci ROW_FORMAT=DYNAMIC;

--
-- Dumping data for table `notifications_status`
--

INSERT INTO `notifications_status` (`id`, `user_id`, `notification_id`, `seen_at`) VALUES
(1, 995, 1431, 1646127235),
(2, 995, 1436, 1646127239),
(3, 995, 1435, 1646127239),
(4, 995, 1438, 1646127241),
(5, 995, 1439, 1646127242),
(6, 995, 1442, 1646127243),
(7, 995, 1441, 1646127245),
(8, 995, 1476, 1646127245),
(9, 995, 1475, 1646127246),
(10, 995, 1477, 1646127248),
(11, 995, 1348, 1646127256),
(12, 995, 1402, 1646127264),
(13, 995, 1404, 1646127265),
(14, 995, 1406, 1646127266),
(15, 995, 1407, 1646127267),
(16, 995, 1409, 1646127269),
(17, 995, 1412, 1646127270),
(18, 995, 1411, 1646127271),
(19, 995, 1427, 1646127272),
(20, 995, 1428, 1646127273),
(21, 995, 1430, 1646127276),
(22, 995, 1513, 1646127280),
(23, 995, 1579, 1646127281),
(24, 995, 1582, 1646127282),
(25, 995, 1580, 1646127282),
(26, 995, 1609, 1646127283),
(27, 995, 1610, 1646127286),
(337, 934, 2011, 1678908519),
(338, 995, 2049, 1678915505),
(341, 1, 2177, 1679090327),
(342, 1, 2209, 1694970515),
(344, 1046, 2214, 1709624803);

-- --------------------------------------------------------

--
-- Table structure for table `notification_templates`
--

CREATE TABLE `notification_templates` (
  `id` int(10) UNSIGNED NOT NULL,
  `title` varchar(255) NOT NULL,
  `template` text NOT NULL
) ENGINE=InnoDB DEFAULT CHARSET=utf8mb4 COLLATE=utf8mb4_unicode_ci ROW_FORMAT=DYNAMIC;

--
-- Dumping data for table `notification_templates`
--

INSERT INTO `notification_templates` (`id`, `title`, `template`) VALUES
(2, 'New badge awarded', '<p>You received [u.b.title]&nbsp;badge</p>'),
(3, 'User group change', '<p>Your user group changed to [u.g.title]</p>'),
(4, 'Course created', '<p>You created a new course&nbsp;with title [c.title]</p>'),
(5, 'Course approve', '<p>Your course with title [c.title] approved</p>'),
(6, 'Course rejection', '<p>Your course with title [c.title] rejected</p>'),
(7, 'New comment', '<p>[u.name] left a new comment for [c.title] course</p>'),
(8, 'New support message', '<p>[u.name] sent a new support message for [c.title]&nbsp;course</p>'),
(9, 'Support message replied', '<p>New reply in [c.title] course support message&nbsp;</p>'),
(10, 'New support for admin', '<p>New support ticket received with title [s.t.title]</p>'),
(11, 'Support ticket replied for admin', '<p>New reply in support ticket with title&nbsp;[s.t.title]</p>'),
(12, 'New financial document', '<p>&nbsp;New financial document submitted for [c.title] with type [f.d.type] with amount [amount]</p>'),
(13, 'Payout request', '<p>New payout request submitted with amount [payout.amount]</p>'),
(14, 'Payout processed', 'Your payout request with amount [payout.amount]&nbsp;&nbsp;proceed to [payout.account]'),
(15, 'New sales', '<p>Congratulations! New sale for [c.title]</p>'),
(16, 'New purchase', '<p>Congratulations! New purchase for [c.title]</p>'),
(17, 'Rating (Feedback)', '<p>New [rate.count] star feedback submitted for [c.title] by [student.name]</p>'),
(18, 'Offline payment request', '<p>The offline payment request with the amount [amount] submitted. It is under review and you will get informed by email.</p>'),
(19, 'Offline payment approved', '<p>Offline payment request with amount [amount]&nbsp;approved</p>'),
(20, 'Offline payment rejected', '<p>Offline payment request with amount [amount]&nbsp;rejected</p>'),
(21, 'New subscription plan', '<p>[s.p.name] subscription plan activated by [u.name]</p>'),
(22, 'New meeting', '<p>New meeting booked by [u.name] for [time.date] at [amount]</p>'),
(23, 'New meeting link', '<p>[instructor.name] defined the meeting link and you can join the meeting on [time.date] using the following link: [link]</p>'),
(24, 'Meeting reminder', '<p>You have a meeting on [time.date] please remember to join it on time.</p>'),
(25, 'Meeting finished', '<p>Your meeting finished with the following information</p><p>Instructor: [instructor.name]</p><p>Student: [student.name]</p><p>Meeting time: [time.date]</p>'),
(26, 'New contact message', '<p>New contact message received from [u.name] with title [c.u.title]</p><p><br></p>'),
(27, 'Live class reminder', '<p>Your live class session of the [c.title] will be conducted on [time.date]&nbsp;</p>'),
(28, 'Promotion plan', '<p>[p.p.name] promotion plan activated for [c.title] course</p>'),
(29, 'Promotion plan for admin', '<p>[p.p.name] promotion plan request submitted for [c.title]</p>'),
(30, 'Certificate achieved', '<p>You achieved a certificate for [c.title] course</p>'),
(31, 'Waiting quiz (Instructor)', '<p>[student.name] is waiting for [q.title] quiz result of the [c.title] course. Please review the quiz and submit the grade.</p>'),
(32, 'Waiting quiz result', '<p>Your [q.title] quiz of the [c.title] course rated by the instructor, and your quiz status is [q.result]</p>'),
(33, 'Product new sale', '<p>New sale for [p.title] product</p>'),
(34, 'Product new purchase', '<p>New purchase for [p.title] product</p>'),
(35, 'Product new comment', '<p>[u.name] left a new comment for [p.title] product</p>'),
(36, 'Product tracking code', '<p>[u.name] submitted tracking code for [p.title]</p>'),
(37, 'Product rating (Feedback)', '<p>[u.name] submitted a new [rate.count] stars rating for [p.title] product</p>'),
(38, 'Product received', '<p>[u.name] received [p.title] product.</p>'),
(39, 'Product out of stock', '<p>Your product [p.title] is out of stock</p>'),
(40, 'Assignment submission (Instructor)', '<p>[student.name] submitted an assignment for [c.title] course</p>'),
(41, 'Instructor message in assignment', '<p>[instructor.name] sent a message for [c.title] assignment</p>'),
(42, 'Assignment grade', '<p>Your assignment of [c.title] rated by [instructor.name] . Your grade is [assignment_grade]</p>'),
(43, 'User access to content', '<p>Your access to content is enabled.</p>'),
(44, 'Send post in topic', '<p>[u.name] sent a post in your topic with title [topic_title]&nbsp;</p>'),
(45, 'Blog post published (Instructor)', '<p>Your blog post with title [blog_title] published.</p>'),
(46, 'New comment for blog post (Instructor)', '<p>[u.name] leaft a new comment for your blog with title [blog_title]</p>'),
(47, 'Meeting reminder', '<p>You have a meeting on [time.date] with [instructor.name]</p>'),
(48, 'Subscription expiry reminder', '<p>Your subscription expires on [time.date]&nbsp;</p>'),
(49, 'Course forum new question', '<p>[u.name] registered a question in the [c.title]&nbsp;course forum.</p>'),
(50, 'New answer in course forum', '<p>[u.name] submitted an answer in the [c.title]&nbsp;course forum.</p>'),
(52, 'You received a gift', '<p>[u.name]&nbsp;sent you [gift_title] which is a [gift_type]&nbsp;as a gift with the following message: [gift_message]</p>'),
(53, 'Gift submitted successfully', '<p>Your gift request for [u.name]&nbsp;submitted successfully on [time.date]&nbsp;and the [gift_title] which is a [gift_type]&nbsp;at [amount]&nbsp;will be sent to the recipient on [time.date.2]&nbsp;with the following message: [gift_message]</p>'),
(54, 'Gift sent to recipient', '<p>We sent the gift request that you submitted on [time.date]&nbsp;for [u.name]. We sent [gift_title]&nbsp;which is a [gift_type]&nbsp;to the recipient with the following message on [time.date] . [gift_message]</p>'),
(55, 'Gift request submitted (Admin)', '<p>[u.name.2] submitted a gift request for [gift_title]&nbsp;which is a [gift_type]&nbsp;for [u.name]&nbsp;on [time.date]&nbsp;at [amount]&nbsp;and it will be sent to the recipient on [time.date.2]</p>'),
(56, 'Gift sent to recipient (Admin)', '<p>The system sent a [gift_title]&nbsp;which is a [gift_type]&nbsp;to [u.name]&nbsp;on [time.date.2]&nbsp;successfully. [u.name.2]&nbsp;submitted this request on [time.date]&nbsp;at [amount].</p>'),
(57, 'You have an upcoming installment', '<p>You have an installment for [installment_title] at [amount]&nbsp;on due date [time.date]</p>'),
(58, 'You have an unpaid installment', '<p>You have an installment for [installment_title]&nbsp;at [amount]&nbsp;for today. Please pay it as soon as possible.</p>'),
(59, 'You have an overdue installment', '<p>You have an overdue installment for [installment_title]&nbsp;at [amount]&nbsp;on due date [time.date].</p>'),
(60, 'Installment verification request approved', '<p>Your verification request for [installment_title]&nbsp;approved.</p>'),
(61, 'Installment verification request rejected', '<p>Your verification request for [installment_title]&nbsp;rejected.</p>'),
(62, 'Installment paid successfully', '<p>You paid [amount]&nbsp;for [installment_title]&nbsp;with due date [time.date]&nbsp;successfully.</p>'),
(63, 'Installment paid successfully (Admin)', '<p>[u.name] paid [amount]&nbsp;for [installment_title]&nbsp;with the due date [time.date]&nbsp;successfully.</p>'),
(64, 'Installment upfront amount paid', '<p>You paid [amount] as upfront for&nbsp;[installment_title].</p>'),
(65, 'Installment verification request submitted', '<p>We received your verification request for [installment_title]&nbsp;on [time.date]&nbsp;and the result will be informed to you soon.</p>'),
(66, 'Installment verification request submitted (Admin)', '<p>[u.name] submitted a verification request for [installment_title]&nbsp;on [time.date].</p>'),
(67, 'Installment request submitted', '<p>Your installment for [installment_title]&nbsp;at [amount]&nbsp;submitted successfully.</p>'),
(68, 'Installment request submitted (Admin)', '<p>[u.name] submitted an installment request for [installment_title]&nbsp;at [amount].</p>'),
(69, 'New upcoming course submitted', '<p>Your upcoming course [item_title]&nbsp;submitted successfully.</p>'),
(70, 'New upcoming course submitted (Admin)', '<p>[u.name] submitted an upcoming course with title [item_title].</p>'),
(71, 'Upcoming course approved', '<p>Your upcoming course [item_title]&nbsp;approved.</p>'),
(72, 'Upcoming course rejected', '<p>Your upcoming course [item_title] rejected.</p>'),
(73, 'Your upcoming course published', '<p>Your upcoming course [item_title]&nbsp;published.</p>'),
(74, 'Your upcoming course followed', '<p>[u.name] followed your upcoming course [item_title]</p>'),
(75, 'Upcoming course published and is accessible', '<p>The upcoming course [item_title] published now and you can check it.</p>'),
(76, 'You got cashback!', '<p>You got [amount]&nbsp;as cashback and this amount added to your account.</p>'),
(77, 'User got cashback (Admin)', '<p>[u.name] got [amount] as cashback and this amount charged to their account.</p>'),
(78, 'Bundle submitted successfully', '<p>Your bundle with the title [item_title]&nbsp;submitted successfully.</p>'),
(79, 'Bundle submitted (Admin)', '<p>[u.name] submitted a bundle with the title [item_title].</p>'),
(80, 'Bundle published successfully', '<p>Your bundle with title [item_title]&nbsp;published successfully.</p>'),
(81, 'Bundle rejected', '<p>Your bundle with title [item_title]&nbsp;rejected.</p>'),
(82, 'New review for your bundle', '<p>[u.name] submitted a [rate.count] star rating for your bundle [item_title].</p>'),
(83, 'You got registration bonus', '<p>You got [amount]&nbsp;as registration bonus.</p>'),
(84, 'Registration bonus unlocked', '<p>Your registration bonus [amount]&nbsp;unlocked. Happy with spending...</p>'),
(85, 'Registration bonus unlocked (Admin)', '<p>The registration bonus [amount] unlocked for [u.name].</p>'),
(86, 'SaaS package activated successfully', '<p>[item_title] activated for you until [time.date].</p>'),
(87, 'SaaS package activated (Admin)', '<p>[u.name] activated [item_title]&nbsp;registration plan until [time.date].</p>'),
(88, 'Your contact message submitted', '<p>We received your contact message with the subject [c.u.title]&nbsp;on [time.date].</p>'),
(89, 'New contact message received', '<p>New contact message received from [u.name] with subject [c.u.title] with message [c.u.message]</p>'),
(90, 'You submitted to waitlist', '<p>You submitted to [c.title]&nbsp;waitlist.</p>'),
(91, 'User submitted in waitlist', '<p>[u.name] submitted to [c.title]&nbsp;waitlist.</p>'),
(92, 'New user registered with your affiliate code', '<p>[u.name] registered with your affiliate code on [time.date].</p>'),
(93, 'New quiz added to course', '<p>New quiz with the title [q.title]&nbsp;added to the course [c.title].</p>'),
(94, 'New reward point', '<p>You collected [points]&nbsp;for [item_title]&nbsp;on [time.date]</p>'),
(95, 'New notice', '<p>You got a new notice with title [c.title]&nbsp;on [time.date]</p>'),
(96, 'New course notice', '<p>You got a new course notice for [c.title]&nbsp;with title [item_title]</p>'),
(97, 'Your user role changed', '<p>Your user role changed to [u.role]</p>'),
(98, 'New user group', '<p>You added to [u.g.title] user group.</p>'),
(99, 'Become instructor/organization request approved', '<p>Your become instructor/organization request is approved.</p>'),
(100, 'Become instructor/organization request rejected', '<p>Your instructor/organization request rejected</p>'),
(101, 'New question in course forum', '<p>[u.name] posted a new question in [c.title] forum.</p>'),
(102, 'New answer in course forum', '<p>[u.name] posted a new answer in [c.title] forum.</p>'),
(103, 'Live meeting created', '<p>[instructor.name] started a new live meeting. Please login to your account and join it now...</p>'),
(104, 'New user registered', '<p>[u.name] registered on the platform on [time.date]&nbsp;as [u.role]</p>'),
(105, 'New instructor/organization request', '<p>[u.name] submitted a user role change request on [time.date]</p>'),
(106, 'New course enrollment', '<p>[u.name] enrolled in [c.title]&nbsp;on [time.date]&nbsp;at [amount]</p>'),
(107, 'New forum topic', '<p>[u.name] created a new topic with title [topic_title]&nbsp;in [forum_title]&nbsp;forum.</p>'),
(108, 'New report', '<p>[u.name] reported a content for revising.</p>'),
(109, 'New item created', '<p>[u.name] created a new item with title [item_title]</p>'),
(110, 'New store order', '<p>New store order received from [u.name]&nbsp;at [amount]</p>'),
(111, 'Subscription plan activated', '<p>[u.name] purchased [s.p.name]&nbsp;at [amount]</p>'),
(112, 'Content review request', '<p>[u.name] sent a review request for [item_title]</p>'),
(113, 'New user blog post', '<p>[u.name] submitted a blog article with title [blog_title]</p>'),
(114, 'New item review (Rating)', '<p>[u.name] submitted a new rate for [item_title]</p>'),
(115, 'New organization user', '<p>[organization.name] submitted [u.name]&nbsp;as new [u.role]</p>'),
(116, 'User wallet charge', '<p>[u.name] charged their wallet for [amount]</p>'),
(117, 'New payout request', '<p>[u.name] submitted a new payout request at [amount]</p>'),
(118, 'New offline payment request', '<p>[u.name] submitted a new offline payment request at [amount]</p>'),
(119, 'Content access approval', '<p>Your content access request approved. You can access all courses now...</p>'),
(120, 'Form submission by user', '<p>[u.name] submitted form [form_title]</p>'),
(121, 'Cart reminder', '<div>We\'re excited to invite you to complete your purchase with us! Enjoy exclusive benefits and offers by finalizing your order now.</div>'),
(122, 'Complete your purchase today with discount!', '<div>Here\'s an exclusive [discount_amount] discount coupon to encourage you to finalize your purchase with us. Discount Code : [discount_code]</div>');

-- --------------------------------------------------------

--
-- Table structure for table `offline_banks`
--

CREATE TABLE `offline_banks` (
  `id` int(10) UNSIGNED NOT NULL,
  `logo` varchar(255) NOT NULL,
  `created_at` bigint(20) UNSIGNED NOT NULL
) ENGINE=InnoDB DEFAULT CHARSET=utf8mb4 COLLATE=utf8mb4_unicode_ci;

--
-- Dumping data for table `offline_banks`
--

INSERT INTO `offline_banks` (`id`, `logo`, `created_at`) VALUES
(6, '/store/1/default_images/offline_payments/Qatar National Bank.png', 1678951755),
(7, '/store/1/default_images/offline_payments/jpmorgan.png', 1679089716),
(8, '/store/1/default_images/offline_payments/State Bank of India.png', 1679090036);

-- --------------------------------------------------------

--
-- Table structure for table `offline_bank_specifications`
--

CREATE TABLE `offline_bank_specifications` (
  `id` int(10) UNSIGNED NOT NULL,
  `offline_bank_id` int(10) UNSIGNED NOT NULL,
  `value` varchar(255) NOT NULL
) ENGINE=InnoDB DEFAULT CHARSET=utf8mb4 COLLATE=utf8mb4_unicode_ci;

--
-- Dumping data for table `offline_bank_specifications`
--

INSERT INTO `offline_bank_specifications` (`id`, `offline_bank_id`, `value`) VALUES
(17, 6, '2578-4910-3682-6288'),
(18, 6, '38152294372'),
(19, 6, 'QA66QUWW934528129454345775226'),
(20, 7, 'Rocket LMS'),
(21, 7, 'NL37ABNA2423554788'),
(22, 7, '5012-4518-1772-8911'),
(23, 8, '6282-4518-1237-7641'),
(24, 8, '56238341127'),
(25, 8, 'IN37ABNA2422193788');

-- --------------------------------------------------------

--
-- Table structure for table `offline_bank_specification_translations`
--

CREATE TABLE `offline_bank_specification_translations` (
  `id` int(10) UNSIGNED NOT NULL,
  `offline_bank_specification_id` int(10) UNSIGNED NOT NULL,
  `locale` varchar(255) NOT NULL,
  `name` varchar(255) NOT NULL
) ENGINE=InnoDB DEFAULT CHARSET=utf8mb4 COLLATE=utf8mb4_unicode_ci;

--
-- Dumping data for table `offline_bank_specification_translations`
--

INSERT INTO `offline_bank_specification_translations` (`id`, `offline_bank_specification_id`, `locale`, `name`) VALUES
(20, 17, 'en', 'Card ID'),
(21, 18, 'en', 'Account ID'),
(22, 19, 'en', 'IBAN'),
(23, 20, 'en', 'Account Holder'),
(24, 21, 'en', 'IBAN'),
(25, 22, 'en', 'Card Number'),
(26, 23, 'en', 'Card Number'),
(27, 24, 'en', 'Account ID'),
(28, 25, 'en', 'IBAN');

-- --------------------------------------------------------

--
-- Table structure for table `offline_bank_translations`
--

CREATE TABLE `offline_bank_translations` (
  `id` int(10) UNSIGNED NOT NULL,
  `offline_bank_id` int(10) UNSIGNED NOT NULL,
  `locale` varchar(255) NOT NULL,
  `title` varchar(255) NOT NULL
) ENGINE=InnoDB DEFAULT CHARSET=utf8mb4 COLLATE=utf8mb4_unicode_ci;

--
-- Dumping data for table `offline_bank_translations`
--

INSERT INTO `offline_bank_translations` (`id`, `offline_bank_id`, `locale`, `title`) VALUES
(7, 6, 'en', 'Qatar National Bank'),
(8, 7, 'en', 'JPMorgan'),
(9, 8, 'en', 'State Bank of India');

-- --------------------------------------------------------

--
-- Table structure for table `offline_payments`
--

CREATE TABLE `offline_payments` (
  `id` int(10) UNSIGNED NOT NULL,
  `user_id` int(10) UNSIGNED NOT NULL,
  `amount` int(11) NOT NULL,
  `offline_bank_id` int(10) UNSIGNED DEFAULT NULL,
  `reference_number` varchar(64) NOT NULL,
  `attachment` varchar(255) DEFAULT NULL,
  `status` enum('waiting','approved','reject') NOT NULL,
  `pay_date` varchar(64) NOT NULL,
  `created_at` int(11) NOT NULL
) ENGINE=InnoDB DEFAULT CHARSET=utf8mb4 COLLATE=utf8mb4_unicode_ci ROW_FORMAT=DYNAMIC;

--
-- Dumping data for table `offline_payments`
--

INSERT INTO `offline_payments` (`id`, `user_id`, `amount`, `offline_bank_id`, `reference_number`, `attachment`, `status`, `pay_date`, `created_at`) VALUES
(15, 996, 500, 6, '493214678', NULL, 'approved', '1625906880', 1625944192),
(16, 995, 1000, 6, '5492247188', NULL, 'approved', '1625888700', 1625950563),
(17, 979, 400, 6, '4637249712', NULL, 'approved', '1626160980', 1625992349),
(18, 1016, 100, 6, '56647132456', NULL, 'reject', '1626065100', 1625992606),
(20, 923, 300, 6, '8314667560', NULL, 'approved', '1626321000', 1625993428),
(21, 930, 250, 6, '5325469580', NULL, 'approved', '1626070800', 1625993489),
(22, 1015, 500, 6, '583359268', NULL, 'approved', '1626183840', 1626132546),
(23, 929, 300, 6, '56476312144', NULL, 'approved', '1626252480', 1626241046),
(24, 996, 200, 6, '261513513513', NULL, 'approved', '1627950600', 1628704322),
(25, 995, 100, 6, '546465654', NULL, 'approved', '1629204540', 1628704347),
(26, 995, 200, 6, '2123135131', NULL, 'approved', '1628610420', 1628704369),
(27, 979, 100, 6, '3416354544', NULL, 'reject', '1628606880', 1628704436),
(28, 930, 100, 6, '5161616', NULL, 'waiting', '1630413000', 1628785223),
(34, 930, 500, NULL, '3215415665', NULL, 'waiting', '1629469800', 1628785293),
(41, 995, 100, 6, '1647726485', '1646413097.png', 'waiting', '1646322780', 1646413097);

-- --------------------------------------------------------

--
-- Table structure for table `orders`
--

CREATE TABLE `orders` (
  `id` int(10) UNSIGNED NOT NULL,
  `user_id` int(10) UNSIGNED NOT NULL,
  `status` enum('pending','paying','paid','fail') NOT NULL,
  `payment_method` enum('credit','payment_channel') DEFAULT NULL,
  `is_charge_account` tinyint(1) NOT NULL DEFAULT 0,
  `amount` double(15,2) UNSIGNED NOT NULL,
  `tax` decimal(13,2) UNSIGNED DEFAULT NULL,
  `total_discount` decimal(13,2) UNSIGNED DEFAULT NULL,
  `total_amount` decimal(13,2) UNSIGNED DEFAULT NULL,
  `product_delivery_fee` decimal(13,2) UNSIGNED DEFAULT NULL,
  `reference_id` text DEFAULT NULL,
  `payment_data` text DEFAULT NULL,
  `created_at` int(10) UNSIGNED NOT NULL
) ENGINE=InnoDB DEFAULT CHARSET=utf8mb4 COLLATE=utf8mb4_unicode_ci ROW_FORMAT=DYNAMIC;

--
-- Dumping data for table `orders`
--

INSERT INTO `orders` (`id`, `user_id`, `status`, `payment_method`, `is_charge_account`, `amount`, `tax`, `total_discount`, `total_amount`, `product_delivery_fee`, `reference_id`, `payment_data`, `created_at`) VALUES
(306, 1015, 'pending', NULL, 0, 63.00, 6.30, NULL, 69.30, NULL, NULL, NULL, 1625145687),
(307, 996, 'paid', 'credit', 0, 150.00, 15.00, 0.00, 165.00, NULL, NULL, NULL, 1625944333),
(308, 995, 'paid', 'credit', 0, 100.00, 10.00, 0.00, 110.00, NULL, NULL, NULL, 1625952623),
(309, 995, 'paid', 'credit', 0, 10.00, 1.00, 0.00, 11.00, NULL, NULL, NULL, 1625953190),
(310, 995, 'paid', 'credit', 0, 125.00, 12.50, 0.00, 137.50, NULL, NULL, NULL, 1625996807),
(311, 995, 'paid', 'credit', 0, 50.00, 5.00, 0.00, 55.00, NULL, NULL, NULL, 1625996936),
(312, 995, 'paid', 'credit', 0, 100.00, 5.00, 50.00, 55.00, NULL, NULL, NULL, 1625996974),
(313, 995, 'paid', 'credit', 0, 16.00, 1.20, 4.00, 13.20, NULL, NULL, NULL, 1625997096),
(314, 996, 'paid', 'credit', 0, 25.00, 2.25, 2.50, 24.75, NULL, NULL, NULL, 1626060481),
(315, 996, 'paid', 'credit', 0, 100.00, 4.00, 60.00, 44.00, NULL, NULL, NULL, 1626060547),
(316, 930, 'paid', 'credit', 0, 100.00, 5.00, 50.00, 55.00, NULL, NULL, NULL, 1626060832),
(317, 979, 'paid', 'credit', 0, 60.00, 6.00, 0.00, 66.00, NULL, NULL, NULL, 1626061329),
(318, 979, 'paid', 'credit', 0, 50.00, 5.00, 0.00, 55.00, NULL, NULL, NULL, 1626061366),
(319, 995, 'paid', 'credit', 0, 20.00, 2.00, NULL, 22.00, NULL, NULL, NULL, 1626061431),
(320, 1015, 'pending', NULL, 0, 20.00, 2.00, 0.00, 22.00, NULL, NULL, NULL, 1626132487),
(321, 1015, 'paid', 'credit', 0, 20.00, 1.60, 4.00, 17.60, NULL, NULL, NULL, 1626132840),
(322, 929, 'pending', NULL, 0, 40.00, 3.00, 10.00, 33.00, NULL, NULL, NULL, 1626240993),
(323, 929, 'paid', 'credit', 0, 50.00, 5.00, NULL, 55.00, NULL, NULL, NULL, 1626241146),
(324, 929, 'paid', 'credit', 0, 40.00, 3.00, 10.00, 33.00, NULL, NULL, NULL, 1626241207),
(325, 995, 'paid', 'credit', 0, 100.00, 10.00, 0.00, 110.00, NULL, NULL, NULL, 1626247189),
(326, 1015, 'pending', NULL, 0, 20.00, 1.60, 4.00, 17.60, NULL, NULL, NULL, 1626284818),
(327, 996, 'paid', 'credit', 0, 30.00, 2.70, 3.00, 29.70, NULL, NULL, NULL, 1626508952),
(328, 929, 'paid', 'credit', 0, 30.00, 3.00, 0.00, 33.00, NULL, NULL, NULL, 1635412190),
(329, 979, 'pending', NULL, 0, 100.00, 10.00, NULL, 110.00, NULL, NULL, NULL, 1635448382),
(330, 1017, 'paid', 'credit', 0, 30.00, 3.00, 0.00, 33.00, NULL, NULL, NULL, 1639379271),
(331, 1017, 'paid', 'credit', 0, 100.00, 10.00, 0.00, 110.00, NULL, NULL, NULL, 1639379347),
(332, 1017, 'paid', 'credit', 0, 40.00, 3.00, 10.00, 33.00, NULL, NULL, NULL, 1639379382),
(333, 995, 'paid', 'credit', 0, 10.00, 1.00, 0.00, 11.00, NULL, NULL, NULL, 1646172083),
(334, 996, 'paid', 'credit', 0, 10.00, 0.90, 1.00, 9.90, NULL, NULL, NULL, 1646172119),
(335, 979, 'paid', 'credit', 0, 10.00, 1.00, 0.00, 11.00, NULL, NULL, NULL, 1646172156),
(336, 929, 'paid', 'credit', 0, 10.00, 1.00, 0.00, 11.00, NULL, NULL, NULL, 1646172292),
(337, 995, 'paid', 'credit', 0, 750.00, 75.00, 0.00, 825.00, NULL, NULL, NULL, 1646379279),
(338, 1017, 'pending', NULL, 0, 300.00, 30.00, 0.00, 330.00, NULL, NULL, NULL, 1646380150),
(339, 930, 'paid', 'credit', 0, 199.00, 19.90, NULL, 218.90, NULL, NULL, NULL, 1646386782),
(340, 859, 'paid', 'credit', 0, 200.00, 20.00, NULL, 220.00, NULL, NULL, NULL, 1646387650),
(341, 930, 'paid', 'credit', 0, 50.00, 5.00, 0.00, 55.00, 0.00, NULL, NULL, 1656083106),
(342, 995, 'paid', 'credit', 0, 5.00, 0.25, 0.00, 5.25, 0.00, NULL, NULL, 1656103838),
(343, 923, 'paid', 'credit', 0, 25.00, 1.25, 0.00, 31.25, 5.00, NULL, NULL, 1656104126),
(344, 996, 'paid', 'credit', 0, 40.00, 3.60, 4.00, 39.60, 0.00, NULL, NULL, 1656130476),
(345, 930, 'paid', 'credit', 0, 290.00, 14.50, 0.00, 314.50, 10.00, NULL, NULL, 1656130702),
(346, 996, 'paid', 'credit', 0, 75.00, 3.75, 0.00, 78.75, 0.00, NULL, NULL, 1656130959),
(347, 979, 'paid', 'credit', 0, 33.00, 3.30, 0.00, 36.30, 0.00, NULL, NULL, 1656139699),
(348, 1017, 'paid', 'credit', 0, 25.00, 1.00, 5.00, 26.00, 5.00, NULL, NULL, 1656148569),
(350, 995, 'paid', 'credit', 0, 50.00, 2.25, 5.00, 52.25, 5.00, NULL, NULL, 1656148833),
(351, 995, 'paid', 'credit', 0, 20.00, 1.00, 4.00, 17.00, 0.00, NULL, NULL, 1656322652),
(694, 995, 'paid', 'credit', 0, 30.00, 3.00, 0.00, 33.00, 0.00, NULL, NULL, 1678915479),
(695, 979, 'paid', 'credit', 0, 30.00, 3.00, 0.00, 33.00, 0.00, NULL, NULL, 1678917758),
(696, 979, 'paid', 'credit', 0, 60.00, 3.60, 24.00, 39.60, 0.00, NULL, NULL, 1678919425),
(697, 930, 'paid', 'credit', 0, 30.00, 3.00, 0.00, 33.00, 0.00, NULL, NULL, 1678922505),
(698, 995, 'paid', 'credit', 0, 20.00, 2.00, 0.00, 22.00, 0.00, NULL, NULL, 1678922687),
(699, 1017, 'paid', 'credit', 0, 30.00, 3.00, 0.00, 33.00, 0.00, NULL, NULL, 1678923549),
(700, 979, 'paid', 'credit', 0, 30.00, 3.00, 0.00, 33.00, 0.00, NULL, NULL, 1678925784),
(701, 995, 'paid', 'credit', 0, 30.00, 3.00, 0.00, 33.00, 0.00, NULL, NULL, 1678925910),
(702, 995, 'paid', 'credit', 0, 20.00, 2.00, 0.00, 22.00, 0.00, NULL, NULL, 1678926034),
(703, 1045, 'paid', 'credit', 0, 100.00, 10.00, 0.00, 110.00, 0.00, NULL, NULL, 1678959216),
(704, 995, 'paid', 'credit', 0, 30.00, 3.00, 0.00, 33.00, 0.00, NULL, NULL, 1678960998),
(705, 930, 'paid', 'credit', 0, 60.00, 3.60, 24.00, 39.60, 0.00, NULL, NULL, 1678961213),
(706, 979, 'paid', 'credit', 0, 30.00, 3.00, 0.00, 33.00, 0.00, NULL, NULL, 1678961648),
(707, 1045, 'paid', 'credit', 0, 30.00, 3.00, 0.00, 33.00, 0.00, NULL, NULL, 1679088424),
(708, 995, 'paid', 'credit', 0, 30.00, 3.00, 0.00, 33.00, 0.00, NULL, NULL, 1685783036),
(709, 930, 'paid', 'credit', 0, 30.00, 3.00, 0.00, 33.00, 0.00, NULL, NULL, 1685783147),
(710, 1015, 'paid', 'credit', 0, 40.00, 4.00, NULL, 44.00, NULL, NULL, NULL, 1751723588),
(711, 995, 'paid', 'credit', 0, 100.00, 10.00, 0.00, 110.00, 0.00, NULL, NULL, 1751723853);

-- --------------------------------------------------------

--
-- Table structure for table `order_items`
--

CREATE TABLE `order_items` (
  `id` int(10) UNSIGNED NOT NULL,
  `user_id` int(10) UNSIGNED NOT NULL,
  `order_id` int(10) UNSIGNED NOT NULL,
  `webinar_id` int(10) UNSIGNED DEFAULT NULL,
  `bundle_id` int(10) UNSIGNED DEFAULT NULL,
  `subscribe_id` int(10) UNSIGNED DEFAULT NULL,
  `promotion_id` int(10) UNSIGNED DEFAULT NULL,
  `gift_id` int(10) UNSIGNED DEFAULT NULL,
  `registration_package_id` int(10) UNSIGNED DEFAULT NULL,
  `product_id` int(10) UNSIGNED DEFAULT NULL,
  `product_order_id` int(10) UNSIGNED DEFAULT NULL,
  `installment_payment_id` int(10) UNSIGNED DEFAULT NULL,
  `reserve_meeting_id` int(10) UNSIGNED DEFAULT NULL,
  `ticket_id` int(10) UNSIGNED DEFAULT NULL,
  `discount_id` int(11) DEFAULT NULL,
  `become_instructor_id` int(10) UNSIGNED DEFAULT NULL,
  `amount` double(15,2) UNSIGNED DEFAULT NULL,
  `tax` int(10) UNSIGNED DEFAULT NULL,
  `tax_price` double(15,2) UNSIGNED DEFAULT NULL,
  `commission` int(10) UNSIGNED DEFAULT NULL,
  `commission_price` double(15,2) UNSIGNED DEFAULT NULL,
  `discount` double(15,2) UNSIGNED DEFAULT NULL,
  `total_amount` double(15,2) UNSIGNED DEFAULT NULL,
  `product_delivery_fee` double(15,2) UNSIGNED DEFAULT NULL,
  `created_at` int(10) UNSIGNED DEFAULT NULL
) ENGINE=InnoDB DEFAULT CHARSET=utf8mb4 COLLATE=utf8mb4_unicode_ci ROW_FORMAT=DYNAMIC;

--
-- Dumping data for table `order_items`
--

INSERT INTO `order_items` (`id`, `user_id`, `order_id`, `webinar_id`, `bundle_id`, `subscribe_id`, `promotion_id`, `gift_id`, `registration_package_id`, `product_id`, `product_order_id`, `installment_payment_id`, `reserve_meeting_id`, `ticket_id`, `discount_id`, `become_instructor_id`, `amount`, `tax`, `tax_price`, `commission`, `commission_price`, `discount`, `total_amount`, `product_delivery_fee`, `created_at`) VALUES
(310, 1015, 306, 1996, NULL, NULL, 3, NULL, NULL, NULL, NULL, NULL, NULL, NULL, NULL, NULL, 63.00, 10, 6.30, 0, 0.00, NULL, 69.30, NULL, 1625145687),
(311, 996, 307, NULL, NULL, NULL, NULL, NULL, NULL, NULL, NULL, NULL, 48, NULL, NULL, NULL, 150.00, 10, 15.00, 20, 30.00, 0.00, 165.00, NULL, 1625944333),
(312, 995, 308, NULL, NULL, NULL, NULL, NULL, NULL, NULL, NULL, NULL, 49, NULL, NULL, NULL, 100.00, 10, 10.00, 20, 20.00, 0.00, 110.00, NULL, 1625952623),
(313, 995, 309, 2005, NULL, NULL, NULL, NULL, NULL, NULL, NULL, NULL, NULL, NULL, NULL, NULL, 10.00, 10, 1.00, 20, 2.00, 0.00, 11.00, NULL, 1625953190),
(314, 995, 310, NULL, NULL, NULL, NULL, NULL, NULL, NULL, NULL, NULL, 50, NULL, NULL, NULL, 125.00, 10, 12.50, 20, 25.00, 0.00, 137.50, NULL, 1625996807),
(315, 995, 311, 1999, NULL, NULL, NULL, NULL, NULL, NULL, NULL, NULL, NULL, NULL, NULL, NULL, 50.00, 10, 5.00, 10, 5.00, 0.00, 55.00, NULL, 1625996936),
(316, 995, 312, 1998, NULL, NULL, NULL, NULL, NULL, NULL, NULL, NULL, NULL, 28, NULL, NULL, 100.00, 10, 5.00, 20, 10.00, 50.00, 55.00, NULL, 1625996974),
(317, 995, 313, 2001, NULL, NULL, NULL, NULL, NULL, NULL, NULL, NULL, NULL, NULL, NULL, NULL, 20.00, 10, 1.60, 10, 1.60, 4.00, 17.60, NULL, 1625997096),
(318, 996, 314, 2006, NULL, NULL, NULL, NULL, NULL, NULL, NULL, NULL, NULL, NULL, NULL, NULL, 25.00, 10, 2.25, 20, 4.50, 2.50, 24.75, NULL, 1626060481),
(319, 996, 315, 1998, NULL, NULL, NULL, NULL, NULL, NULL, NULL, NULL, NULL, 28, NULL, NULL, 100.00, 10, 4.00, 20, 8.00, 60.00, 44.00, NULL, 1626060548),
(320, 930, 316, 1998, NULL, NULL, NULL, NULL, NULL, NULL, NULL, NULL, NULL, 28, NULL, NULL, 100.00, 10, 5.00, 20, 10.00, 50.00, 55.00, NULL, 1626060832),
(321, 979, 317, 2004, NULL, NULL, NULL, NULL, NULL, NULL, NULL, NULL, NULL, NULL, NULL, NULL, 60.00, 10, 6.00, 10, 6.00, 0.00, 66.00, NULL, 1626061329),
(322, 979, 318, 2002, NULL, NULL, NULL, NULL, NULL, NULL, NULL, NULL, NULL, NULL, NULL, NULL, 20.00, 10, 2.00, 20, 4.00, 0.00, 22.00, NULL, 1626061366),
(323, 979, 318, 2000, NULL, NULL, NULL, NULL, NULL, NULL, NULL, NULL, NULL, NULL, NULL, NULL, 30.00, 10, 3.00, 20, 6.00, 0.00, 33.00, NULL, 1626061366),
(324, 995, 319, NULL, NULL, 3, NULL, NULL, NULL, NULL, NULL, NULL, NULL, NULL, NULL, NULL, 20.00, 10, 2.00, 0, 0.00, NULL, 22.00, NULL, 1626061431),
(325, 1015, 320, 2002, NULL, NULL, NULL, NULL, NULL, NULL, NULL, NULL, NULL, NULL, NULL, NULL, 20.00, 10, 2.00, 20, 4.00, 0.00, 22.00, NULL, 1626132487),
(326, 1015, 321, 2002, NULL, NULL, NULL, NULL, NULL, NULL, NULL, NULL, NULL, NULL, 7, NULL, 20.00, 10, 1.60, 20, 3.20, 4.00, 17.60, NULL, 1626132840),
(327, 929, 322, 2003, NULL, NULL, NULL, NULL, NULL, NULL, NULL, NULL, NULL, 31, NULL, NULL, 40.00, 10, 3.00, 20, 6.00, 10.00, 33.00, NULL, 1626240993),
(328, 929, 323, 2004, NULL, NULL, 3, NULL, NULL, NULL, NULL, NULL, NULL, NULL, NULL, NULL, 50.00, 10, 5.00, 0, 0.00, NULL, 55.00, NULL, 1626241146),
(329, 929, 324, 2003, NULL, NULL, NULL, NULL, NULL, NULL, NULL, NULL, NULL, 31, NULL, NULL, 40.00, 10, 3.00, 20, 6.00, 10.00, 33.00, NULL, 1626241207),
(330, 995, 325, NULL, NULL, NULL, NULL, NULL, NULL, NULL, NULL, NULL, 51, NULL, NULL, NULL, 100.00, 10, 10.00, 20, 20.00, 0.00, 110.00, NULL, 1626247189),
(331, 1015, 326, 2001, NULL, NULL, NULL, NULL, NULL, NULL, NULL, NULL, NULL, NULL, NULL, NULL, 20.00, 10, 1.60, 10, 1.60, 4.00, 17.60, NULL, 1626284818),
(332, 996, 327, 2000, NULL, NULL, NULL, NULL, NULL, NULL, NULL, NULL, NULL, NULL, NULL, NULL, 30.00, 10, 2.70, 20, 5.40, 3.00, 29.70, NULL, 1626508952),
(333, 929, 328, 2000, NULL, NULL, NULL, NULL, NULL, NULL, NULL, NULL, NULL, NULL, NULL, NULL, 30.00, 10, 3.00, 20, 6.00, 0.00, 33.00, NULL, 1635412190),
(334, 979, 329, NULL, NULL, 4, NULL, NULL, NULL, NULL, NULL, NULL, NULL, NULL, NULL, NULL, 100.00, 10, 10.00, 0, 0.00, NULL, 110.00, NULL, 1635448382),
(335, 1017, 330, 2000, NULL, NULL, NULL, NULL, NULL, NULL, NULL, NULL, NULL, NULL, NULL, NULL, 30.00, 10, 3.00, 20, 6.00, 0.00, 33.00, NULL, 1639379271),
(336, 1017, 331, 1998, NULL, NULL, NULL, NULL, NULL, NULL, NULL, NULL, NULL, NULL, NULL, NULL, 100.00, 10, 10.00, 20, 20.00, 0.00, 110.00, NULL, 1639379347),
(337, 1017, 332, 2003, NULL, NULL, NULL, NULL, NULL, NULL, NULL, NULL, NULL, 31, NULL, NULL, 40.00, 10, 3.00, 20, 6.00, 10.00, 33.00, NULL, 1639379382),
(338, 995, 333, 2009, NULL, NULL, NULL, NULL, NULL, NULL, NULL, NULL, NULL, NULL, NULL, NULL, 10.00, 10, 1.00, 20, 2.00, 0.00, 11.00, NULL, 1646172083),
(339, 996, 334, 2009, NULL, NULL, NULL, NULL, NULL, NULL, NULL, NULL, NULL, NULL, NULL, NULL, 10.00, 10, 0.90, 20, 1.80, 1.00, 9.90, NULL, 1646172119),
(340, 979, 335, 2009, NULL, NULL, NULL, NULL, NULL, NULL, NULL, NULL, NULL, NULL, NULL, NULL, 10.00, 10, 1.00, 20, 2.00, 0.00, 11.00, NULL, 1646172156),
(341, 929, 336, 2009, NULL, NULL, NULL, NULL, NULL, NULL, NULL, NULL, NULL, NULL, NULL, NULL, 10.00, 10, 1.00, 20, 2.00, 0.00, 11.00, NULL, 1646172292),
(342, 995, 337, NULL, NULL, NULL, NULL, NULL, NULL, NULL, NULL, NULL, 1, NULL, NULL, NULL, 750.00, 10, 75.00, 20, 150.00, 0.00, 825.00, NULL, 1646379279),
(343, 1017, 338, NULL, NULL, NULL, NULL, NULL, NULL, NULL, NULL, NULL, 5, NULL, NULL, NULL, 300.00, 10, 30.00, 20, 60.00, 0.00, 330.00, NULL, 1646380150),
(344, 930, 339, NULL, NULL, NULL, NULL, NULL, 2, NULL, NULL, NULL, NULL, NULL, NULL, 5, 199.00, 10, 19.90, 0, 0.00, NULL, 218.90, NULL, 1646386782),
(345, 859, 340, NULL, NULL, NULL, NULL, NULL, 4, NULL, NULL, NULL, NULL, NULL, NULL, 6, 200.00, 10, 20.00, 0, 0.00, NULL, 220.00, NULL, 1646387650),
(346, 930, 341, NULL, 1, NULL, NULL, NULL, NULL, NULL, NULL, NULL, NULL, NULL, NULL, NULL, 50.00, 10, 5.00, 20, 10.00, 0.00, 55.00, 0.00, 1656083106),
(347, 995, 342, NULL, NULL, NULL, NULL, NULL, NULL, 4, 1, NULL, NULL, NULL, NULL, NULL, 5.00, 5, 0.25, 20, 1.00, 0.00, 5.25, 0.00, 1656103838),
(348, 923, 343, NULL, NULL, NULL, NULL, NULL, NULL, 1, 2, NULL, NULL, NULL, NULL, NULL, 25.00, 5, 1.25, 10, 2.50, 0.00, 31.25, 5.00, 1656104126),
(349, 996, 344, 2003, NULL, NULL, NULL, NULL, NULL, NULL, NULL, NULL, NULL, NULL, NULL, NULL, 40.00, 10, 3.60, 20, 7.20, 4.00, 39.60, 0.00, 1656130476),
(350, 930, 345, NULL, NULL, NULL, NULL, NULL, NULL, 2, 3, NULL, NULL, NULL, NULL, NULL, 290.00, 5, 14.50, 10, 29.00, 0.00, 314.50, 10.00, 1656130702),
(351, 996, 346, NULL, NULL, NULL, NULL, NULL, NULL, 5, 4, NULL, NULL, NULL, NULL, NULL, 75.00, 5, 3.75, 20, 15.00, 0.00, 78.75, 0.00, 1656130959),
(352, 979, 347, NULL, 2, NULL, NULL, NULL, NULL, NULL, NULL, NULL, NULL, NULL, NULL, NULL, 8.00, 10, 0.80, 20, 1.60, 0.00, 8.80, 0.00, 1656139699),
(353, 979, 347, NULL, 3, NULL, NULL, NULL, NULL, NULL, NULL, NULL, NULL, NULL, NULL, NULL, 25.00, 10, 2.50, 20, 5.00, 0.00, 27.50, 0.00, 1656139699),
(354, 1017, 348, NULL, NULL, NULL, NULL, NULL, NULL, 1, 5, NULL, NULL, NULL, NULL, NULL, 25.00, 5, 1.00, 10, 2.00, 5.00, 26.00, 5.00, 1656148569),
(356, 995, 350, NULL, NULL, NULL, NULL, NULL, NULL, 1, 6, NULL, NULL, NULL, NULL, NULL, 50.00, 5, 2.25, 10, 4.50, 5.00, 52.25, 5.00, 1656148833),
(357, 995, 351, NULL, NULL, NULL, NULL, NULL, NULL, 6, 7, NULL, NULL, NULL, 9, NULL, 20.00, 5, 1.00, 20, 4.00, 4.00, 17.00, 0.00, 1656322652),
(692, 995, 694, NULL, NULL, NULL, NULL, NULL, NULL, NULL, NULL, 1, NULL, NULL, NULL, NULL, 30.00, 10, 3.00, 20, 6.00, 0.00, 33.00, 0.00, 1678915479),
(693, 979, 695, NULL, NULL, NULL, NULL, NULL, NULL, NULL, NULL, 2, NULL, NULL, NULL, NULL, 30.00, 10, 3.00, 20, 6.00, 0.00, 33.00, 0.00, 1678917758),
(694, 979, 696, 2004, NULL, NULL, NULL, 6, NULL, NULL, NULL, NULL, NULL, NULL, NULL, NULL, 60.00, 10, 3.60, 10, 3.60, 24.00, 39.60, 0.00, 1678919425),
(695, 930, 697, NULL, NULL, NULL, NULL, NULL, NULL, NULL, NULL, 3, NULL, NULL, NULL, NULL, 30.00, 10, 3.00, 20, 6.00, 0.00, 33.00, 0.00, 1678922505),
(696, 995, 698, NULL, NULL, NULL, NULL, NULL, NULL, NULL, NULL, 4, NULL, NULL, NULL, NULL, 20.00, 10, 2.00, 20, 4.00, 0.00, 22.00, 0.00, 1678922687),
(697, 1017, 699, NULL, NULL, NULL, NULL, NULL, NULL, NULL, NULL, 5, NULL, NULL, NULL, NULL, 30.00, 10, 3.00, 20, 6.00, 0.00, 33.00, 0.00, 1678923549),
(698, 979, 700, NULL, NULL, NULL, NULL, NULL, NULL, NULL, NULL, 6, NULL, NULL, NULL, NULL, 30.00, 10, 3.00, 20, 6.00, 0.00, 33.00, 0.00, 1678925784),
(699, 995, 701, NULL, NULL, NULL, NULL, NULL, NULL, NULL, NULL, 7, NULL, NULL, NULL, NULL, 30.00, 10, 3.00, 20, 6.00, 0.00, 33.00, 0.00, 1678925910),
(700, 995, 702, NULL, NULL, NULL, NULL, NULL, NULL, NULL, NULL, 9, NULL, NULL, NULL, NULL, 20.00, 10, 2.00, 20, 4.00, 0.00, 22.00, 0.00, 1678926034),
(701, 1045, 703, 2022, NULL, NULL, NULL, NULL, NULL, NULL, NULL, NULL, NULL, NULL, NULL, NULL, 100.00, 10, 10.00, 20, 20.00, 0.00, 110.00, 0.00, 1678959216),
(702, 995, 704, NULL, NULL, NULL, NULL, NULL, NULL, NULL, NULL, 10, NULL, NULL, NULL, NULL, 30.00, 10, 3.00, 20, 6.00, 0.00, 33.00, 0.00, 1678960998),
(703, 930, 705, 2004, NULL, NULL, NULL, NULL, NULL, NULL, NULL, NULL, NULL, NULL, NULL, NULL, 60.00, 10, 3.60, 10, 3.60, 24.00, 39.60, 0.00, 1678961213),
(704, 979, 706, NULL, NULL, NULL, NULL, NULL, NULL, NULL, NULL, 11, NULL, NULL, NULL, NULL, 30.00, 10, 3.00, 20, 6.00, 0.00, 33.00, 0.00, 1678961648),
(705, 1045, 707, 2000, NULL, NULL, NULL, NULL, NULL, NULL, NULL, NULL, NULL, NULL, NULL, NULL, 30.00, 10, 3.00, 20, 6.00, 0.00, 33.00, 0.00, 1679088424),
(706, 995, 708, NULL, NULL, NULL, NULL, NULL, NULL, NULL, NULL, 1, NULL, NULL, NULL, NULL, 30.00, 10, 3.00, 20, 6.00, 0.00, 33.00, 0.00, 1685783036),
(707, 930, 709, NULL, NULL, NULL, NULL, NULL, NULL, NULL, NULL, 2, NULL, NULL, NULL, NULL, 30.00, 10, 3.00, 20, 6.00, 0.00, 33.00, 0.00, 1685783147),
(708, 1015, 710, NULL, NULL, 5, NULL, NULL, NULL, NULL, NULL, NULL, NULL, NULL, NULL, NULL, 40.00, 10, 4.00, 0, 0.00, NULL, 44.00, NULL, 1751723588),
(709, 995, 711, NULL, NULL, NULL, NULL, NULL, NULL, NULL, NULL, NULL, 74, NULL, NULL, NULL, 100.00, 10, 10.00, 30, 30.00, 0.00, 110.00, 0.00, 1751723853);

-- --------------------------------------------------------

--
-- Table structure for table `pages`
--

CREATE TABLE `pages` (
  `id` int(10) UNSIGNED NOT NULL,
  `link` varchar(255) NOT NULL,
  `name` varchar(255) NOT NULL,
  `icon` varchar(255) DEFAULT NULL,
  `cover` varchar(255) DEFAULT NULL,
  `header_icon` varchar(255) DEFAULT NULL,
  `robot` tinyint(1) NOT NULL DEFAULT 0,
  `status` enum('publish','draft') NOT NULL DEFAULT 'draft',
  `created_at` int(10) UNSIGNED NOT NULL
) ENGINE=InnoDB DEFAULT CHARSET=utf8mb4 COLLATE=utf8mb4_unicode_ci;

--
-- Dumping data for table `pages`
--

INSERT INTO `pages` (`id`, `link`, `name`, `icon`, `cover`, `header_icon`, `robot`, `status`, `created_at`) VALUES
(3, '/about', 'About', NULL, NULL, NULL, 1, 'publish', 1609088468),
(5, '/terms', 'Terms & rules', NULL, NULL, NULL, 1, 'publish', 1646409295),
(6, '/reward_points_system', 'Reward Points System', NULL, NULL, NULL, 1, 'publish', 1646398467);

-- --------------------------------------------------------

--
-- Table structure for table `page_translations`
--

CREATE TABLE `page_translations` (
  `id` bigint(20) UNSIGNED NOT NULL,
  `page_id` int(10) UNSIGNED NOT NULL,
  `locale` varchar(255) NOT NULL,
  `title` varchar(255) NOT NULL,
  `subtitle` text DEFAULT NULL,
  `seo_description` varchar(255) DEFAULT NULL,
  `content` longtext NOT NULL
) ENGINE=InnoDB DEFAULT CHARSET=utf8mb4 COLLATE=utf8mb4_unicode_ci;

--
-- Dumping data for table `page_translations`
--

INSERT INTO `page_translations` (`id`, `page_id`, `locale`, `title`, `subtitle`, `seo_description`, `content`) VALUES
(1, 3, 'en', 'About Rocket LMS', NULL, 'Rocket LMS is an online course marketplace with a pile of features that helps you to run your online education business easily.', '<div><b>Rocket LMS</b> is an online course marketplace with a pile of features that helps you to run your online education business easily. This platform helps instructors and students get in touch together and share knowledge.</div><div><br></div><div>Teachers will be able to create unlimited video courses, live classes, text courses, projects, quizzes, files, etc and students will be able to use the educational material and increase their skill level.</div><div><br></div><div>Rocket LMS is based on real business needs, cultural differences, advanced user researches so it covers your business requirements efficiently.</div><div style=\"text-align: center; \"><img src=\"/store/1/default_images/about.png\" style=\"width: 1110px;\"><br></div><div><br></div><div><b>WHY CHOOSE Rocket LMS?</b></div><div><br></div><div>- Comprehensive solution for online education businesses</div><div>- Based on real business needs</div><div>- Multiple content types (Video courses, Live classes, text courses)</div><div>- Youtube, Vimeo, and AWS integration</div><div>- Google calendar integration</div><div>- Online 1 to 1 meetings support</div><div>- Single &amp; multiple instructors</div><div>- Organizational education system</div><div>- Subscribe system</div><div>- Various payment gateways for worldwide</div><div>- Offline payment</div><div>- Multilanguage</div><div>- Fully responsive</div><div>- Fully customizable</div><div>- RTL support</div>'),
(2, 5, 'en', 'Terms of Service', NULL, 'Our mission is to improve lives through learning. We enable anyone anywhere to create and share educational content (instructors) and to access that educational content to learn.', '<p><b>Note: This is just demo data.</b></p><p>Our mission is to improve lives through learning. We enable anyone anywhere to create and share educational content (instructors) and to access that educational content to learn (students). We consider our marketplace model the best way to offer valuable educational content to our users. We need rules to keep our platform and services safe for you, us, and our student and instructor community. These Terms apply to all your activities on the Udemy website, the Udemy mobile applications, our TV applications, our APIs, and other related services (“<b>Services</b>”).</p><p>If you publish content on our platform, you must also agree to the Instructor Terms. We also provide details regarding our processing of the personal data of our students and instructors in our Privacy Policy. If you are using our platform for Business as part of your organization’s Udemy for Business subscription, you should consult our Udemy for Business Privacy Statement.</p><p style=\"text-align: center; \"><img src=\"/store/1/default_images/blogs/home2.png\" style=\"width: 954px;\"><br></p><p>You need an account for most activities on our platform, including to <b>purchase</b> and access content or to <b>submit content for publication</b>. When setting up and maintaining your account, you must provide and continue to provide accurate and complete information, including a valid email address. You have complete responsibility for your account and everything that happens on your account, including for any harm or damage (to us or anyone else) caused by someone using your account without your permission. This means you need to be careful with your password. You may not transfer your account to someone else or use someone else’s account. If you contact us to request access to an account, we will not grant you such access unless you can provide us with the information that we need to prove you are the owner of that account. In the event of the death of a user, the account of that user will be closed.</p>'),
(3, 6, 'en', 'Reward Points System', NULL, 'Rocket LMS Reward Points System is a Complete Loyalty Reward Points System and the most comprehensive Points and Rewards Plugin.', '<p><img src=\"/store/1/default_images/Reward Points System.jpg\" style=\"width: 800px;\"><br></p><p><b>Rocket LMS&nbsp;Reward Points System is a Complete Loyalty Reward Points System and the most comprehensive Points and Rewards Plugin. Reward your Customers using Reward Points for Product Purchase, Writing Reviews, Sign up, Referrals, etc. The earned Reward Points can be redeemed for future purchases.&nbsp;</b></p>'),
(4, 5, 'es', 'Términos de servicio', NULL, 'Nuestra misión es mejorar vidas a través del aprendizaje. Permitimos que cualquier persona en cualquier lugar pueda crear y compartir contenido educativo (instructores) y acceder a ese contenido educativo para aprender.', '<p>Nota: Estos son solo datos de demostración.</p><p><br></p><p>Nuestra misión es mejorar vidas a través del aprendizaje. Permitimos que cualquier persona en cualquier lugar pueda crear y compartir contenido educativo (instructores) y acceder a ese contenido educativo para aprender (estudiantes). Consideramos nuestro modelo de mercado la mejor manera de ofrecer contenido educativo valioso a nuestros usuarios. Necesitamos reglas para mantener nuestra plataforma y servicios seguros para usted, nosotros y nuestra comunidad de estudiantes e instructores. Estos Términos se aplican a todas sus actividades en el sitio web de Udemy, las aplicaciones móviles de Udemy, nuestras aplicaciones de TV, nuestras API y otros servicios relacionados (\"Servicios\").</p><p><br></p><p>Si publica contenido en nuestra plataforma, también debe aceptar los Términos del instructor. También proporcionamos detalles sobre nuestro procesamiento de los datos personales de nuestros estudiantes e instructores en nuestra Política de privacidad. Si utiliza nuestra plataforma para empresas como parte de la suscripción a Udemy for Business de su organización, debe consultar nuestra Declaración de privacidad de Udemy for Business.</p><p><br></p><p><br></p><p><br></p><p>Necesita una cuenta para la mayoría de las actividades en nuestra plataforma, incluso para comprar y acceder a contenido o para enviar contenido para su publicación. Al configurar y mantener su cuenta, debe proporcionar y continuar proporcionando información precisa y completa, incluida una dirección de correo electrónico válida. Usted es completamente responsable de su cuenta y de todo lo que sucede en ella, incluido cualquier daño o perjuicio (a nosotros o a cualquier otra persona) causado por alguien que usa su cuenta sin su permiso. Esto significa que debe tener cuidado con su contraseña. No puede transferir su cuenta a otra persona ni usar la cuenta de otra persona. Si se comunica con nosotros para solicitar acceso a una cuenta, no le otorgaremos dicho acceso a menos que pueda proporcionarnos la información que necesitamos para demostrar que es el propietario de esa cuenta. En caso de fallecimiento de un usuario, la cuenta de ese usuario se cerrará.</p>'),
(5, 5, 'ar', 'شروط الخدمة', NULL, 'مهمتنا هي تحسين الحياة من خلال التعلم. نحن نمكن أي شخص في أي مكان من إنشاء ومشاركة المحتوى التعليمي (المدربين) والوصول إلى هذا المحتوى التعليمي للتعلم.', '<p style=\"direction: rtl; text-align: right;\">ملاحظة: هذه مجرد بيانات تجريبية.</p><p style=\"direction: rtl; text-align: right;\">مهمتنا هي تحسين الحياة من خلال التعلم. نحن نمكن أي شخص في أي مكان من إنشاء ومشاركة المحتوى التعليمي (المدربين) والوصول إلى هذا المحتوى التعليمي للتعلم (الطلاب). نحن نعتبر نموذج السوق الخاص بنا هو أفضل طريقة لتقديم محتوى تعليمي قيم لمستخدمينا. نحن بحاجة إلى قواعد للحفاظ على نظامنا الأساسي وخدماتنا آمنة لك ولنا ومجتمع الطلاب والمدرسين لدينا. تنطبق هذه الشروط على جميع أنشطتك على موقع Udemy على الويب ، وتطبيقات Udemy للهاتف المحمول ، وتطبيقات التلفزيون لدينا ، وواجهات برمجة التطبيقات الخاصة بنا ، والخدمات الأخرى ذات الصلة (\"الخدمات\").</p><p style=\"direction: rtl; text-align: right;\">إذا قمت بنشر محتوى على نظامنا الأساسي ، فيجب عليك أيضًا الموافقة على شروط المدرب. نقدم أيضًا تفاصيل تتعلق بمعالجتنا للبيانات الشخصية لطلابنا ومعلمينا في سياسة الخصوصية الخاصة بنا. إذا كنت تستخدم منصتنا للأعمال كجزء من اشتراك Udemy for Business الخاص بمؤسستك ، فيجب عليك الرجوع إلى بيان خصوصية Udemy for Business.</p><p style=\"direction: rtl; text-align: right;\">أنت بحاجة إلى حساب لمعظم الأنشطة على نظامنا الأساسي ، بما في ذلك شراء المحتوى والوصول إليه أو إرسال المحتوى للنشر. عند إعداد حسابك وصيانته ، يجب عليك تقديم معلومات دقيقة وكاملة والاستمرار في تقديمها ، بما في ذلك عنوان بريد إلكتروني صالح. أنت تتحمل المسؤولية الكاملة عن حسابك وكل ما يحدث على حسابك ، بما في ذلك أي ضرر أو ضرر (لنا أو لأي شخص آخر) ناجم عن شخص يستخدم حسابك دون إذنك. هذا يعني أنك بحاجة إلى توخي الحذر بشأن كلمة المرور الخاصة بك. لا يجوز لك نقل حسابك إلى شخص آخر أو استخدام حساب شخص آخر. إذا اتصلت بنا لطلب الوصول إلى حساب ، فلن نمنحك هذا الوصول ما لم تتمكن من تزويدنا بالمعلومات التي نحتاجها لإثبات أنك مالك هذا الحساب. في حالة وفاة المستخدم ، سيتم إغلاق حساب هذا المستخدم.</p>');

-- --------------------------------------------------------

--
-- Table structure for table `payku_transactions`
--

CREATE TABLE `payku_transactions` (
  `id` varchar(255) NOT NULL,
  `status` varchar(255) DEFAULT NULL,
  `order` varchar(255) DEFAULT NULL,
  `email` varchar(255) DEFAULT NULL,
  `subject` varchar(255) DEFAULT NULL,
  `url` text DEFAULT NULL,
  `amount` int(10) UNSIGNED DEFAULT NULL,
  `notified_at` datetime DEFAULT NULL,
  `created_at` timestamp NULL DEFAULT NULL,
  `updated_at` timestamp NULL DEFAULT NULL,
  `full_name` varchar(255) DEFAULT NULL
) ENGINE=InnoDB DEFAULT CHARSET=utf8mb4 COLLATE=utf8mb4_unicode_ci;

-- --------------------------------------------------------

--
-- Table structure for table `payouts`
--

CREATE TABLE `payouts` (
  `id` int(10) UNSIGNED NOT NULL,
  `user_id` int(10) UNSIGNED NOT NULL,
  `user_selected_bank_id` int(10) UNSIGNED NOT NULL,
  `amount` decimal(13,2) NOT NULL,
  `status` enum('waiting','done','reject') NOT NULL,
  `created_at` int(11) NOT NULL
) ENGINE=InnoDB DEFAULT CHARSET=utf8mb4 COLLATE=utf8mb4_unicode_ci ROW_FORMAT=DYNAMIC;

-- --------------------------------------------------------

--
-- Table structure for table `permissions`
--

CREATE TABLE `permissions` (
  `id` int(10) UNSIGNED NOT NULL,
  `role_id` int(10) UNSIGNED DEFAULT NULL,
  `section_id` int(10) UNSIGNED DEFAULT NULL,
  `allow` tinyint(1) NOT NULL DEFAULT 0
) ENGINE=InnoDB DEFAULT CHARSET=utf8mb4 COLLATE=utf8mb4_unicode_ci;

--
-- Dumping data for table `permissions`
--

INSERT INTO `permissions` (`id`, `role_id`, `section_id`, `allow`) VALUES
(20779, 3, 100001, 1),
(20780, 3, 100002, 1),
(20781, 3, 100003, 1),
(20782, 3, 100004, 1),
(20783, 3, 100005, 1),
(20784, 3, 100010, 1),
(20785, 3, 100011, 1),
(20786, 3, 100012, 1),
(20787, 3, 100013, 1),
(20788, 3, 100014, 1),
(20789, 3, 100020, 1),
(20790, 3, 100021, 1),
(20791, 3, 100022, 1),
(20792, 3, 100023, 1),
(20793, 3, 100024, 1),
(20794, 3, 100025, 1),
(20795, 3, 100026, 1),
(20796, 3, 100027, 1),
(20797, 3, 100028, 1),
(20798, 3, 100029, 1),
(20799, 3, 100030, 1),
(20800, 3, 100031, 1),
(20801, 3, 100032, 1),
(20802, 3, 100033, 1),
(20803, 3, 100034, 1),
(20804, 3, 100035, 1),
(20805, 3, 100040, 1),
(20806, 3, 100041, 1),
(20807, 3, 100042, 1),
(20808, 3, 100043, 1),
(20809, 3, 100044, 1),
(20810, 3, 100045, 1),
(20811, 3, 100050, 1),
(20812, 3, 100051, 1),
(20813, 3, 100052, 1),
(20814, 3, 100053, 1),
(20815, 3, 100054, 1),
(20816, 3, 100055, 1),
(20817, 3, 100060, 1),
(20818, 3, 100061, 1),
(20819, 3, 100062, 1),
(20820, 3, 100063, 1),
(20821, 3, 100070, 1),
(20822, 3, 100071, 1),
(20823, 3, 100072, 1),
(20824, 3, 100073, 1),
(20825, 3, 100080, 1),
(20826, 3, 100081, 1),
(20827, 3, 100082, 1),
(20828, 3, 100083, 1),
(20829, 3, 100084, 1),
(20830, 3, 100085, 1),
(20831, 3, 100086, 1),
(20832, 3, 100090, 1),
(20833, 3, 100091, 1),
(20834, 3, 100092, 1),
(20835, 3, 100093, 1),
(20836, 3, 100100, 1),
(20837, 3, 100101, 1),
(20838, 3, 100102, 1),
(20839, 3, 100103, 1),
(20840, 3, 100104, 1),
(20841, 3, 100105, 1),
(20842, 3, 100106, 1),
(20843, 3, 100107, 1),
(20844, 3, 100120, 1),
(20845, 3, 100121, 1),
(20846, 3, 100122, 1),
(20847, 3, 100123, 1),
(20848, 3, 100124, 1),
(20849, 3, 100125, 1),
(20850, 3, 100126, 1),
(20851, 3, 100127, 1),
(20852, 3, 100140, 1),
(20853, 3, 100141, 1),
(20854, 3, 100142, 1),
(20855, 3, 100143, 1),
(20856, 3, 100160, 1),
(20857, 3, 100161, 1),
(20858, 3, 100162, 1),
(20859, 3, 100163, 1),
(20860, 3, 100164, 1),
(20861, 3, 100165, 1),
(20862, 3, 100166, 1),
(20863, 3, 100167, 1),
(20864, 3, 100180, 1),
(20865, 3, 100181, 1),
(20866, 3, 100182, 1),
(20867, 3, 100183, 1),
(20868, 3, 100184, 1),
(20869, 3, 100200, 1),
(20870, 3, 100201, 1),
(20871, 3, 100202, 1),
(20872, 3, 100203, 1),
(20873, 3, 100204, 1),
(20874, 3, 100220, 1),
(20875, 3, 100221, 1),
(20876, 3, 100222, 1),
(20877, 3, 100223, 1),
(20878, 3, 100224, 1),
(20879, 3, 100225, 1),
(20880, 3, 100240, 1),
(20881, 3, 100241, 1),
(20882, 3, 100260, 1),
(20883, 3, 100261, 1),
(20884, 3, 100280, 1),
(20885, 3, 100281, 1),
(20886, 3, 100300, 1),
(20887, 3, 100301, 1),
(20888, 3, 100302, 1),
(20889, 3, 100303, 1),
(21112, 4, 100001, 1),
(21113, 4, 100002, 1),
(21114, 4, 100003, 1),
(21115, 4, 100004, 1),
(21116, 4, 100005, 1),
(21117, 4, 100010, 1),
(21118, 4, 100011, 1),
(21119, 4, 100012, 1),
(21120, 4, 100013, 1),
(21121, 4, 100014, 1),
(21122, 4, 100020, 1),
(21123, 4, 100021, 1),
(21124, 4, 100022, 1),
(21125, 4, 100023, 1),
(21126, 4, 100024, 1),
(21127, 4, 100025, 1),
(21128, 4, 100026, 1),
(21129, 4, 100027, 1),
(21130, 4, 100028, 1),
(21131, 4, 100029, 1),
(21132, 4, 100030, 1),
(21133, 4, 100031, 1),
(21134, 4, 100032, 1),
(21135, 4, 100033, 1),
(21136, 4, 100034, 1),
(21137, 4, 100035, 1),
(21138, 4, 100040, 1),
(21139, 4, 100041, 1),
(21140, 4, 100042, 1),
(21141, 4, 100043, 1),
(21142, 4, 100044, 1),
(21143, 4, 100045, 1),
(21144, 4, 100050, 1),
(21145, 4, 100051, 1),
(21146, 4, 100052, 1),
(21147, 4, 100053, 1),
(21148, 4, 100054, 1),
(21149, 4, 100055, 1),
(21150, 4, 100060, 1),
(21151, 4, 100061, 1),
(21152, 4, 100062, 1),
(21153, 4, 100063, 1),
(21154, 4, 100070, 1),
(21155, 4, 100071, 1),
(21156, 4, 100072, 1),
(21157, 4, 100073, 1),
(21158, 4, 100080, 1),
(21159, 4, 100081, 1),
(21160, 4, 100082, 1),
(21161, 4, 100083, 1),
(21162, 4, 100084, 1),
(21163, 4, 100085, 1),
(21164, 4, 100086, 1),
(21165, 4, 100090, 1),
(21166, 4, 100091, 1),
(21167, 4, 100092, 1),
(21168, 4, 100093, 1),
(21169, 4, 100100, 1),
(21170, 4, 100101, 1),
(21171, 4, 100102, 1),
(21172, 4, 100103, 1),
(21173, 4, 100104, 1),
(21174, 4, 100105, 1),
(21175, 4, 100106, 1),
(21176, 4, 100107, 1),
(21177, 4, 100120, 1),
(21178, 4, 100121, 1),
(21179, 4, 100122, 1),
(21180, 4, 100123, 1),
(21181, 4, 100124, 1),
(21182, 4, 100125, 1),
(21183, 4, 100126, 1),
(21184, 4, 100127, 1),
(21185, 4, 100140, 1),
(21186, 4, 100141, 1),
(21187, 4, 100142, 1),
(21188, 4, 100143, 1),
(21189, 4, 100160, 1),
(21190, 4, 100161, 1),
(21191, 4, 100162, 1),
(21192, 4, 100163, 1),
(21193, 4, 100164, 1),
(21194, 4, 100165, 1),
(21195, 4, 100166, 1),
(21196, 4, 100167, 1),
(21197, 4, 100180, 1),
(21198, 4, 100181, 1),
(21199, 4, 100182, 1),
(21200, 4, 100183, 1),
(21201, 4, 100184, 1),
(21202, 4, 100200, 1),
(21203, 4, 100201, 1),
(21204, 4, 100202, 1),
(21205, 4, 100203, 1),
(21206, 4, 100204, 1),
(21207, 4, 100220, 1),
(21208, 4, 100221, 1),
(21209, 4, 100222, 1),
(21210, 4, 100223, 1),
(21211, 4, 100224, 1),
(21212, 4, 100225, 1),
(21213, 4, 100240, 1),
(21214, 4, 100241, 1),
(21215, 4, 100260, 1),
(21216, 4, 100261, 1),
(21217, 4, 100280, 1),
(21218, 4, 100281, 1),
(21219, 4, 100300, 1),
(21220, 4, 100301, 1),
(21221, 4, 100302, 1),
(21222, 4, 100303, 1),
(21777, 2, 1, 1),
(21778, 2, 2, 1),
(21779, 2, 3, 1),
(21780, 2, 4, 1),
(21781, 2, 5, 1),
(21782, 2, 6, 1),
(21783, 2, 7, 1),
(21784, 2, 8, 1),
(21785, 2, 9, 1),
(21786, 2, 10, 1),
(21787, 2, 11, 1),
(21788, 2, 12, 1),
(21789, 2, 13, 1),
(21790, 2, 14, 1),
(21791, 2, 15, 1),
(21792, 2, 16, 1),
(21793, 2, 17, 1),
(21794, 2, 25, 1),
(21795, 2, 26, 1),
(21796, 2, 50, 1),
(21797, 2, 51, 1),
(21798, 2, 52, 1),
(21799, 2, 53, 1),
(21800, 2, 54, 1),
(21801, 2, 100, 1),
(21802, 2, 101, 1),
(21803, 2, 102, 1),
(21804, 2, 103, 1),
(21805, 2, 104, 1),
(21806, 2, 105, 1),
(21807, 2, 106, 1),
(21808, 2, 107, 1),
(21809, 2, 108, 1),
(21810, 2, 109, 1),
(21811, 2, 110, 1),
(21812, 2, 111, 1),
(21813, 2, 112, 1),
(21814, 2, 113, 1),
(21815, 2, 114, 1),
(21816, 2, 115, 1),
(21817, 2, 116, 1),
(21818, 2, 117, 1),
(21819, 2, 118, 1),
(21820, 2, 150, 1),
(21821, 2, 151, 1),
(21822, 2, 152, 1),
(21823, 2, 153, 1),
(21824, 2, 154, 1),
(21825, 2, 155, 1),
(21826, 2, 156, 1),
(21827, 2, 157, 1),
(21828, 2, 158, 1),
(21829, 2, 159, 1),
(21830, 2, 160, 1),
(21831, 2, 161, 1),
(21832, 2, 162, 1),
(21833, 2, 163, 1),
(21834, 2, 164, 1),
(21835, 2, 165, 1),
(21836, 2, 166, 1),
(21837, 2, 167, 1),
(21838, 2, 200, 1),
(21839, 2, 201, 1),
(21840, 2, 202, 1),
(21841, 2, 203, 1),
(21842, 2, 204, 1),
(21843, 2, 205, 1),
(21844, 2, 206, 1),
(21845, 2, 207, 1),
(21846, 2, 208, 1),
(21847, 2, 250, 1),
(21848, 2, 251, 1),
(21849, 2, 252, 1),
(21850, 2, 253, 1),
(21851, 2, 254, 1),
(21852, 2, 300, 1),
(21853, 2, 301, 1),
(21854, 2, 302, 1),
(21855, 2, 303, 1),
(21856, 2, 304, 1),
(21857, 2, 350, 1),
(21858, 2, 351, 1),
(21859, 2, 352, 1),
(21860, 2, 353, 1),
(21861, 2, 354, 1),
(21862, 2, 355, 1),
(21863, 2, 356, 1),
(21864, 2, 357, 1),
(21865, 2, 400, 1),
(21866, 2, 401, 1),
(21867, 2, 402, 1),
(21868, 2, 403, 1),
(21869, 2, 404, 1),
(21870, 2, 405, 1),
(21871, 2, 406, 1),
(21872, 2, 450, 1),
(21873, 2, 451, 1),
(21874, 2, 452, 1),
(21875, 2, 453, 1),
(21876, 2, 454, 1),
(21877, 2, 455, 1),
(21878, 2, 456, 1),
(21879, 2, 457, 1),
(21880, 2, 458, 1),
(21881, 2, 459, 1),
(21882, 2, 460, 1),
(21883, 2, 461, 1),
(21884, 2, 500, 1),
(21885, 2, 501, 1),
(21886, 2, 502, 1),
(21887, 2, 503, 1),
(21888, 2, 504, 1),
(21889, 2, 505, 1),
(21890, 2, 550, 1),
(21891, 2, 551, 1),
(21892, 2, 552, 1),
(21893, 2, 553, 1),
(21894, 2, 554, 1),
(21895, 2, 555, 1),
(21896, 2, 600, 1),
(21897, 2, 601, 1),
(21898, 2, 602, 1),
(21899, 2, 603, 1),
(21900, 2, 650, 1),
(21901, 2, 651, 1),
(21902, 2, 652, 1),
(21903, 2, 653, 1),
(21904, 2, 654, 1),
(21905, 2, 655, 1),
(21906, 2, 656, 1),
(21907, 2, 657, 1),
(21908, 2, 658, 1),
(21909, 2, 700, 1),
(21910, 2, 701, 1),
(21911, 2, 702, 1),
(21912, 2, 703, 1),
(21913, 2, 704, 1),
(21914, 2, 705, 1),
(21915, 2, 706, 1),
(21916, 2, 707, 1),
(21917, 2, 708, 1),
(21918, 2, 709, 1),
(21919, 2, 710, 1),
(21920, 2, 750, 1),
(21921, 2, 751, 1),
(21922, 2, 752, 1),
(21923, 2, 753, 1),
(21924, 2, 754, 1),
(21925, 2, 800, 1),
(21926, 2, 801, 1),
(21927, 2, 802, 1),
(21928, 2, 803, 1),
(21929, 2, 850, 1),
(21930, 2, 851, 1),
(21931, 2, 852, 1),
(21932, 2, 853, 1),
(21933, 2, 854, 1),
(21934, 2, 900, 1),
(21935, 2, 901, 1),
(21936, 2, 902, 1),
(21937, 2, 903, 1),
(21938, 2, 904, 1),
(21939, 2, 950, 1),
(21940, 2, 951, 1),
(21941, 2, 952, 1),
(21942, 2, 953, 1),
(21943, 2, 954, 1),
(21944, 2, 955, 1),
(21945, 2, 956, 1),
(21946, 2, 957, 1),
(21947, 2, 958, 1),
(21948, 2, 959, 1),
(21949, 2, 1000, 1),
(21950, 2, 1001, 1),
(21951, 2, 1002, 1),
(21952, 2, 1003, 1),
(21953, 2, 1004, 1),
(21954, 2, 1050, 1),
(21955, 2, 1051, 1),
(21956, 2, 1052, 1),
(21957, 2, 1053, 1),
(21958, 2, 1054, 1),
(21959, 2, 1055, 1),
(21960, 2, 1056, 1),
(21961, 2, 1057, 1),
(21962, 2, 1058, 1),
(21963, 2, 1059, 1),
(21964, 2, 1060, 1),
(21965, 2, 1075, 1),
(21966, 2, 1076, 1),
(21967, 2, 1077, 1),
(21968, 2, 1078, 1),
(21969, 2, 1079, 1),
(21970, 2, 1080, 1),
(21971, 2, 1081, 1),
(21972, 2, 1082, 1),
(21973, 2, 1083, 1),
(21974, 2, 1100, 1),
(21975, 2, 1101, 1),
(21976, 2, 1102, 1),
(21977, 2, 1103, 1),
(21978, 2, 1104, 1),
(21979, 2, 1150, 1),
(21980, 2, 1151, 1),
(21981, 2, 1152, 1),
(21982, 2, 1153, 1),
(21983, 2, 1154, 1),
(21984, 2, 1200, 1),
(21985, 2, 1201, 1),
(21986, 2, 1202, 1),
(21987, 2, 1203, 1),
(21988, 2, 1204, 1),
(21989, 2, 1230, 1),
(21990, 2, 1231, 1),
(21991, 2, 1232, 1),
(21992, 2, 1233, 1),
(21993, 2, 1234, 1),
(21994, 2, 1235, 1),
(21995, 2, 1250, 1),
(21996, 2, 1251, 1),
(21997, 2, 1252, 1),
(21998, 2, 1253, 1),
(21999, 2, 1300, 1),
(22000, 2, 1301, 1),
(22001, 2, 1302, 1),
(22002, 2, 1303, 1),
(22003, 2, 1304, 1),
(22004, 2, 1305, 1),
(22005, 2, 1350, 1),
(22006, 2, 1351, 1),
(22007, 2, 1352, 1),
(22008, 2, 1353, 1),
(22009, 2, 1354, 1),
(22010, 2, 1355, 1),
(22011, 2, 1400, 1),
(22012, 2, 1401, 1),
(22013, 2, 1402, 1),
(22014, 2, 1403, 1),
(22015, 2, 1404, 1),
(22016, 2, 1405, 1),
(22017, 2, 1406, 1),
(22018, 2, 1407, 1),
(22019, 2, 1408, 1),
(22020, 2, 1409, 1),
(22021, 2, 1450, 1),
(22022, 2, 1451, 1),
(22023, 2, 1452, 1),
(22024, 2, 1453, 1),
(22025, 2, 1454, 1),
(22026, 2, 1455, 1),
(22027, 2, 1456, 1),
(22028, 2, 1457, 1),
(22029, 2, 1500, 1),
(22030, 2, 1501, 1),
(22031, 2, 1502, 1),
(22032, 2, 1503, 1),
(22033, 2, 1504, 1),
(22034, 2, 1550, 1),
(22035, 2, 1551, 1),
(22036, 2, 1552, 1),
(22037, 2, 1553, 1),
(22038, 2, 1554, 1),
(22039, 2, 1600, 1),
(22040, 2, 1601, 1),
(22041, 2, 1602, 1),
(22042, 2, 1603, 1),
(22043, 2, 1604, 1),
(22044, 2, 1605, 1),
(22045, 2, 1650, 1),
(22046, 2, 1651, 1),
(22047, 2, 1652, 1),
(22048, 2, 1675, 1),
(22049, 2, 1676, 1),
(22050, 2, 1677, 1),
(22051, 2, 1678, 1),
(22052, 2, 1725, 1),
(22053, 2, 1726, 1),
(22054, 2, 1727, 1),
(22055, 2, 1728, 1),
(22056, 2, 1729, 1),
(22057, 2, 1730, 1),
(22058, 2, 1731, 1),
(22059, 2, 1732, 1),
(22060, 2, 1750, 1),
(22061, 2, 1751, 1),
(22062, 2, 1752, 1),
(22063, 2, 1753, 1),
(22064, 2, 1754, 1),
(22065, 2, 1775, 1),
(22066, 2, 1776, 1),
(22067, 2, 1777, 1),
(22068, 2, 1778, 1),
(22069, 2, 1779, 1),
(22070, 2, 1780, 1),
(22071, 2, 1781, 1),
(22072, 2, 1800, 1),
(22073, 2, 1801, 1),
(22074, 2, 1802, 1),
(22075, 2, 1803, 1),
(22076, 2, 1804, 1),
(22077, 2, 1805, 1),
(22078, 2, 1806, 1),
(22079, 2, 1807, 1),
(22080, 2, 1808, 1),
(22081, 2, 1809, 1),
(22082, 2, 1810, 1),
(22083, 2, 1811, 1),
(22084, 2, 1812, 1),
(22085, 2, 1813, 1),
(22086, 2, 1814, 1),
(22087, 2, 1815, 1),
(22088, 2, 1816, 1),
(22089, 2, 1817, 1),
(22090, 2, 1818, 1),
(22091, 2, 1819, 1),
(22092, 2, 1820, 1),
(22093, 2, 1821, 1),
(22094, 2, 1822, 1),
(22095, 2, 1823, 1),
(22096, 2, 1824, 1),
(22097, 2, 1825, 1),
(22098, 2, 1826, 1),
(22099, 2, 1827, 1),
(22100, 2, 1828, 1),
(22101, 2, 1829, 1),
(22102, 2, 1830, 1),
(22103, 2, 1831, 1),
(22104, 2, 1832, 1),
(22105, 2, 1833, 1),
(22106, 2, 1834, 1),
(22107, 2, 1835, 1),
(22108, 2, 1836, 1),
(22109, 2, 1837, 1),
(22110, 2, 1838, 1),
(22111, 2, 1850, 1),
(22112, 2, 1851, 1),
(22113, 2, 1852, 1),
(22114, 2, 1853, 1),
(22115, 2, 1875, 1),
(22116, 2, 1876, 1),
(22117, 2, 1877, 1),
(22118, 2, 1900, 1),
(22119, 2, 1901, 1),
(22120, 2, 1902, 1),
(22121, 2, 1903, 1),
(22122, 2, 1904, 1),
(22123, 2, 1905, 1),
(22124, 2, 1925, 1),
(22125, 2, 1926, 1),
(22126, 2, 1927, 1),
(22127, 2, 1928, 1),
(22128, 2, 1929, 1),
(22129, 2, 1930, 1),
(22130, 2, 1931, 1),
(22131, 2, 1932, 1),
(22132, 2, 1933, 1),
(22133, 2, 1934, 1),
(22134, 2, 1935, 1),
(22135, 2, 1950, 1),
(22136, 2, 1951, 1),
(22137, 2, 1952, 1),
(22138, 2, 1953, 1),
(22139, 2, 1954, 1),
(22140, 2, 1975, 1),
(22141, 2, 1976, 1),
(22142, 2, 1977, 1),
(22143, 2, 1978, 1),
(22144, 2, 1979, 1),
(22145, 2, 2000, 1),
(22146, 2, 2001, 1),
(22147, 2, 2015, 1),
(22148, 2, 2016, 1),
(22149, 2, 2017, 1),
(22150, 2, 2018, 1),
(22151, 2, 2019, 1),
(22152, 2, 2020, 1),
(22153, 2, 2021, 1),
(22154, 2, 2030, 1),
(22155, 2, 2031, 1),
(22156, 2, 2032, 1),
(22157, 2, 2050, 1),
(22158, 2, 2051, 1),
(22159, 2, 2052, 1),
(22160, 2, 2053, 1),
(22161, 2, 2054, 1),
(22162, 2, 2055, 1),
(22163, 2, 2070, 1),
(22164, 2, 2071, 1),
(22165, 2, 2072, 1),
(22166, 2, 2073, 1),
(22167, 2, 2074, 1),
(22168, 2, 2075, 1),
(22169, 2, 2076, 1),
(22170, 2, 2077, 1),
(22171, 2, 2078, 1),
(22172, 2, 2079, 1),
(22173, 2, 2080, 1),
(22174, 2, 2081, 1),
(22175, 2, 2090, 1),
(22176, 2, 2091, 1),
(22177, 2, 2092, 1),
(22178, 2, 2093, 1),
(22179, 2, 3000, 1),
(22180, 2, 3001, 1),
(22181, 2, 3010, 1),
(22182, 2, 3011, 1),
(22183, 2, 3012, 1),
(22184, 2, 3013, 1),
(22185, 2, 3020, 1),
(22186, 2, 3021, 1),
(22187, 2, 3022, 1),
(22188, 2, 3023, 1),
(22189, 2, 3024, 1),
(22190, 2, 3025, 1),
(22191, 2, 3030, 1),
(22192, 2, 3031, 1),
(22193, 2, 3032, 1),
(22194, 2, 3033, 1),
(22195, 2, 3034, 1),
(22196, 2, 3035, 1),
(22197, 2, 3040, 1),
(22198, 2, 3041, 1),
(22199, 2, 3042, 1),
(22200, 2, 3043, 1),
(22201, 2, 3044, 1),
(22202, 2, 3045, 1),
(22203, 2, 3046, 1),
(22204, 2, 3050, 1),
(22205, 2, 3051, 1),
(22206, 2, 3052, 1),
(22207, 2, 3053, 1),
(22208, 2, 3054, 1),
(22209, 2, 3055, 1),
(22210, 2, 3056, 1),
(22211, 2, 3060, 1),
(22212, 2, 3061, 1),
(22213, 2, 3062, 1),
(22214, 2, 3063, 1),
(22215, 2, 3064, 1),
(22216, 2, 3070, 1),
(22217, 2, 3071, 1),
(22218, 2, 3072, 1),
(22219, 2, 3080, 1),
(22220, 2, 3081, 1),
(22221, 2, 3082, 1),
(22222, 2, 3083, 1),
(22223, 2, 3084, 1),
(22224, 2, 3090, 1),
(22225, 2, 3091, 1),
(22226, 2, 3092, 1),
(22227, 2, 3093, 1),
(22228, 2, 3100, 1),
(22229, 2, 3101, 1),
(22230, 2, 3102, 1),
(22231, 2, 3103, 1),
(22232, 2, 3104, 1),
(22233, 2, 3110, 1),
(22234, 2, 3111, 1),
(22235, 2, 3120, 1),
(22236, 2, 3121, 1),
(22237, 2, 3122, 1),
(22238, 2, 3123, 1),
(22239, 2, 3130, 1),
(22240, 2, 3131, 1),
(22241, 2, 3140, 1),
(22242, 2, 3141, 1),
(22243, 2, 3150, 1),
(22244, 2, 3151, 1),
(22245, 2, 3152, 1),
(22246, 2, 3153, 1),
(22247, 2, 3154, 1),
(22248, 2, 3155, 1),
(22249, 2, 3156, 1),
(22250, 2, 3170, 1),
(22251, 2, 3171, 1),
(22252, 2, 3172, 1),
(22253, 2, 3173, 1),
(22254, 2, 3174, 1),
(22255, 2, 3175, 1),
(22256, 2, 3176, 1),
(23251, 6, 1, 1),
(23252, 6, 2, 1),
(23253, 6, 3, 1),
(23254, 6, 4, 1),
(23255, 6, 5, 1),
(23256, 6, 6, 1),
(23257, 6, 7, 1),
(23258, 6, 8, 1),
(23259, 6, 9, 1),
(23260, 6, 10, 1),
(23261, 6, 11, 1),
(23262, 6, 12, 1),
(23263, 6, 13, 1),
(23264, 6, 14, 1),
(23265, 6, 15, 1),
(23266, 6, 16, 1),
(23267, 6, 150, 1),
(23268, 6, 151, 1),
(23269, 6, 152, 1),
(23270, 6, 153, 1),
(23271, 6, 154, 1),
(23272, 6, 155, 1),
(23273, 6, 157, 1),
(23274, 6, 159, 1),
(23275, 6, 160, 1),
(23276, 6, 161, 1),
(23277, 6, 162, 1),
(23278, 6, 163, 1),
(23279, 6, 164, 1),
(23280, 6, 165, 1),
(23281, 6, 166, 1),
(23282, 6, 167, 1),
(23283, 6, 700, 1),
(23284, 6, 701, 1),
(23285, 6, 702, 1),
(23286, 6, 703, 1),
(23287, 6, 704, 1),
(23288, 6, 705, 1),
(23289, 6, 706, 1),
(23290, 6, 707, 1),
(23291, 6, 708, 1),
(23292, 6, 709, 1),
(23293, 6, 710, 1),
(23294, 6, 750, 1),
(23295, 6, 751, 1),
(23296, 6, 752, 1),
(23297, 6, 753, 1),
(23298, 6, 754, 1),
(23299, 6, 950, 1),
(23300, 6, 951, 1),
(23301, 6, 952, 1),
(23302, 6, 953, 1),
(23303, 6, 954, 1),
(23304, 6, 955, 1),
(23305, 6, 956, 1),
(23306, 6, 957, 1),
(23307, 6, 958, 1),
(23308, 6, 959, 1),
(23309, 6, 1400, 1),
(23310, 6, 1401, 1),
(23311, 6, 1402, 1),
(23312, 6, 1403, 1),
(23313, 6, 1404, 1),
(23314, 6, 1405, 1),
(23315, 6, 1406, 1),
(23316, 6, 1407, 1),
(23317, 6, 1408, 1),
(23318, 6, 1409, 1),
(23319, 6, 1600, 1),
(23320, 6, 1601, 1),
(23321, 6, 1602, 1),
(23322, 6, 1603, 1),
(23323, 6, 1604, 1),
(23324, 6, 1605, 1),
(23325, 6, 1925, 1),
(23326, 6, 1926, 1),
(23327, 6, 1927, 1),
(23328, 6, 1928, 1),
(23329, 6, 1929, 1),
(23330, 6, 1930, 1),
(23331, 6, 1931, 1),
(23332, 6, 1932, 1),
(23333, 6, 1933, 1),
(23334, 6, 1934, 1),
(23335, 6, 1935, 1),
(23336, 6, 1950, 1),
(23337, 6, 1951, 1),
(23338, 6, 1952, 1),
(23339, 6, 1953, 1),
(23340, 6, 1954, 1),
(23341, 6, 1975, 1),
(23342, 6, 1976, 1),
(23343, 6, 1977, 1),
(23344, 6, 1978, 1),
(23345, 6, 1979, 1),
(23346, 1, 100001, 1),
(23347, 1, 100002, 1),
(23348, 1, 100003, 1),
(23349, 1, 100004, 1),
(23350, 1, 100005, 1),
(23351, 1, 100010, 1),
(23352, 1, 100011, 1),
(23353, 1, 100012, 1),
(23354, 1, 100013, 1),
(23355, 1, 100014, 1),
(23356, 1, 100020, 1),
(23357, 1, 100021, 1),
(23358, 1, 100022, 1),
(23359, 1, 100023, 1),
(23360, 1, 100024, 1),
(23361, 1, 100025, 1),
(23362, 1, 100026, 1),
(23363, 1, 100027, 1),
(23364, 1, 100028, 1),
(23365, 1, 100029, 1),
(23366, 1, 100030, 1),
(23367, 1, 100031, 1),
(23368, 1, 100032, 1),
(23369, 1, 100033, 1),
(23370, 1, 100034, 1),
(23371, 1, 100035, 1),
(23372, 1, 100040, 1),
(23373, 1, 100041, 1),
(23374, 1, 100042, 1),
(23375, 1, 100043, 1),
(23376, 1, 100044, 1),
(23377, 1, 100045, 1),
(23378, 1, 100050, 1),
(23379, 1, 100051, 1),
(23380, 1, 100052, 1),
(23381, 1, 100053, 1),
(23382, 1, 100054, 1),
(23383, 1, 100055, 1),
(23384, 1, 100060, 1),
(23385, 1, 100061, 1),
(23386, 1, 100062, 1),
(23387, 1, 100063, 1),
(23388, 1, 100070, 1),
(23389, 1, 100071, 1),
(23390, 1, 100072, 1),
(23391, 1, 100073, 1),
(23392, 1, 100080, 1),
(23393, 1, 100081, 1),
(23394, 1, 100082, 1),
(23395, 1, 100083, 1),
(23396, 1, 100084, 1),
(23397, 1, 100085, 1),
(23398, 1, 100086, 1),
(23399, 1, 100090, 1),
(23400, 1, 100091, 1),
(23401, 1, 100092, 1),
(23402, 1, 100093, 1),
(23403, 1, 100100, 1),
(23404, 1, 100101, 1),
(23405, 1, 100102, 1),
(23406, 1, 100103, 1),
(23407, 1, 100104, 1),
(23408, 1, 100105, 1),
(23409, 1, 100106, 1),
(23410, 1, 100107, 1),
(23411, 1, 100120, 1),
(23412, 1, 100121, 1),
(23413, 1, 100122, 1),
(23414, 1, 100123, 1),
(23415, 1, 100124, 1),
(23416, 1, 100125, 1),
(23417, 1, 100126, 1),
(23418, 1, 100127, 1),
(23419, 1, 100140, 1),
(23420, 1, 100141, 1),
(23421, 1, 100142, 1),
(23422, 1, 100143, 1),
(23423, 1, 100160, 1),
(23424, 1, 100161, 1),
(23425, 1, 100162, 1),
(23426, 1, 100163, 1),
(23427, 1, 100164, 1),
(23428, 1, 100180, 1),
(23429, 1, 100181, 1),
(23430, 1, 100182, 1),
(23431, 1, 100183, 1),
(23432, 1, 100184, 1),
(23433, 1, 100200, 1),
(23434, 1, 100201, 1),
(23435, 1, 100202, 1),
(23436, 1, 100203, 1),
(23437, 1, 100204, 1),
(23438, 1, 100220, 1),
(23439, 1, 100221, 1),
(23440, 1, 100222, 1),
(23441, 1, 100223, 1),
(23442, 1, 100224, 1),
(23443, 1, 100225, 1),
(23444, 1, 100240, 1),
(23445, 1, 100241, 1),
(23446, 1, 100260, 1),
(23447, 1, 100261, 1),
(23448, 1, 100280, 1),
(23449, 1, 100281, 1),
(23450, 1, 100300, 1),
(23451, 1, 100301, 1),
(23452, 1, 100302, 1),
(23453, 1, 100303, 1);

-- --------------------------------------------------------

--
-- Table structure for table `prerequisites`
--

CREATE TABLE `prerequisites` (
  `id` int(10) UNSIGNED NOT NULL,
  `webinar_id` int(10) UNSIGNED NOT NULL,
  `prerequisite_id` int(10) UNSIGNED NOT NULL,
  `required` tinyint(1) NOT NULL DEFAULT 0,
  `order` int(10) UNSIGNED DEFAULT NULL,
  `created_at` int(11) NOT NULL,
  `updated_at` int(11) DEFAULT NULL
) ENGINE=InnoDB DEFAULT CHARSET=utf8mb4 COLLATE=utf8mb4_unicode_ci ROW_FORMAT=DYNAMIC;

--
-- Dumping data for table `prerequisites`
--

INSERT INTO `prerequisites` (`id`, `webinar_id`, `prerequisite_id`, `required`, `order`, `created_at`, `updated_at`) VALUES
(25, 1999, 1995, 1, NULL, 1625039222, NULL),
(26, 2003, 1995, 0, NULL, 1625300252, NULL),
(27, 2006, 2002, 0, NULL, 1625694442, NULL),
(28, 1998, 1995, 1, NULL, 1626078328, NULL),
(30, 2007, 2006, 0, NULL, 1626207537, NULL);

-- --------------------------------------------------------

--
-- Table structure for table `products`
--

CREATE TABLE `products` (
  `id` int(10) UNSIGNED NOT NULL,
  `creator_id` int(10) UNSIGNED NOT NULL,
  `type` enum('virtual','physical') NOT NULL,
  `slug` varchar(255) NOT NULL,
  `category_id` int(10) UNSIGNED DEFAULT NULL,
  `price` double(15,2) UNSIGNED DEFAULT NULL,
  `point` bigint(20) UNSIGNED DEFAULT NULL,
  `unlimited_inventory` tinyint(1) NOT NULL DEFAULT 0,
  `ordering` tinyint(1) NOT NULL DEFAULT 0,
  `inventory` int(10) UNSIGNED DEFAULT NULL,
  `inventory_warning` int(10) UNSIGNED DEFAULT NULL,
  `inventory_updated_at` bigint(20) UNSIGNED DEFAULT NULL,
  `delivery_fee` double(15,2) UNSIGNED DEFAULT NULL,
  `delivery_estimated_time` int(10) UNSIGNED DEFAULT NULL,
  `message_for_reviewer` text DEFAULT NULL,
  `tax` int(10) UNSIGNED DEFAULT NULL,
  `commission_type` enum('percent','fixed_amount') NOT NULL,
  `commission` int(10) UNSIGNED DEFAULT NULL,
  `status` enum('active','pending','draft','inactive') NOT NULL,
  `updated_at` bigint(20) UNSIGNED NOT NULL,
  `created_at` bigint(20) UNSIGNED NOT NULL
) ENGINE=InnoDB DEFAULT CHARSET=utf8mb4 COLLATE=utf8mb4_unicode_ci;

--
-- Dumping data for table `products`
--

INSERT INTO `products` (`id`, `creator_id`, `type`, `slug`, `category_id`, `price`, `point`, `unlimited_inventory`, `ordering`, `inventory`, `inventory_warning`, `inventory_updated_at`, `delivery_fee`, `delivery_estimated_time`, `message_for_reviewer`, `tax`, `commission_type`, `commission`, `status`, `updated_at`, `created_at`) VALUES
(1, 1015, 'physical', 'Painting-tools', 1, 25.00, NULL, 0, 1, 24, 5, NULL, 5.00, 4, 'Thank you.', NULL, 'percent', NULL, 'active', 1749973898, 1655622663),
(2, 934, 'physical', 'Advanced-microscope', 1, 290.00, NULL, 0, 1, 10, 3, NULL, 10.00, 7, 'Please review ASAP.\r\nRegards.', NULL, 'percent', NULL, 'active', 1749973696, 1655626642),
(4, 1016, 'virtual', 'chat-gpt-ui-ux', 3, 5.00, NULL, 1, 1, NULL, NULL, 1751189183, NULL, NULL, 'Thank you for your review.', NULL, 'percent', NULL, 'active', 1751189183, 1655669205),
(5, 1015, 'virtual', 'Business-Software', 3, 75.00, NULL, 0, 1, 99, 10, NULL, NULL, NULL, 'Thank you.', NULL, 'percent', NULL, 'active', 1749973576, 1655671880),
(6, 1, 'virtual', 'ui-ux-playbook', 3, 20.00, NULL, 1, 1, NULL, NULL, 1751189058, NULL, NULL, NULL, NULL, 'percent', NULL, 'active', 1751189058, 1656321480),
(9, 1, 'virtual', 'How-to-Do-a-Website-UX-audit-ebook', 3, 20.00, NULL, 1, 1, NULL, NULL, 1751189213, NULL, NULL, NULL, NULL, 'percent', NULL, 'active', 1751189213, 1656321480);

-- --------------------------------------------------------

--
-- Table structure for table `product_badges`
--

CREATE TABLE `product_badges` (
  `id` int(10) UNSIGNED NOT NULL,
  `icon` varchar(255) CHARACTER SET utf8mb4 COLLATE utf8mb4_unicode_ci DEFAULT NULL,
  `color` varchar(255) NOT NULL,
  `background` varchar(255) NOT NULL,
  `start_at` bigint(20) UNSIGNED DEFAULT NULL,
  `end_at` bigint(20) UNSIGNED DEFAULT NULL,
  `enable` tinyint(1) NOT NULL DEFAULT 0,
  `created_at` bigint(20) UNSIGNED NOT NULL
) ENGINE=InnoDB DEFAULT CHARSET=utf8mb4 COLLATE=utf8mb4_general_ci;

--
-- Dumping data for table `product_badges`
--

INSERT INTO `product_badges` (`id`, `icon`, `color`, `background`, `start_at`, `end_at`, `enable`, `created_at`) VALUES
(1, NULL, '#ffffff', 'rgb(28, 28, 28)', 1709316000, 1806451200, 1, 1709533982);

-- --------------------------------------------------------

--
-- Table structure for table `product_badge_contents`
--

CREATE TABLE `product_badge_contents` (
  `id` int(10) UNSIGNED NOT NULL,
  `product_badge_id` int(10) UNSIGNED NOT NULL,
  `targetable_id` int(10) UNSIGNED NOT NULL,
  `targetable_type` varchar(255) NOT NULL
) ENGINE=InnoDB DEFAULT CHARSET=utf8mb4 COLLATE=utf8mb4_general_ci;

--
-- Dumping data for table `product_badge_contents`
--

INSERT INTO `product_badge_contents` (`id`, `product_badge_id`, `targetable_id`, `targetable_type`) VALUES
(4, 1, 1, 'App\\Models\\Bundle'),
(5, 1, 2009, 'App\\Models\\Webinar');

-- --------------------------------------------------------

--
-- Table structure for table `product_badge_translations`
--

CREATE TABLE `product_badge_translations` (
  `id` int(10) UNSIGNED NOT NULL,
  `product_badge_id` int(10) UNSIGNED NOT NULL,
  `locale` varchar(191) NOT NULL,
  `title` varchar(255) NOT NULL
) ENGINE=InnoDB DEFAULT CHARSET=utf8mb4 COLLATE=utf8mb4_general_ci;

--
-- Dumping data for table `product_badge_translations`
--

INSERT INTO `product_badge_translations` (`id`, `product_badge_id`, `locale`, `title`) VALUES
(1, 1, 'en', 'Bestseller'),
(2, 1, 'ar', 'جديد'),
(3, 1, 'es', 'Nueva');

-- --------------------------------------------------------

--
-- Table structure for table `product_categories`
--

CREATE TABLE `product_categories` (
  `id` int(10) UNSIGNED NOT NULL,
  `parent_id` int(11) DEFAULT NULL,
  `icon` varchar(255) DEFAULT NULL,
  `order` int(10) UNSIGNED DEFAULT NULL
) ENGINE=InnoDB DEFAULT CHARSET=utf8mb4 COLLATE=utf8mb4_unicode_ci;

--
-- Dumping data for table `product_categories`
--

INSERT INTO `product_categories` (`id`, `parent_id`, `icon`, `order`) VALUES
(1, NULL, '/store/1/default_images/categories_icons/feather.png', NULL),
(2, NULL, '/store/1/default_images/categories_icons/pie-chart.png', NULL),
(3, NULL, '/store/1/default_images/categories_icons/umbrella.png', NULL),
(17, NULL, '/store/1/default_images/categories_icons/anchor.png', NULL),
(18, NULL, '/store/1/default_images/categories_icons/heart.png', NULL);

-- --------------------------------------------------------

--
-- Table structure for table `product_category_translations`
--

CREATE TABLE `product_category_translations` (
  `id` bigint(20) UNSIGNED NOT NULL,
  `product_category_id` int(10) UNSIGNED NOT NULL,
  `locale` varchar(255) NOT NULL,
  `title` varchar(255) NOT NULL,
  `subtitle` text DEFAULT NULL,
  `bottom_seo_title` varchar(255) DEFAULT NULL,
  `bottom_seo_description` text DEFAULT NULL
) ENGINE=InnoDB DEFAULT CHARSET=utf8mb4 COLLATE=utf8mb4_unicode_ci;

--
-- Dumping data for table `product_category_translations`
--

INSERT INTO `product_category_translations` (`id`, `product_category_id`, `locale`, `title`, `subtitle`, `bottom_seo_title`, `bottom_seo_description`) VALUES
(1, 1, 'en', 'Design Tools', 'Create stunning visuals with powerful and user-friendly tools', NULL, NULL),
(2, 2, 'en', 'Science Tools', 'Explore experiments and concepts using practical science kits', NULL, NULL),
(3, 3, 'en', 'E-books', 'Access digital books for learning anytime and anywhere', NULL, NULL),
(23, 17, 'en', 'Projects', 'Hands-on projects to apply and showcase your skills perfectly', NULL, NULL),
(24, 18, 'en', 'Templates', 'Ready-to-use layouts to save valuable time and effort', NULL, NULL);

-- --------------------------------------------------------

--
-- Table structure for table `product_discounts`
--

CREATE TABLE `product_discounts` (
  `id` int(10) UNSIGNED NOT NULL,
  `creator_id` int(10) UNSIGNED NOT NULL,
  `product_id` int(10) UNSIGNED NOT NULL,
  `name` varchar(255) DEFAULT NULL,
  `percent` int(10) UNSIGNED NOT NULL,
  `count` int(10) UNSIGNED DEFAULT NULL,
  `status` enum('active','inactive') NOT NULL,
  `start_date` int(10) UNSIGNED NOT NULL,
  `end_date` int(10) UNSIGNED NOT NULL,
  `created_at` int(10) UNSIGNED NOT NULL
) ENGINE=InnoDB DEFAULT CHARSET=utf8mb4 COLLATE=utf8mb4_unicode_ci;

--
-- Dumping data for table `product_discounts`
--

INSERT INTO `product_discounts` (`id`, `creator_id`, `product_id`, `name`, `percent`, `count`, `status`, `start_date`, `end_date`, `created_at`) VALUES
(1, 1, 1, 'Special Offer', 20, 5, 'active', 1656043200, 1702659600, 1656131175);

-- --------------------------------------------------------

--
-- Table structure for table `product_faqs`
--

CREATE TABLE `product_faqs` (
  `id` int(10) UNSIGNED NOT NULL,
  `creator_id` int(10) UNSIGNED NOT NULL,
  `product_id` int(10) UNSIGNED NOT NULL,
  `order` int(10) UNSIGNED DEFAULT NULL,
  `created_at` int(10) UNSIGNED NOT NULL
) ENGINE=InnoDB DEFAULT CHARSET=utf8mb4 COLLATE=utf8mb4_unicode_ci;

-- --------------------------------------------------------

--
-- Table structure for table `product_faq_translations`
--

CREATE TABLE `product_faq_translations` (
  `id` bigint(20) UNSIGNED NOT NULL,
  `product_faq_id` int(10) UNSIGNED NOT NULL,
  `locale` varchar(255) NOT NULL,
  `title` varchar(255) NOT NULL,
  `answer` text NOT NULL
) ENGINE=InnoDB DEFAULT CHARSET=utf8mb4 COLLATE=utf8mb4_unicode_ci;

-- --------------------------------------------------------

--
-- Table structure for table `product_featured_categories`
--

CREATE TABLE `product_featured_categories` (
  `id` int(10) UNSIGNED NOT NULL,
  `category_id` int(10) UNSIGNED NOT NULL,
  `image` varchar(255) DEFAULT NULL
) ENGINE=InnoDB DEFAULT CHARSET=utf8mb4 COLLATE=utf8mb4_general_ci;

--
-- Dumping data for table `product_featured_categories`
--

INSERT INTO `product_featured_categories` (`id`, `category_id`, `image`) VALUES
(1, 1, '/store/1/default_images/store/featured_store_category_1.jpg'),
(2, 2, '/store/1/default_images/store/featured_store_category_2.jpg'),
(3, 3, '/store/1/default_images/store/featured_store_category_3.jpg'),
(4, 17, '/store/1/default_images/store/featured_store_category_4.jpg'),
(5, 18, '/store/1/default_images/store/featured_store_category_5.jpg');

-- --------------------------------------------------------

--
-- Table structure for table `product_files`
--

CREATE TABLE `product_files` (
  `id` int(10) UNSIGNED NOT NULL,
  `creator_id` int(10) UNSIGNED NOT NULL,
  `product_id` int(10) UNSIGNED NOT NULL,
  `path` varchar(255) NOT NULL,
  `file_type` varchar(255) DEFAULT NULL,
  `volume` varchar(255) DEFAULT NULL,
  `online_viewer` tinyint(1) NOT NULL DEFAULT 0,
  `order` int(10) UNSIGNED DEFAULT NULL,
  `status` enum('active','inactive') NOT NULL DEFAULT 'active',
  `created_at` int(10) UNSIGNED NOT NULL
) ENGINE=InnoDB DEFAULT CHARSET=utf8mb4 COLLATE=utf8mb4_unicode_ci;

--
-- Dumping data for table `product_files`
--

INSERT INTO `product_files` (`id`, `creator_id`, `product_id`, `path`, `file_type`, `volume`, `online_viewer`, `order`, `status`, `created_at`) VALUES
(2, 1016, 4, '/store/1016/store_product/sherlock_holmes_ebook.pdf', 'pdf', '1', 0, NULL, 'active', 1655670253),
(3, 1015, 5, '/store/1015/business_software.zip', 'archive', '5', 0, NULL, 'active', 1655672771),
(4, 1015, 5, '/store/1015/Documentation.pdf', 'pdf', '2', 0, NULL, 'active', 1655672886),
(5, 1, 6, '/store/1/Where-the-Crawdads-Sing.pdf', 'pdf', '3', 1, NULL, 'active', 1656322274);

-- --------------------------------------------------------

--
-- Table structure for table `product_file_translations`
--

CREATE TABLE `product_file_translations` (
  `id` bigint(20) UNSIGNED NOT NULL,
  `product_file_id` int(10) UNSIGNED NOT NULL,
  `locale` varchar(255) NOT NULL,
  `title` varchar(255) NOT NULL,
  `description` text NOT NULL
) ENGINE=InnoDB DEFAULT CHARSET=utf8mb4 COLLATE=utf8mb4_unicode_ci;

--
-- Dumping data for table `product_file_translations`
--

INSERT INTO `product_file_translations` (`id`, `product_file_id`, `locale`, `title`, `description`) VALUES
(2, 2, 'en', 'Sherlock Holmes eBook', 'Sherlock Holmes is a fictional detective created by British author Sir Arthur Conan Doyle. Referring to himself as a \"consulting detective\" in the stories, Holmes is known for his proficiency with observation, deduction, forensic science and logical reasoning that borders on the fantastic, which he employs when investigating cases for a wide variety of clients, including Scotland Yard.'),
(3, 3, 'en', 'Setup file', 'Business software is any software or set of computer programs used by business users to perform various business functions. These business applications are used to increase productivity, measure productivity, and perform other business functions accurately.'),
(4, 4, 'en', 'Documentation', 'Documentation for business software.'),
(5, 5, 'en', 'Where the Crawdads Sing e-book', 'Where the Crawdads Sing is at once an exquisite ode to the natural world, a heartbreaking coming-of-age story, and a surprising tale of possible murder. Owens reminds us that we are forever shaped by the children we once were, and that we are all subject to the beautiful and violent secrets that nature keeps.');

-- --------------------------------------------------------

--
-- Table structure for table `product_filters`
--

CREATE TABLE `product_filters` (
  `id` int(10) UNSIGNED NOT NULL,
  `category_id` int(10) UNSIGNED NOT NULL
) ENGINE=InnoDB DEFAULT CHARSET=utf8mb4 COLLATE=utf8mb4_unicode_ci;

--
-- Dumping data for table `product_filters`
--

INSERT INTO `product_filters` (`id`, `category_id`) VALUES
(1, 1),
(2, 3);

-- --------------------------------------------------------

--
-- Table structure for table `product_filter_options`
--

CREATE TABLE `product_filter_options` (
  `id` int(10) UNSIGNED NOT NULL,
  `filter_id` int(10) UNSIGNED NOT NULL,
  `order` int(10) UNSIGNED DEFAULT NULL
) ENGINE=InnoDB DEFAULT CHARSET=utf8mb4 COLLATE=utf8mb4_unicode_ci;

--
-- Dumping data for table `product_filter_options`
--

INSERT INTO `product_filter_options` (`id`, `filter_id`, `order`) VALUES
(1, 1, 1),
(2, 2, 1),
(3, 2, 2),
(4, 2, 3);

-- --------------------------------------------------------

--
-- Table structure for table `product_filter_option_translations`
--

CREATE TABLE `product_filter_option_translations` (
  `id` bigint(20) UNSIGNED NOT NULL,
  `product_filter_option_id` int(10) UNSIGNED NOT NULL,
  `locale` varchar(255) NOT NULL,
  `title` varchar(255) NOT NULL
) ENGINE=InnoDB DEFAULT CHARSET=utf8mb4 COLLATE=utf8mb4_unicode_ci;

--
-- Dumping data for table `product_filter_option_translations`
--

INSERT INTO `product_filter_option_translations` (`id`, `product_filter_option_id`, `locale`, `title`) VALUES
(1, 1, 'en', 'Brushes'),
(2, 2, 'en', 'Novel'),
(3, 3, 'en', 'Laguage learning'),
(4, 4, 'en', 'Scientific');

-- --------------------------------------------------------

--
-- Table structure for table `product_filter_translations`
--

CREATE TABLE `product_filter_translations` (
  `id` bigint(20) UNSIGNED NOT NULL,
  `product_filter_id` int(10) UNSIGNED NOT NULL,
  `locale` varchar(255) NOT NULL,
  `title` varchar(255) NOT NULL
) ENGINE=InnoDB DEFAULT CHARSET=utf8mb4 COLLATE=utf8mb4_unicode_ci;

--
-- Dumping data for table `product_filter_translations`
--

INSERT INTO `product_filter_translations` (`id`, `product_filter_id`, `locale`, `title`) VALUES
(1, 1, 'en', 'Paint Tools'),
(2, 2, 'en', 'Type');

-- --------------------------------------------------------

--
-- Table structure for table `product_media`
--

CREATE TABLE `product_media` (
  `id` int(10) UNSIGNED NOT NULL,
  `creator_id` int(10) UNSIGNED NOT NULL,
  `product_id` int(10) UNSIGNED NOT NULL,
  `type` enum('thumbnail','image','video') NOT NULL,
  `path` varchar(255) NOT NULL,
  `order` int(10) UNSIGNED DEFAULT NULL,
  `created_at` int(10) UNSIGNED NOT NULL
) ENGINE=InnoDB DEFAULT CHARSET=utf8mb4 COLLATE=utf8mb4_unicode_ci;

--
-- Dumping data for table `product_media`
--

INSERT INTO `product_media` (`id`, `creator_id`, `product_id`, `type`, `path`, `order`, `created_at`) VALUES
(1, 1015, 1, 'thumbnail', '/store/1/default_images/store/products/painting.jpg', NULL, 1749973898),
(4, 1015, 1, 'video', '/store/1015/store product/paint_brushes_video.mp4', NULL, 1749973898),
(7, 934, 2, 'thumbnail', '/store/1/default_images/store/products/microscope.jpg', NULL, 1749973696),
(20, 934, 2, 'video', '/store/934/store_product/microscope_video.mp4', NULL, 1749973696),
(31, 1016, 4, 'thumbnail', '/store/1/default_images/store/products/book2.jpg', NULL, 1751189183),
(34, 1015, 5, 'thumbnail', '/store/1/default_images/store/products/software.jpg', NULL, 1749973576),
(77, 1, 6, 'thumbnail', '/store/1/default_images/store/products/book1.jpg', NULL, 1751189058),
(84, 1015, 5, 'image', '/store/1015/store product/business_software_2.jpg', NULL, 1749973576),
(85, 1015, 5, 'image', '/store/1015/store product/business_software.jpg', NULL, 1749973576),
(87, 934, 2, 'image', '/store/934/store_product/microscope_1.jpg', NULL, 1749973696),
(88, 934, 2, 'image', '/store/934/store_product/microscope_2.jpg', NULL, 1749973696),
(89, 934, 2, 'image', '/store/934/store_product/microscope.jpg', NULL, 1749973696),
(90, 1015, 1, 'image', '/store/1015/store product/paint_brushes_1.jpg', NULL, 1749973898),
(91, 1015, 1, 'image', '/store/1015/store product/paint_brushes_2.jpg', NULL, 1749973898),
(92, 1015, 1, 'image', '/store/1015/store product/paint_brushes_3.jpg', NULL, 1749973898),
(93, 1, 9, 'thumbnail', '/store/1/default_images/store/products/uxbook.jpg', NULL, 1751189213),
(102, 1, 6, 'image', '/store/1/default_images/Where the Crawdads Sing e-book_1.jpg', NULL, 1751189059),
(103, 1, 6, 'image', '/store/1/default_images/Where the Crawdads Sing e-book_2.jpg', NULL, 1751189059),
(104, 1016, 4, 'image', '/store/1016/store_product/sherlock_holmes_ebook_1.jpg', NULL, 1751189183),
(105, 1, 9, 'image', '/store/1/dashboard.png', NULL, 1751189213),
(106, 1, 9, 'image', '/store/1/dashboard.png', NULL, 1751189213);

-- --------------------------------------------------------

--
-- Table structure for table `product_orders`
--

CREATE TABLE `product_orders` (
  `id` int(10) UNSIGNED NOT NULL,
  `product_id` int(10) UNSIGNED NOT NULL,
  `seller_id` int(10) UNSIGNED NOT NULL,
  `buyer_id` int(10) UNSIGNED DEFAULT NULL,
  `sale_id` int(10) UNSIGNED DEFAULT NULL,
  `installment_order_id` int(10) UNSIGNED DEFAULT NULL,
  `gift_id` int(10) UNSIGNED DEFAULT NULL,
  `specifications` text DEFAULT NULL,
  `quantity` int(10) UNSIGNED NOT NULL,
  `discount_id` int(10) UNSIGNED DEFAULT NULL,
  `message_to_seller` text DEFAULT NULL,
  `tracking_code` varchar(255) DEFAULT NULL,
  `status` enum('pending','waiting_delivery','shipped','success','canceled') NOT NULL,
  `created_at` bigint(20) UNSIGNED NOT NULL
) ENGINE=InnoDB DEFAULT CHARSET=utf8mb4 COLLATE=utf8mb4_unicode_ci;

--
-- Dumping data for table `product_orders`
--

INSERT INTO `product_orders` (`id`, `product_id`, `seller_id`, `buyer_id`, `sale_id`, `installment_order_id`, `gift_id`, `specifications`, `quantity`, `discount_id`, `message_to_seller`, `tracking_code`, `status`, `created_at`) VALUES
(1, 4, 1016, 995, 193, NULL, NULL, NULL, 1, NULL, NULL, NULL, 'success', 1656103830),
(2, 1, 1015, 923, 194, NULL, NULL, '{\"Size\":\"Small\"}', 1, NULL, 'Please deliver faster.\r\nRegards.', NULL, 'waiting_delivery', 1656104034),
(3, 2, 934, 930, 196, NULL, NULL, NULL, 1, NULL, NULL, NULL, 'waiting_delivery', 1656130623),
(4, 5, 1015, 996, 197, NULL, NULL, NULL, 1, NULL, NULL, NULL, 'success', 1656130950),
(5, 1, 1015, 1017, 200, NULL, NULL, '{\"Size\":\"Medium\"}', 1, 1, NULL, '43956044000324128', 'success', 1656148501),
(6, 1, 1015, 995, 201, NULL, NULL, '{\"Size\":\"Small\"}', 2, 1, 'Please deliver fast.\r\nRegards.', '596324000328246', 'shipped', 1656148667),
(7, 6, 1, 995, 202, NULL, NULL, NULL, 1, NULL, NULL, NULL, 'success', 1656322618),
(42, 2, 934, 1046, NULL, NULL, NULL, NULL, 1, NULL, NULL, NULL, 'pending', 1709199800);

-- --------------------------------------------------------

--
-- Table structure for table `product_reviews`
--

CREATE TABLE `product_reviews` (
  `id` int(10) UNSIGNED NOT NULL,
  `product_id` int(10) UNSIGNED NOT NULL,
  `creator_id` int(10) UNSIGNED NOT NULL,
  `product_quality` int(10) UNSIGNED NOT NULL,
  `purchase_worth` int(10) UNSIGNED NOT NULL,
  `delivery_quality` int(10) UNSIGNED NOT NULL,
  `seller_quality` int(10) UNSIGNED NOT NULL,
  `rates` char(10) NOT NULL,
  `description` text DEFAULT NULL,
  `created_at` int(10) UNSIGNED NOT NULL,
  `status` enum('pending','active') NOT NULL
) ENGINE=InnoDB DEFAULT CHARSET=utf8mb4 COLLATE=utf8mb4_unicode_ci;

--
-- Dumping data for table `product_reviews`
--

INSERT INTO `product_reviews` (`id`, `product_id`, `creator_id`, `product_quality`, `purchase_worth`, `delivery_quality`, `seller_quality`, `rates`, `description`, `created_at`, `status`) VALUES
(1, 4, 995, 5, 5, 5, 5, '5', 'It was a perfect book.\r\nThank you.', 1656103893, 'active'),
(2, 1, 923, 4, 4, 4, 5, '4.25', 'The brushes were soft.\r\nI like them.\r\nThank you', 1656104234, 'active'),
(3, 2, 930, 5, 5, 5, 5, '5', 'I am pleasantly surprised for the wholesomeness and great quality of this microscope. Images are sharp and clean. I am happy I got it. It is fun and unpretentious, unlike my lab microscopes.', 1656130849, 'active'),
(4, 5, 996, 2, 3, 3, 2, '2.5', 'I don\'t like anything about this product.', 1656131043, 'active'),
(5, 6, 995, 5, 5, 5, 5, '5', 'Wow! I just finished reading Where the Crawdads Sing. And I will say it again, Wow! This books is so filled with emotion. Kya, the main character, is trying to survive by herself from a young age. She has been abandoned by those who should teach her, guide her, protect her. She has to fend for herself. Two men come into her life and teach her about the good and bad in life.\r\nI only keep few book\'s that I know I will read again. This is staying in my library.', 1656322965, 'active');

-- --------------------------------------------------------

--
-- Table structure for table `product_selected_filter_options`
--

CREATE TABLE `product_selected_filter_options` (
  `id` int(10) UNSIGNED NOT NULL,
  `product_id` int(10) UNSIGNED NOT NULL,
  `filter_option_id` int(10) UNSIGNED NOT NULL
) ENGINE=InnoDB DEFAULT CHARSET=utf8mb4 COLLATE=utf8mb4_unicode_ci;

--
-- Dumping data for table `product_selected_filter_options`
--

INSERT INTO `product_selected_filter_options` (`id`, `product_id`, `filter_option_id`) VALUES
(98, 2, 1),
(99, 1, 1),
(104, 6, 2),
(105, 4, 2),
(106, 9, 2);

-- --------------------------------------------------------

--
-- Table structure for table `product_selected_specifications`
--

CREATE TABLE `product_selected_specifications` (
  `id` int(10) UNSIGNED NOT NULL,
  `creator_id` int(10) UNSIGNED NOT NULL,
  `product_id` int(10) UNSIGNED NOT NULL,
  `product_specification_id` int(10) UNSIGNED NOT NULL,
  `type` enum('textarea','multi_value') NOT NULL,
  `allow_selection` tinyint(1) NOT NULL DEFAULT 0,
  `order` int(10) UNSIGNED DEFAULT NULL,
  `status` enum('active','inactive') NOT NULL DEFAULT 'active',
  `created_at` int(10) UNSIGNED NOT NULL
) ENGINE=InnoDB DEFAULT CHARSET=utf8mb4 COLLATE=utf8mb4_unicode_ci;

--
-- Dumping data for table `product_selected_specifications`
--

INSERT INTO `product_selected_specifications` (`id`, `creator_id`, `product_id`, `product_specification_id`, `type`, `allow_selection`, `order`, `status`, `created_at`) VALUES
(1, 1015, 1, 1, 'multi_value', 1, NULL, 'active', 1655623901),
(2, 1015, 1, 2, 'multi_value', 0, NULL, 'active', 1655623917),
(3, 1015, 1, 3, 'multi_value', 0, NULL, 'active', 1655623943),
(4, 934, 2, 4, 'textarea', 0, NULL, 'active', 1655626896),
(5, 1016, 4, 5, 'multi_value', 0, NULL, 'active', 1655670877),
(6, 1, 6, 5, 'multi_value', 0, NULL, 'active', 1656322503),
(7, 1, 6, 4, 'textarea', 0, NULL, 'active', 1656322546);

-- --------------------------------------------------------

--
-- Table structure for table `product_selected_specification_multi_values`
--

CREATE TABLE `product_selected_specification_multi_values` (
  `id` int(10) UNSIGNED NOT NULL,
  `selected_specification_id` int(10) UNSIGNED NOT NULL,
  `specification_multi_value_id` int(10) UNSIGNED NOT NULL
) ENGINE=InnoDB DEFAULT CHARSET=utf8mb4 COLLATE=utf8mb4_unicode_ci;

--
-- Dumping data for table `product_selected_specification_multi_values`
--

INSERT INTO `product_selected_specification_multi_values` (`id`, `selected_specification_id`, `specification_multi_value_id`) VALUES
(2, 1, 1),
(3, 1, 2),
(4, 1, 3),
(5, 2, 4),
(6, 3, 6),
(7, 3, 7),
(8, 3, 8),
(9, 5, 11),
(10, 6, 11);

-- --------------------------------------------------------

--
-- Table structure for table `product_selected_specification_translations`
--

CREATE TABLE `product_selected_specification_translations` (
  `id` bigint(20) UNSIGNED NOT NULL,
  `product_selected_specification_id` int(10) UNSIGNED NOT NULL,
  `locale` varchar(255) NOT NULL,
  `value` text NOT NULL
) ENGINE=InnoDB DEFAULT CHARSET=utf8mb4 COLLATE=utf8mb4_unicode_ci;

--
-- Dumping data for table `product_selected_specification_translations`
--

INSERT INTO `product_selected_specification_translations` (`id`, `product_selected_specification_id`, `locale`, `value`) VALUES
(1, 4, 'en', 'Model: M82EZ\r\nTotal magnification: 40X-100X-250X-400X-1000X-2500X\r\nEyepieces: widefield WF10X and WF25X\r\nObjectives: achromatic DIN 4X, 10X, 40X(S), 100X(S, Oil)\r\nViewing head: 45° Inclined 360° swiveling binocular\r\nSliding adjustable interpupillary distance: 2-3/16\" ~ 2-15/16\"(55~75mm)\r\nOcular diopter adjustable on both eyetubes\r\nNosepiece: revolving quadruple\r\nStage: mechanical double layer size: 4-1/2\"x 4-15/16\" (115mm x 125mm)\r\nCondenser and diaphragm: NA1.25 Abbe condenser with iris diaphragm\r\nTransmitted (lower) illuminator: LED light, intensity adjustable\r\nFocus adjustment: Coaxial coarse and fine knobs on both sides\r\nAll metal mechanical components\r\nPower supply: AC/DC adapter, 100V-240V (UL approved)\r\nDimension: 9-1/16\" x 7-1/8\" x 13\" (23cm x 18cm x 33cm)\r\nNet weight: 7lbs 2 oz (3.25 kg)\r\nPackage weight: 4kg'),
(2, 7, 'en', 'Publisher ‏ : ‎ Penguin Publishing Group (March 30, 2021)\r\nLanguage ‏ : ‎ English\r\nPaperback ‏ : ‎ 400 pages\r\nISBN-10 ‏ : ‎ 0735219109\r\nISBN-13 ‏ : ‎ 978-0735219106\r\nItem Weight ‏ : ‎ 11.2 ounces\r\nDimensions ‏ : ‎ 5.5 x 0.79 x 8.22 inches');

-- --------------------------------------------------------

--
-- Table structure for table `product_specifications`
--

CREATE TABLE `product_specifications` (
  `id` int(10) UNSIGNED NOT NULL,
  `input_type` enum('textarea','multi_value') NOT NULL
) ENGINE=InnoDB DEFAULT CHARSET=utf8mb4 COLLATE=utf8mb4_unicode_ci;

--
-- Dumping data for table `product_specifications`
--

INSERT INTO `product_specifications` (`id`, `input_type`) VALUES
(1, 'multi_value'),
(2, 'multi_value'),
(3, 'multi_value'),
(4, 'textarea'),
(5, 'multi_value');

-- --------------------------------------------------------

--
-- Table structure for table `product_specification_categories`
--

CREATE TABLE `product_specification_categories` (
  `id` int(10) UNSIGNED NOT NULL,
  `specification_id` int(10) UNSIGNED NOT NULL,
  `category_id` int(10) UNSIGNED NOT NULL
) ENGINE=InnoDB DEFAULT CHARSET=utf8mb4 COLLATE=utf8mb4_unicode_ci;

--
-- Dumping data for table `product_specification_categories`
--

INSERT INTO `product_specification_categories` (`id`, `specification_id`, `category_id`) VALUES
(1, 1, 1),
(2, 2, 1),
(3, 3, 1),
(5, 5, 3),
(6, 4, 1),
(7, 4, 3);

-- --------------------------------------------------------

--
-- Table structure for table `product_specification_multi_values`
--

CREATE TABLE `product_specification_multi_values` (
  `id` int(10) UNSIGNED NOT NULL,
  `specification_id` int(10) UNSIGNED NOT NULL
) ENGINE=InnoDB DEFAULT CHARSET=utf8mb4 COLLATE=utf8mb4_unicode_ci;

--
-- Dumping data for table `product_specification_multi_values`
--

INSERT INTO `product_specification_multi_values` (`id`, `specification_id`) VALUES
(1, 1),
(2, 1),
(3, 1),
(4, 2),
(5, 2),
(6, 3),
(7, 3),
(8, 3),
(9, 3),
(10, 3),
(11, 5),
(12, 5),
(13, 5),
(14, 5);

-- --------------------------------------------------------

--
-- Table structure for table `product_specification_multi_value_translations`
--

CREATE TABLE `product_specification_multi_value_translations` (
  `id` bigint(20) UNSIGNED NOT NULL,
  `product_specification_multi_value_id` int(10) UNSIGNED NOT NULL,
  `locale` varchar(255) NOT NULL,
  `title` varchar(255) NOT NULL
) ENGINE=InnoDB DEFAULT CHARSET=utf8mb4 COLLATE=utf8mb4_unicode_ci;

--
-- Dumping data for table `product_specification_multi_value_translations`
--

INSERT INTO `product_specification_multi_value_translations` (`id`, `product_specification_multi_value_id`, `locale`, `title`) VALUES
(1, 1, 'en', 'Small'),
(2, 2, 'en', 'Medium'),
(3, 3, 'en', 'Large'),
(4, 4, 'en', 'Basic'),
(5, 5, 'en', 'Advanced'),
(6, 6, 'en', '3-5'),
(7, 7, 'en', '5-8'),
(8, 8, 'en', '8-13'),
(9, 9, 'en', '13-18'),
(10, 10, 'en', '+18'),
(11, 11, 'en', 'Novel'),
(12, 12, 'en', 'Language learning'),
(13, 13, 'en', 'Scientific'),
(14, 14, 'en', 'literature');

-- --------------------------------------------------------

--
-- Table structure for table `product_specification_translations`
--

CREATE TABLE `product_specification_translations` (
  `id` bigint(20) UNSIGNED NOT NULL,
  `product_specification_id` int(10) UNSIGNED NOT NULL,
  `locale` varchar(255) NOT NULL,
  `title` varchar(255) NOT NULL
) ENGINE=InnoDB DEFAULT CHARSET=utf8mb4 COLLATE=utf8mb4_unicode_ci;

--
-- Dumping data for table `product_specification_translations`
--

INSERT INTO `product_specification_translations` (`id`, `product_specification_id`, `locale`, `title`) VALUES
(1, 1, 'en', 'Size'),
(2, 2, 'en', 'Skill Level'),
(3, 3, 'en', 'Age Range'),
(4, 4, 'en', 'Main Features'),
(5, 5, 'en', 'E-book type');

-- --------------------------------------------------------

--
-- Table structure for table `product_top_categories`
--

CREATE TABLE `product_top_categories` (
  `id` int(10) UNSIGNED NOT NULL,
  `category_id` int(10) UNSIGNED NOT NULL,
  `image` varchar(255) DEFAULT NULL
) ENGINE=InnoDB DEFAULT CHARSET=utf8mb4 COLLATE=utf8mb4_general_ci;

--
-- Dumping data for table `product_top_categories`
--

INSERT INTO `product_top_categories` (`id`, `category_id`, `image`) VALUES
(1, 1, '/store/1/default_images/store/store_top_category.svg'),
(2, 2, '/store/1/default_images/store/store_top_category_2.svg'),
(3, 3, '/store/1/default_images/store/store_top_category_3.svg'),
(4, 17, '/store/1/default_images/store/store_top_category_4.svg'),
(5, 18, '/store/1/default_images/store/store_top_category_5.svg');

-- --------------------------------------------------------

--
-- Table structure for table `product_translations`
--

CREATE TABLE `product_translations` (
  `id` bigint(20) UNSIGNED NOT NULL,
  `product_id` int(10) UNSIGNED NOT NULL,
  `locale` varchar(255) NOT NULL,
  `title` varchar(255) NOT NULL,
  `seo_description` text DEFAULT NULL,
  `summary` text DEFAULT NULL,
  `description` longtext DEFAULT NULL
) ENGINE=InnoDB DEFAULT CHARSET=utf8mb4 COLLATE=utf8mb4_unicode_ci;

--
-- Dumping data for table `product_translations`
--

INSERT INTO `product_translations` (`id`, `product_id`, `locale`, `title`, `seo_description`, `summary`, `description`) VALUES
(1, 1, 'en', 'Painting tools', 'Here are some of Manfredini\'s favorite must-have paint products for a flawless finish and a handful of appealing painter accessories that you can skip altogether', 'When it comes to painting supplies, if it sounds too good to be true, then it usually is. There\'s really no substitute for quality painting tools, adequate preparation, and careful work. \"One of the easiest things to remember about paint tools is that you get what you pay for,\" says Lou Manfredini, home expert for Ace Hardware. \"The biggest mistake I see homeowners make is that they buy cheap tools that don\'t give them good results, or they buy cheap paint—then they end up with a poor finished product.\"', '<p>Here are some of Manfredini\'s favorite must-have paint products for a flawless finish and a handful of appealing painter accessories that you can skip altogether. Keep in mind that you may not need some of these products if your walls are in good shape and don\'t need a lot of repairs. (Just make sure you purchase some highly-rated paint first because a quality tool won\'t work miracles on low-quality paint).</p><p><br></p><h3 style=\"color: rgba(0, 0, 0, 0.95); font-variant-numeric: normal; font-variant-east-asian: normal; font-stretch: normal; font-size: 24px; line-height: 32px; font-family: Sophia, \"Helvetica Neue\", sans-serif; letter-spacing: 0.5px; margin-top: 32px; margin-bottom: 16px;\">Paint Key</h3><div class=\"paragraph\" style=\"color: rgba(0, 0, 0, 0.95); font-family: Lora, serif; font-size: medium;\"><p style=\"font-variant-numeric: normal; font-variant-east-asian: normal; font-stretch: normal; font-size: 18px; line-height: 28px; letter-spacing: 0px; margin-bottom: 16px; max-width: 712px; overflow-wrap: anywhere;\">You don\'t need a special tool to open your paint cans; a standard flat-head screwdriver works just fine.</p></div><h3 style=\"color: rgba(0, 0, 0, 0.95); font-variant-numeric: normal; font-variant-east-asian: normal; font-stretch: normal; font-size: 24px; line-height: 32px; font-family: Sophia, \"Helvetica Neue\", sans-serif; letter-spacing: 0.5px; margin-top: 32px; margin-bottom: 16px;\">Plastic Tube for Paint Roller</h3><div class=\"paragraph\" style=\"color: rgba(0, 0, 0, 0.95); font-family: Lora, serif; font-size: medium;\"><p style=\"font-variant-numeric: normal; font-variant-east-asian: normal; font-stretch: normal; font-size: 18px; line-height: 28px; letter-spacing: 0px; margin-bottom: 16px; max-width: 712px; overflow-wrap: anywhere;\">If you\'re done painting for the day but want to pick it back up tomorrow, cover the roller in plastic wrap, then throw it into a plastic bag with an air-tight seal.</p></div><h3 style=\"color: rgba(0, 0, 0, 0.95); font-variant-numeric: normal; font-variant-east-asian: normal; font-stretch: normal; font-size: 24px; line-height: 32px; font-family: Sophia, \"Helvetica Neue\", sans-serif; letter-spacing: 0.5px; margin-top: 32px; margin-bottom: 16px;\">Paint Tray Liners</h3><div class=\"paragraph\" style=\"color: rgba(0, 0, 0, 0.95); font-family: Lora, serif; font-size: medium;\"><p style=\"font-variant-numeric: normal; font-variant-east-asian: normal; font-stretch: normal; font-size: 18px; line-height: 28px; letter-spacing: 0px; margin-bottom: 16px; max-width: 712px; overflow-wrap: anywhere;\">These aren\'t necessary if you get a quality hard plastic paint tray. Plus, it\'s less wasteful if you don\'t throw away a plastic liner each time you paint.</p></div><div class=\"div-sm-inContent\" style=\"color: rgba(0, 0, 0, 0.95); font-family: Lora, serif; font-size: medium;\"><div id=\"div-gpt-native\" class=\"tablet-ad desktop-ad ads-in-content\" data-tier=\"1\" data-google-query-id=\"CL7-utP6uPgCFWLFuwgdOBYNvQ\"><div id=\"google_ads_iframe_3865/ddm.realsimple.com/ntv1_0__container__\" style=\"border: 0pt none;\"></div></div></div><h3 style=\"color: rgba(0, 0, 0, 0.95); font-variant-numeric: normal; font-variant-east-asian: normal; font-stretch: normal; font-size: 24px; line-height: 32px; font-family: Sophia, \"Helvetica Neue\", sans-serif; letter-spacing: 0.5px; margin-top: 32px; margin-bottom: 16px;\">Paint Pads</h3><div class=\"paragraph\" style=\"color: rgba(0, 0, 0, 0.95); font-family: Lora, serif; font-size: medium;\"><p style=\"font-variant-numeric: normal; font-variant-east-asian: normal; font-stretch: normal; font-size: 18px; line-height: 28px; letter-spacing: 0px; margin-bottom: 16px; max-width: 712px; overflow-wrap: anywhere;\">Skip these, unless you\'re using them to paint behind hard-to-reach areas like a toilet tank or radiator.</p></div><h3 style=\"color: rgba(0, 0, 0, 0.95); font-variant-numeric: normal; font-variant-east-asian: normal; font-stretch: normal; font-size: 24px; line-height: 32px; font-family: Sophia, \"Helvetica Neue\", sans-serif; letter-spacing: 0.5px; margin-top: 32px; margin-bottom: 16px;\">Fillable Paint Products</h3><div class=\"paragraph\" style=\"color: rgba(0, 0, 0, 0.95); font-family: Lora, serif; font-size: medium;\"><p style=\"font-variant-numeric: normal; font-variant-east-asian: normal; font-stretch: normal; font-size: 18px; line-height: 28px; letter-spacing: 0px; margin-bottom: 16px; max-width: 712px; overflow-wrap: anywhere;\">\"Any gadget that sucks paint up into its handle is a nightmare to use and to clean. In the time it takes to refill it, you could already be painting,\" says Manfredini. The exception here is the touch-up tool that Manfredini recommended specifically.</p></div>'),
(2, 2, 'en', 'Advanced microscope', 'A microscope is a laboratory instrument used to examine objects that are too small to be seen by the naked eye.', 'There are many types of microscopes, and they may be grouped in different ways. One way is to describe the method an instrument uses to interact with a sample and produce images, either by sending a beam of light or electrons through a sample in its optical path, by detecting photon emissions from a sample, or by scanning across and a short distance from the surface of a sample using a probe.', '<p>This OMAX binocular biological compound microscope offers six magnifications between 40X and 2500X.  The lab microscope comes with a 45 inclined 360 swiveling binocular sliding viewing head, two pairs of widefield eyepieces with an adjustable diopter on oculars, four achromatic objectives, stain-resistant double layer mechanical stage with scales, coarse and fine focusing on both sides, NA 1.25 Abbe condenser with iris diaphragm and variable intensity LED transmitted illumination system.  This type of microscope is perfect for home school, teaching, demonstration, clinical examination, laboratories, and advanced applications. It is easy to mount an electronic eyepiece (digital microscope camera) for capturing images and live video on a computer.  It can also be added a darkfield condenser to switch a brightfield microscope to a darkfield microscope.</p><p><br></p>'),
(4, 4, 'en', 'ChatGPT for UI/UX Design E-book', 'Sherlock Holmes is a fictional detective created by British author Sir Arthur Conan Doyle.', 'Sherlock Holmes is a fictional detective created by British author Sir Arthur Conan Doyle. Referring to himself as a \"consulting detective\" in the stories, Holmes is known for his proficiency with observation, deduction, forensic science and logical reasoning that borders on the fantastic, which he employs when investigating cases for a wide variety of clients, including Scotland Yard.', '<p><font color=\"#202122\" face=\"sans-serif\"><span style=\"font-size: 14px;\">Though not the first fictional detective, Sherlock Holmes is arguably the best known.[1] By the 1990s there were already over 25,000 stage adaptations, films, television productions and publications featuring the detective,[2] and Guinness World Records lists him as the most portrayed literary human character in film and television history.[3] Holmes\'s popularity and fame are such that many have believed him to be not a fictional character but a real individual;[4][5][6] numerous literary and fan societies have been founded on this pretence. Avid readers of the Holmes stories helped create the modern practice of fandom.[7] The character and stories have had a profound and lasting effect on mystery writing and popular culture as a whole, with the original tales as well as thousands written by authors other than Conan Doyle being adapted into stage and radio plays, television, films, video games, and other media for over one hundred years.</span></font><br></p>'),
(5, 5, 'en', 'Business Software', 'Business software is any software or set of computer programs used by business users to perform various business functions.', 'Business software is any software or set of computer programs used by business users to perform various business functions.', '<p>Business software (or a business application) is any software or set of computer programs used by business users to perform various business functions. These business applications are used to increase productivity, measure productivity, and perform other business functions accurately.</p><p>Much business software is developed to meet the needs of a specific business, and therefore is not easily transferable to a different business environment, unless its nature and operation are identical. Due to the unique requirements of each business, off-the-shelf software is unlikely to completely address a company\'s needs. However, where an on-the-shelf solution is necessary, due to time or monetary considerations, some level of customization is likely to be required. Exceptions do exist, depending on the business in question, and thorough research is always required before committing to bespoke or off-the-shelf solutions.</p><p><br></p><p>Some business applications are interactive, i.e., they have a graphical user interface or user interface and users can query/modify/input data and view results instantaneously. They can also run reports instantaneously. Some business applications run in batch mode: they are set up to run based on a predetermined event/time and a business user does not need to initiate them or monitor them.</p><p><br></p><p>Some business applications are built in-house and some are bought from vendors (off-the-shelf software products). These business applications are installed on either desktops or big servers. Prior to the introduction of COBOL (a universal compiler) in 1965, businesses developed their own unique machine language. RCA\'s language consisted of a 12-position instruction. For example, to read a record into memory, the first two digits would be the instruction (action) code. The next four positions of the instruction (an \'A\' address) would be the exact leftmost memory location where you want the readable character to be placed. Four positions (a \'B\' address) of the instruction would note the very rightmost memory location where you want the last character of the record to be located. A two-digit \'B\' address also allows a modification of any instruction. Instruction codes and memory designations excluded the use of 8\'s or 9\'s. The first RCA business application was implemented in 1962 on a 4k RCA 301. The RCA 301, mid-frame 501, and large frame 601 began their marketing in early 1960.</p><p><br></p><p>Many kinds of users are found within the business environment, and can be categorized by using a small, medium, and large matrix:</p><p><br></p><p>The small business market generally consists of home accounting software, and office suites such as LibreOffice, Microsoft Office or Google Workspace (formerly G Suite and Google Apps for Work).</p><p>The medium size, or small and medium-sized enterprise (SME), has a broader range of software applications, ranging from accounting, groupware, customer relationship management, human resource management systems, outsourcing relationship management, loan origination software, shopping cart software, field service software, and other productivity-enhancing applications.</p><p>The last segment covers enterprise level software applications, such as those in the fields of enterprise resource planning, enterprise content management (ECM), business process management (BPM) and product lifecycle management. These applications are extensive in scope and often come with modules that either add native functions or incorporate the functionality of third-party computer programs.</p><p>Technologies that previously only existed in peer-to-peer software applications, like Kazaa and Napster, are starting to appear within business applications.</p>'),
(6, 6, 'en', 'Practical UI/UX Playbook E-book', 'The #1 New York Times bestselling worldwide sensation with more than 12 million copies sold', 'SOON TO BE A MAJOR MOTION PICTURE—The #1 New York Times bestselling worldwide sensation with more than 12 million copies sold, hailed by The New York Times Book Review as “a painfully beautiful first novel that is at once a murder mystery, a coming-of-age narrative and a celebration of nature.”\r\n\r\nFor years, rumors of the “Marsh Girl” have haunted Barkley Cove, a quiet town on the North Carolina coast. So in late 1969, when handsome Chase Andrews is found dead, the locals immediately suspect Kya Clark, the so-called Marsh Girl. But Kya is not what they say. Sensitive and intelligent, she has survived for years alone in the marsh that she calls home, finding friends in the gulls and lessons in the sand. Then the time comes when she yearns to be touched and loved. When two young men from town become intrigued by her wild beauty, Kya opens herself to a new life—until the unthinkable happens.\r\n\r\nWhere the Crawdads Sing is at once an exquisite ode to the natural world, a heartbreaking coming-of-age story, and a surprising tale of possible murder. Owens reminds us that we are forever shaped by the children we once were and that we are all subject to the beautiful and violent secrets that nature keeps.', '<div>“A painfully beautiful first novel that is at once a murder mystery, a coming-of-age narrative and a celebration of nature....Owens here surveys the desolate marshlands of the North Carolina coast through the eyes of an abandoned child. And in her isolation that child makes us open our own eyes to the secret wonders—and dangers—of her private world.”—The New York Times Book Review</div><div><br></div><div>“Steeped in the rhythms and shadows of the coastal marshes of North Carolina’s Outer Banks, this fierce and hauntingly beautiful novel centers on...Kya’s heartbreaking story of learning to trust human connections, intertwine[d] with a gripping murder mystery, revealing savage truths. An astonishing debut.”—People</div><div><br></div><div>“This lush mystery is perfect for fans of Barbara Kingsolver.”—Bustle</div><div><br></div><div>“A lush debut novel, Owens delivers her mystery wrapped in gorgeous, lyrical prose. It’s clear she’s from this place—the land of the southern coasts, but also the emotional terrain—you can feel it in the pages.  A magnificent achievement, ambitious, credible and very timely.”—Alexandra Fuller, New York Times bestselling author of Don’t Let’s Go to the Dogs Tonight</div><div><br></div><div>“Heart-wrenching...A fresh exploration of isolation and nature from a female perspective along with a compelling love story.”—Entertainment Weekly</div><div><br></div><div>“This wonderful novel has a bit of everything—mystery, romance, and fascinating characters, all told in a story that takes place in North Carolina.”—Nicholas Sparks, New York Times bestselling author of Every Breath</div><div><br></div><div>“Delia Owen’s gorgeous novel is both a coming-of-age tale and an engrossing whodunit.”—Real Simple</div><div><br></div><div>“Evocative...Kya makes for an unforgettable heroine.”—Publishers Weekly</div><div><br></div><div>“The New Southern novel...A lyrical debut.”—Southern Living</div><div><br></div><div>“A nature-infused romance with a killer twist.”—Refinery29</div><div><br></div><div>“Anyone who liked The Great Alone will want to read Where the Crawdads Sing....This astonishing debut is a beautiful and haunting novel that packs a powerful punch. It’s the first novel in a long time that made me cry.”—Kristin Hannah, author ofThe Great AloneandThe Nightingale</div><div><br></div><div>“Both a coming-of-age story and a mysterious account of a murder investigation told from the perspective of a young girl...Through Kya’s story, Owens explores how isolation affects human behavior, and the deep effect that rejection can have on our lives.”—Vanity Fair</div><div><br></div><div>“Lyrical...Its appeal ris[es] from Kya’s deep connection to the place where makes her home, and to all of its creatures.”—Booklist</div><div><br></div><div>“This beautiful, evocative novel is likely to stay with you for many days afterward....absorbing.”—AARP </div><div><br></div><div>“This haunting tale captivates every bit as much for its crime drama elements as for the humanity at its core.” —Mystery & Suspense Magazine</div><div><br></div><div>“Compelling, original...A mystery, a courtroom drama, a romance and a coming-of-age story, Where the Crawdads Sing is a moving, beautiful tale. Readers will remember Kya for a long, long time.”—ShelfAwareness</div><div><br></div><div>“With prose luminous as a low-country moon, Owens weaves a compelling tale of a forgotten girl in the unforgiving coastal marshes of North Carolina. It is a murder mystery/love story/courtroom drama that readers will love, but the novel delves so much deeper into the bone and sinew of our very nature, asking often unanswerable questions, old and intractable as the marsh itself. A stunning debut!”—Christopher Scotton, author of The Secret Wisdom of the Earth</div><div><br></div><div>“A compelling mystery with prose so luminous it can cut through the murkiest of pluff mud.”—Augusta Chronicle</div><div><br></div><div>“Carries the rhythm of an old time ballad. It is clear Owens knows this land intimately, from the black mud sucking at footsteps to the taste of saltwater and the cry of seagulls.”—David Joy, author of The Line That Held Us</div>'),
(9, 9, 'en', 'How to Do a Website UX Audit E-book', 'Implement methods associated with objects as per the latest ECMAScript specification', 'You Will Learn: Implement methods associated with objects as per the latest ECMAScript specification, and use the latest features of ECMAScript', '<p>About This BookGrasp the latest features of ECMAScript and the best way to use it in production codeLearn newly added native APIs to JS Engine and perform tasks efficiently with a cleaner code baseUnderstand the more complex sides of JavaScript such as the inheritance model, low-level memory management, multithreaded environments, and web workersWho This Book Is ForThis book is for web developers who have some basic programming knowledge and want to learn to write cleaner code with the power of ECMAScript.</p>');

-- --------------------------------------------------------

--
-- Table structure for table `promotions`
--

CREATE TABLE `promotions` (
  `id` int(10) UNSIGNED NOT NULL,
  `days` int(10) UNSIGNED NOT NULL,
  `price` double(15,2) UNSIGNED NOT NULL,
  `icon` varchar(255) NOT NULL,
  `is_popular` tinyint(1) NOT NULL DEFAULT 0,
  `created_at` int(10) UNSIGNED NOT NULL
) ENGINE=InnoDB DEFAULT CHARSET=utf8mb4 COLLATE=utf8mb4_unicode_ci ROW_FORMAT=DYNAMIC;

--
-- Dumping data for table `promotions`
--

INSERT INTO `promotions` (`id`, `days`, `price`, `icon`, `is_popular`, `created_at`) VALUES
(2, 15, 150.00, '/store/1/default_images/subscribe_packages/subscribe_icon_3.svg', 1, 1749393151),
(3, 15, 50.00, '/store/1/default_images/subscribe_packages/subscribe_icon_1.svg', 0, 1749393126),
(4, 15, 90.00, '/store/1/default_images/subscribe_packages/subscribe_icon_2.svg', 0, 1749393138);

-- --------------------------------------------------------

--
-- Table structure for table `promotion_translations`
--

CREATE TABLE `promotion_translations` (
  `id` bigint(20) UNSIGNED NOT NULL,
  `promotion_id` int(10) UNSIGNED NOT NULL,
  `locale` varchar(255) NOT NULL,
  `title` varchar(255) NOT NULL,
  `description` text NOT NULL
) ENGINE=InnoDB DEFAULT CHARSET=utf8mb4 COLLATE=utf8mb4_unicode_ci;

--
-- Dumping data for table `promotion_translations`
--

INSERT INTO `promotion_translations` (`id`, `promotion_id`, `locale`, `title`, `description`) VALUES
(1, 2, 'en', 'Gold', 'One of your classes will be displayed at the top of the category list and homepage slider'),
(2, 3, 'en', 'Bronze', 'One of your classes will be displayed at the top of the category list'),
(3, 4, 'en', 'Silver', 'One of your classes will be displayed at the homepage slider'),
(4, 2, 'es', 'Oro', 'Una de sus clases se mostrará en la parte superior de la lista de categorías y el control deslizante de la página de inicio.'),
(5, 2, 'ar', 'ذهب', 'سيتم عرض أحد فصولك الدراسية في أعلى قائمة الفئات وشريط تمرير الصفحة الرئيسية'),
(6, 4, 'ar', 'فضة', 'سيتم عرض إحدى فصولك الدراسية في شريط تمرير الصفحة الرئيسية'),
(7, 4, 'es', 'Plata', 'Una de sus clases se mostrará en el control deslizante de la página de inicio.'),
(8, 3, 'ar', 'برونزية', 'سيتم عرض أحد فصولك في أعلى قائمة الفئات'),
(9, 3, 'es', 'Bronce', 'Una de sus clases se mostrará en la parte superior de la lista de categorías.');

-- --------------------------------------------------------

--
-- Table structure for table `purchases`
--

CREATE TABLE `purchases` (
  `id` int(10) UNSIGNED NOT NULL,
  `webinar_id` int(10) UNSIGNED NOT NULL,
  `user_id` int(10) UNSIGNED NOT NULL,
  `created_at` int(11) NOT NULL
) ENGINE=InnoDB DEFAULT CHARSET=utf8mb4 COLLATE=utf8mb4_unicode_ci ROW_FORMAT=DYNAMIC;

-- --------------------------------------------------------

--
-- Table structure for table `purchase_code`
--

CREATE TABLE `purchase_code` (
  `id` bigint(20) UNSIGNED NOT NULL,
  `code` varchar(255) DEFAULT NULL,
  `product_type` varchar(255) NOT NULL DEFAULT 'main',
  `license_type` varchar(50) DEFAULT NULL,
  `created_at` timestamp NULL DEFAULT NULL,
  `updated_at` timestamp NULL DEFAULT NULL
) ENGINE=InnoDB DEFAULT CHARSET=utf8mb4 COLLATE=utf8mb4_unicode_ci;

-- --------------------------------------------------------

--
-- Table structure for table `purchase_notifications`
--

CREATE TABLE `purchase_notifications` (
  `id` int(10) UNSIGNED NOT NULL,
  `start_at` bigint(20) DEFAULT NULL,
  `end_at` bigint(20) DEFAULT NULL,
  `popup_duration` int(10) UNSIGNED DEFAULT NULL,
  `popup_delay` int(10) UNSIGNED DEFAULT NULL,
  `maximum_purchase_amount` int(10) UNSIGNED DEFAULT NULL,
  `maximum_community_age` int(10) UNSIGNED DEFAULT NULL,
  `display_type` enum('overall','per_session') NOT NULL,
  `display_time` int(10) UNSIGNED DEFAULT NULL,
  `display_for_logged_out_users` tinyint(1) NOT NULL DEFAULT 0,
  `enable` tinyint(1) NOT NULL DEFAULT 0,
  `created_at` bigint(20) NOT NULL
) ENGINE=InnoDB DEFAULT CHARSET=utf8mb4 COLLATE=utf8mb4_general_ci;

--
-- Dumping data for table `purchase_notifications`
--

INSERT INTO `purchase_notifications` (`id`, `start_at`, `end_at`, `popup_duration`, `popup_delay`, `maximum_purchase_amount`, `maximum_community_age`, `display_type`, `display_time`, `display_for_logged_out_users`, `enable`, `created_at`) VALUES
(1, 1709269200, 1868673600, 10, 30, NULL, NULL, 'per_session', 1, 1, 0, 1709375811);

-- --------------------------------------------------------

--
-- Table structure for table `purchase_notification_histories`
--

CREATE TABLE `purchase_notification_histories` (
  `id` int(10) UNSIGNED NOT NULL,
  `user_id` int(10) UNSIGNED NOT NULL,
  `purchase_notification_id` int(10) UNSIGNED NOT NULL,
  `display_type` enum('overall','per_session') NOT NULL,
  `count_view` int(10) UNSIGNED NOT NULL DEFAULT 0,
  `session_ended` tinyint(1) NOT NULL DEFAULT 0 COMMENT 'Get True After the user login, we update all the per_session records'
) ENGINE=InnoDB DEFAULT CHARSET=utf8mb4 COLLATE=utf8mb4_general_ci;

--
-- Dumping data for table `purchase_notification_histories`
--

INSERT INTO `purchase_notification_histories` (`id`, `user_id`, `purchase_notification_id`, `display_type`, `count_view`, `session_ended`) VALUES
(1, 996, 1, 'per_session', 34, 0),
(2, 995, 1, 'per_session', 26, 0),
(3, 1015, 1, 'per_session', 4, 0);

-- --------------------------------------------------------

--
-- Table structure for table `purchase_notification_roles_groups_contents`
--

CREATE TABLE `purchase_notification_roles_groups_contents` (
  `id` int(10) UNSIGNED NOT NULL,
  `purchase_notification_id` int(10) UNSIGNED NOT NULL,
  `role_id` int(10) UNSIGNED DEFAULT NULL,
  `group_id` int(10) UNSIGNED DEFAULT NULL,
  `webinar_id` int(10) UNSIGNED DEFAULT NULL,
  `bundle_id` int(10) UNSIGNED DEFAULT NULL,
  `product_id` int(10) UNSIGNED DEFAULT NULL
) ENGINE=InnoDB DEFAULT CHARSET=utf8mb4 COLLATE=utf8mb4_general_ci;

--
-- Dumping data for table `purchase_notification_roles_groups_contents`
--

INSERT INTO `purchase_notification_roles_groups_contents` (`id`, `purchase_notification_id`, `role_id`, `group_id`, `webinar_id`, `bundle_id`, `product_id`) VALUES
(127, 1, 1, NULL, NULL, NULL, NULL),
(128, 1, 3, NULL, NULL, NULL, NULL),
(129, 1, 4, NULL, NULL, NULL, NULL),
(130, 1, NULL, NULL, 2009, NULL, NULL),
(131, 1, NULL, NULL, 2008, NULL, NULL),
(132, 1, NULL, NULL, 2004, NULL, NULL),
(133, 1, NULL, NULL, 2006, NULL, NULL),
(134, 1, NULL, NULL, 2005, NULL, NULL),
(135, 1, NULL, NULL, NULL, 2, NULL);

-- --------------------------------------------------------

--
-- Table structure for table `purchase_notification_translations`
--

CREATE TABLE `purchase_notification_translations` (
  `id` int(10) UNSIGNED NOT NULL,
  `purchase_notification_id` int(10) UNSIGNED NOT NULL,
  `locale` varchar(191) NOT NULL,
  `title` varchar(255) NOT NULL,
  `popup_title` varchar(255) NOT NULL,
  `popup_subtitle` varchar(255) NOT NULL,
  `users` text NOT NULL,
  `times` text NOT NULL
) ENGINE=InnoDB DEFAULT CHARSET=utf8mb4 COLLATE=utf8mb4_general_ci;

--
-- Dumping data for table `purchase_notification_translations`
--

INSERT INTO `purchase_notification_translations` (`id`, `purchase_notification_id`, `locale`, `title`, `popup_title`, `popup_subtitle`, `users`, `times`) VALUES
(1, 1, 'en', 'Test Sales Pop-up', '[user] has Purchased', '[user] purchase [content] for [price]', 'Jack Anderson, Cameron Schofield,Jade Harrison,Jessica Wray,James Kong', '10 mins ago,25 mins ago,1 hrs ago,5 mins ago,30 mins ago,2 hrs ago,2 mins ago,45 mins ago');

-- --------------------------------------------------------

--
-- Table structure for table `quizzes`
--

CREATE TABLE `quizzes` (
  `id` int(10) UNSIGNED NOT NULL,
  `webinar_id` int(10) UNSIGNED DEFAULT NULL,
  `creator_id` int(10) UNSIGNED NOT NULL,
  `chapter_id` int(10) UNSIGNED DEFAULT NULL,
  `time` int(11) DEFAULT 0,
  `attempt` int(11) DEFAULT NULL,
  `pass_mark` int(11) NOT NULL,
  `certificate` tinyint(1) NOT NULL,
  `status` enum('active','inactive') NOT NULL,
  `total_mark` int(10) UNSIGNED DEFAULT NULL,
  `display_limited_questions` tinyint(1) NOT NULL DEFAULT 0,
  `display_number_of_questions` int(10) UNSIGNED DEFAULT NULL,
  `display_questions_randomly` tinyint(1) NOT NULL DEFAULT 0,
  `expiry_days` int(10) UNSIGNED DEFAULT NULL,
  `icon` varchar(255) DEFAULT NULL,
  `created_at` int(11) NOT NULL,
  `updated_at` int(11) DEFAULT NULL
) ENGINE=InnoDB DEFAULT CHARSET=utf8mb4 COLLATE=utf8mb4_unicode_ci ROW_FORMAT=DYNAMIC;

--
-- Dumping data for table `quizzes`
--

INSERT INTO `quizzes` (`id`, `webinar_id`, `creator_id`, `chapter_id`, `time`, `attempt`, `pass_mark`, `certificate`, `status`, `total_mark`, `display_limited_questions`, `display_number_of_questions`, `display_questions_randomly`, `expiry_days`, `icon`, `created_at`, `updated_at`) VALUES
(28, 1995, 1016, 4, 5, 10, 70, 1, 'active', 100, 0, NULL, 0, NULL, '/store/1/default_images/courses/quiz_icons/quiz_icon7.svg', 1624872015, 1751704110),
(30, 1999, 929, 9, 20, 5, 60, 1, 'active', 100, 0, NULL, 0, NULL, '/store/1/default_images/courses/quiz_icons/quiz_icon6.svg', 1625039490, 1751704103),
(31, 2001, 3, 16, 5, 10, 70, 1, 'active', 100, 0, NULL, 0, NULL, '/store/1/default_images/courses/quiz_icons/quiz_icon5.svg', 1625079329, 1751704097),
(32, 2003, 3, 13, 10, 3, 60, 1, 'active', 100, 0, NULL, 0, NULL, '/store/1/default_images/courses/quiz_icons/quiz_icon4.svg', 1625950930, 1751704090),
(33, 1998, 1015, 20, 10, 4, 60, 1, 'active', 100, 0, NULL, 0, NULL, '/store/1/default_images/courses/quiz_icons/quiz_icon3.svg', 1625951048, 1751704084),
(34, 1996, 1015, 22, 5, 3, 70, 1, 'active', 100, 0, NULL, 0, NULL, '/store/1/default_images/courses/quiz_icons/quiz_icon2.svg', 1625951477, 1751704077),
(35, 2008, 1015, 34, 10, 3, 75, 1, 'active', 100, 0, NULL, 0, NULL, '/store/1/default_images/courses/quiz_icons/quiz_icon1.svg', 1646173391, 1751704049);

-- --------------------------------------------------------

--
-- Table structure for table `quizzes_questions`
--

CREATE TABLE `quizzes_questions` (
  `id` int(10) UNSIGNED NOT NULL,
  `quiz_id` int(10) UNSIGNED NOT NULL,
  `creator_id` int(10) UNSIGNED NOT NULL,
  `grade` varchar(255) NOT NULL,
  `negative_grade` int(11) DEFAULT NULL,
  `type` enum('multiple','descriptive') NOT NULL,
  `image` text DEFAULT NULL,
  `video` text DEFAULT NULL,
  `order` int(10) UNSIGNED DEFAULT NULL,
  `created_at` int(11) NOT NULL,
  `updated_at` int(11) DEFAULT NULL
) ENGINE=InnoDB DEFAULT CHARSET=utf8mb4 COLLATE=utf8mb4_unicode_ci ROW_FORMAT=DYNAMIC;

--
-- Dumping data for table `quizzes_questions`
--

INSERT INTO `quizzes_questions` (`id`, `quiz_id`, `creator_id`, `grade`, `negative_grade`, `type`, `image`, `video`, `order`, `created_at`, `updated_at`) VALUES
(40, 28, 1016, '20', NULL, 'multiple', NULL, NULL, NULL, 1624872142, NULL),
(41, 28, 1016, '20', NULL, 'multiple', NULL, NULL, NULL, 1624872345, NULL),
(42, 28, 1016, '20', NULL, 'multiple', NULL, NULL, NULL, 1624872432, NULL),
(44, 28, 1016, '20', NULL, 'multiple', NULL, NULL, NULL, 1624909419, NULL),
(45, 28, 1016, '20', NULL, 'multiple', NULL, NULL, NULL, 1624909495, 1624909533),
(46, 30, 929, '20', NULL, 'multiple', NULL, NULL, NULL, 1625039743, NULL),
(47, 30, 929, '20', NULL, 'descriptive', NULL, NULL, NULL, 1625040028, 1625040475),
(48, 30, 929, '20', NULL, 'descriptive', NULL, NULL, NULL, 1625040598, NULL),
(49, 30, 929, '20', NULL, 'descriptive', NULL, NULL, NULL, 1625040865, NULL),
(50, 30, 929, '20', NULL, 'multiple', NULL, NULL, NULL, 1625040978, NULL),
(51, 31, 3, '20', NULL, 'multiple', NULL, NULL, NULL, 1625086333, NULL),
(52, 31, 3, '20', NULL, 'multiple', NULL, NULL, NULL, 1625086927, NULL),
(53, 31, 3, '20', NULL, 'multiple', NULL, NULL, NULL, 1625088072, NULL),
(54, 31, 3, '20', NULL, 'multiple', NULL, NULL, NULL, 1625733114, NULL),
(55, 31, 3, '20', NULL, 'multiple', NULL, NULL, NULL, 1625733218, NULL),
(56, 33, 1015, '20', NULL, 'multiple', NULL, NULL, NULL, 1625951156, NULL),
(57, 33, 1015, '20', NULL, 'multiple', NULL, NULL, NULL, 1625951217, NULL),
(58, 33, 1015, '20', NULL, 'multiple', NULL, NULL, NULL, 1625951303, NULL),
(59, 33, 1015, '20', NULL, 'multiple', NULL, NULL, NULL, 1625951366, NULL),
(60, 33, 1015, '20', NULL, 'multiple', NULL, NULL, NULL, 1625951427, NULL),
(61, 34, 1015, '20', NULL, 'multiple', NULL, NULL, NULL, 1625951934, 1625951971),
(62, 34, 1015, '20', NULL, 'multiple', NULL, NULL, NULL, 1625952052, NULL),
(63, 34, 1015, '20', NULL, 'multiple', NULL, NULL, NULL, 1625952097, NULL),
(64, 34, 1015, '20', NULL, 'multiple', NULL, NULL, NULL, 1625952140, NULL),
(65, 34, 1015, '20', NULL, 'descriptive', NULL, NULL, NULL, 1625952278, NULL),
(66, 32, 3, '20', NULL, 'multiple', NULL, NULL, NULL, 1626061979, NULL),
(67, 32, 3, '20', NULL, 'multiple', NULL, NULL, NULL, 1626062031, NULL),
(68, 32, 3, '20', NULL, 'multiple', NULL, NULL, NULL, 1626062079, NULL),
(69, 32, 3, '20', NULL, 'multiple', NULL, NULL, NULL, 1626062130, NULL),
(70, 32, 3, '20', NULL, 'multiple', NULL, NULL, NULL, 1626062181, NULL),
(71, 35, 1015, '20', NULL, 'multiple', NULL, NULL, NULL, 1646173476, NULL),
(72, 35, 1015, '20', NULL, 'multiple', NULL, NULL, NULL, 1646173553, NULL),
(73, 35, 1015, '20', NULL, 'multiple', NULL, NULL, NULL, 1646173606, NULL),
(74, 35, 1015, '20', NULL, 'multiple', NULL, NULL, NULL, 1646173664, NULL),
(75, 35, 1015, '10', NULL, 'multiple', NULL, NULL, NULL, 1646173719, 1656191827),
(76, 35, 1015, '10', NULL, 'multiple', NULL, '/store/1015/Learn Linux In 5 Days.mp4', NULL, 1656191784, NULL);

-- --------------------------------------------------------

--
-- Table structure for table `quizzes_questions_answers`
--

CREATE TABLE `quizzes_questions_answers` (
  `id` int(10) UNSIGNED NOT NULL,
  `creator_id` int(10) UNSIGNED NOT NULL,
  `question_id` int(10) UNSIGNED NOT NULL,
  `image` text DEFAULT NULL,
  `correct` tinyint(1) NOT NULL DEFAULT 0,
  `created_at` int(11) NOT NULL,
  `updated_at` int(11) DEFAULT NULL
) ENGINE=InnoDB DEFAULT CHARSET=utf8mb4 COLLATE=utf8mb4_unicode_ci ROW_FORMAT=DYNAMIC;

--
-- Dumping data for table `quizzes_questions_answers`
--

INSERT INTO `quizzes_questions_answers` (`id`, `creator_id`, `question_id`, `image`, `correct`, `created_at`, `updated_at`) VALUES
(83, 1016, 40, NULL, 1, 1624872142, NULL),
(84, 1016, 40, NULL, 0, 1624872142, NULL),
(85, 1016, 40, NULL, 0, 1624872142, NULL),
(86, 1016, 40, NULL, 0, 1624872142, NULL),
(87, 1016, 41, NULL, 0, 1624872345, NULL),
(88, 1016, 41, NULL, 0, 1624872345, NULL),
(89, 1016, 41, NULL, 1, 1624872345, NULL),
(90, 1016, 41, NULL, 0, 1624872345, NULL),
(91, 1016, 42, NULL, 0, 1624872432, NULL),
(92, 1016, 42, NULL, 1, 1624872432, NULL),
(93, 1016, 42, NULL, 0, 1624872432, NULL),
(94, 1016, 42, NULL, 0, 1624872432, NULL),
(99, 1016, 44, NULL, 0, 1624909419, NULL),
(100, 1016, 44, NULL, 0, 1624909419, NULL),
(101, 1016, 44, NULL, 0, 1624909419, NULL),
(102, 1016, 44, NULL, 1, 1624909419, NULL),
(103, 1016, 45, NULL, 1, 1624909533, NULL),
(104, 1016, 45, NULL, 0, 1624909533, NULL),
(105, 1016, 45, NULL, 0, 1624909533, NULL),
(106, 1016, 45, NULL, 0, 1624909533, NULL),
(107, 929, 46, NULL, 1, 1625039743, NULL),
(108, 929, 46, NULL, 0, 1625039743, NULL),
(109, 929, 46, NULL, 0, 1625039743, NULL),
(110, 929, 46, NULL, 0, 1625039743, NULL),
(111, 929, 50, NULL, 0, 1625040978, NULL),
(112, 929, 50, NULL, 1, 1625040978, NULL),
(113, 929, 50, NULL, 0, 1625040978, NULL),
(114, 929, 50, NULL, 0, 1625040978, NULL),
(115, 3, 51, '/store/3/quiz/q1 (4).jpg', 0, 1625086333, NULL),
(116, 3, 51, '/store/3/quiz/q1 (1).jpg', 1, 1625086333, NULL),
(117, 3, 51, '/store/3/quiz/q1 (3).jpg', 0, 1625086333, NULL),
(118, 3, 51, '/store/3/quiz/q1 (2).jpg', 0, 1625086333, NULL),
(119, 3, 52, '/store/3/quiz/q2 (4).jpg', 0, 1625086927, NULL),
(120, 3, 52, '/store/3/quiz/q2 (3).jpg', 0, 1625086927, NULL),
(121, 3, 52, '/store/3/quiz/q2 (2).jpg', 0, 1625086927, NULL),
(122, 3, 52, '/store/3/quiz/q2 (1).jpg', 1, 1625086927, NULL),
(123, 3, 53, '/store/3/quiz/q3 (1).jpg', 1, 1625088072, NULL),
(124, 3, 53, '/store/3/quiz/q3 (2).jpg', 0, 1625088072, NULL),
(125, 3, 53, '/store/3/quiz/q3 (3).jpg', 0, 1625088072, NULL),
(126, 3, 53, '/store/3/quiz/q3 (4).jpg', 0, 1625088072, NULL),
(127, 3, 54, '/store/3/quiz/q4 (1).jpg', 0, 1625733114, NULL),
(128, 3, 54, '/store/3/quiz/q4 (2).jpg', 0, 1625733114, NULL),
(129, 3, 54, '/store/3/quiz/q4 (3).jpg', 1, 1625733114, NULL),
(130, 3, 54, '/store/3/quiz/q4 (4).jpg', 0, 1625733114, NULL),
(131, 3, 55, '/store/3/quiz/q5 (1).jpg', 0, 1625733218, NULL),
(132, 3, 55, '/store/3/quiz/q5 (2).jpg', 1, 1625733218, NULL),
(133, 3, 55, '/store/3/quiz/q5 (3).jpg', 0, 1625733218, NULL),
(134, 3, 55, '/store/3/quiz/q5 (4).jpg', 0, 1625733218, NULL),
(135, 1015, 56, '/store/1015/quiz/q1 (1).jpg', 1, 1625951156, NULL),
(136, 1015, 56, '/store/1015/quiz/q1 (2).jpg', 0, 1625951156, NULL),
(137, 1015, 56, '/store/1015/quiz/q1 (3).jpg', 0, 1625951156, NULL),
(138, 1015, 56, '/store/1015/quiz/q1 (4).jpg', 0, 1625951156, NULL),
(139, 1015, 57, '/store/1015/quiz/q2 (1).jpg', 1, 1625951217, NULL),
(140, 1015, 57, '/store/1015/quiz/q2 (2).jpg', 0, 1625951217, NULL),
(141, 1015, 57, '/store/1015/quiz/q2 (3).jpg', 0, 1625951217, NULL),
(142, 1015, 57, '/store/1015/quiz/q2 (4).jpg', 0, 1625951217, NULL),
(143, 1015, 58, '/store/1015/quiz/q3 (1).jpg', 1, 1625951303, NULL),
(144, 1015, 58, '/store/1015/quiz/q3 (2).jpg', 0, 1625951303, NULL),
(145, 1015, 58, '/store/1015/quiz/q3 (3).jpg', 0, 1625951303, NULL),
(146, 1015, 58, '/store/1015/quiz/q3 (4).jpg', 0, 1625951303, NULL),
(147, 1015, 59, '/store/1015/quiz/q4 (1).jpg', 0, 1625951366, NULL),
(148, 1015, 59, '/store/1015/quiz/q4 (2).jpg', 0, 1625951366, NULL),
(149, 1015, 59, '/store/1015/quiz/q4 (3).jpg', 1, 1625951366, NULL),
(150, 1015, 59, '/store/1015/quiz/q4 (4).jpg', 0, 1625951366, NULL),
(151, 1015, 60, '/store/1015/quiz/q5 (1).jpg', 0, 1625951427, NULL),
(152, 1015, 60, '/store/1015/quiz/q5 (2).jpg', 1, 1625951427, NULL),
(153, 1015, 60, '/store/1015/quiz/q5 (3).jpg', 0, 1625951427, NULL),
(154, 1015, 60, '/store/1015/quiz/q5 (4).jpg', 0, 1625951427, NULL),
(155, 1015, 61, NULL, 1, 1625951971, NULL),
(156, 1015, 61, NULL, 0, 1625951971, NULL),
(157, 1015, 61, NULL, 0, 1625951971, NULL),
(158, 1015, 61, NULL, 0, 1625951971, NULL),
(159, 1015, 62, NULL, 0, 1625952052, NULL),
(160, 1015, 62, NULL, 0, 1625952052, NULL),
(161, 1015, 62, NULL, 0, 1625952052, NULL),
(162, 1015, 62, NULL, 1, 1625952052, NULL),
(163, 1015, 63, NULL, 0, 1625952097, NULL),
(164, 1015, 63, NULL, 0, 1625952097, NULL),
(165, 1015, 63, NULL, 0, 1625952097, NULL),
(166, 1015, 63, NULL, 1, 1625952097, NULL),
(167, 1015, 64, NULL, 0, 1625952140, NULL),
(168, 1015, 64, NULL, 0, 1625952140, NULL),
(169, 1015, 64, NULL, 1, 1625952140, NULL),
(170, 1015, 64, NULL, 0, 1625952140, NULL),
(171, 3, 66, '/store/3/quiz/q1 (3).jpg', 0, 1626061979, NULL),
(172, 3, 66, '/store/3/quiz/q1 (2).jpg', 0, 1626061979, NULL),
(173, 3, 66, '/store/3/quiz/q1 (4).jpg', 0, 1626061979, NULL),
(174, 3, 66, '/store/3/quiz/q1 (1).jpg', 1, 1626061979, NULL),
(175, 3, 67, '/store/3/quiz/q2 (1).jpg', 1, 1626062031, NULL),
(176, 3, 67, '/store/3/quiz/q2 (2).jpg', 0, 1626062031, NULL),
(177, 3, 67, '/store/3/quiz/q2 (3).jpg', 0, 1626062031, NULL),
(178, 3, 67, '/store/3/quiz/q2 (4).jpg', 0, 1626062031, NULL),
(179, 3, 68, '/store/3/quiz/q3 (1).jpg', 1, 1626062079, NULL),
(180, 3, 68, '/store/3/quiz/q3 (2).jpg', 0, 1626062079, NULL),
(181, 3, 68, '/store/3/quiz/q3 (3).jpg', 0, 1626062079, NULL),
(182, 3, 68, '/store/3/quiz/q3 (4).jpg', 0, 1626062079, NULL),
(183, 3, 69, '/store/3/quiz/q4 (4).jpg', 0, 1626062130, NULL),
(184, 3, 69, '/store/3/quiz/q4 (2).jpg', 0, 1626062130, NULL),
(185, 3, 69, '/store/3/quiz/q4 (1).jpg', 0, 1626062130, NULL),
(186, 3, 69, '/store/3/quiz/q4 (3).jpg', 1, 1626062130, NULL),
(187, 3, 70, '/store/3/quiz/q5 (1).jpg', 0, 1626062181, NULL),
(188, 3, 70, '/store/3/quiz/q5 (2).jpg', 1, 1626062181, NULL),
(189, 3, 70, '/store/3/quiz/q5 (3).jpg', 0, 1626062181, NULL),
(190, 3, 70, '/store/3/quiz/q5 (4).jpg', 0, 1626062181, NULL),
(191, 1015, 71, '/store/1015/quiz/q1 (1).jpg', 1, 1646173476, NULL),
(192, 1015, 71, '/store/1015/quiz/q1 (2).jpg', 0, 1646173476, NULL),
(193, 1015, 71, '/store/1015/quiz/q1 (3).jpg', 0, 1646173476, NULL),
(194, 1015, 71, '/store/1015/quiz/q1 (4).jpg', 0, 1646173476, NULL),
(195, 1015, 72, '/store/1015/quiz/q2 (1).jpg', 1, 1646173553, NULL),
(196, 1015, 72, '/store/1015/quiz/q2 (2).jpg', 0, 1646173553, NULL),
(197, 1015, 72, '/store/1015/quiz/q2 (3).jpg', 0, 1646173553, NULL),
(198, 1015, 72, '/store/1015/quiz/q2 (4).jpg', 0, 1646173553, NULL),
(199, 1015, 73, '/store/1015/quiz/q3 (1).jpg', 1, 1646173606, NULL),
(200, 1015, 73, '/store/1015/quiz/q3 (2).jpg', 0, 1646173606, NULL),
(201, 1015, 73, '/store/1015/quiz/q3 (3).jpg', 0, 1646173606, NULL),
(202, 1015, 73, '/store/1015/quiz/q3 (4).jpg', 0, 1646173606, NULL),
(203, 1015, 74, '/store/1015/quiz/q4 (1).jpg', 0, 1646173664, NULL),
(204, 1015, 74, '/store/1015/quiz/q4 (2).jpg', 0, 1646173664, NULL),
(205, 1015, 74, '/store/1015/quiz/q4 (3).jpg', 1, 1646173664, NULL),
(206, 1015, 74, '/store/1015/quiz/q4 (4).jpg', 0, 1646173664, NULL),
(207, 1015, 75, '/store/1015/quiz/q5 (1).jpg', 0, 1656191827, NULL),
(208, 1015, 75, '/store/1015/quiz/q5 (2).jpg', 1, 1656191827, NULL),
(209, 1015, 75, '/store/1015/quiz/q5 (3).jpg', 0, 1656191827, NULL),
(210, 1015, 75, '/store/1015/quiz/q5 (4).jpg', 0, 1656191827, NULL),
(211, 1015, 76, NULL, 1, 1656191784, NULL),
(212, 1015, 76, NULL, 0, 1656191784, NULL),
(213, 1015, 76, NULL, 0, 1656191784, NULL),
(214, 1015, 76, NULL, 0, 1656191784, NULL);

-- --------------------------------------------------------

--
-- Table structure for table `quizzes_questions_answer_translations`
--

CREATE TABLE `quizzes_questions_answer_translations` (
  `id` bigint(20) UNSIGNED NOT NULL,
  `quizzes_questions_answer_id` int(10) UNSIGNED NOT NULL,
  `locale` varchar(255) NOT NULL,
  `title` text DEFAULT NULL
) ENGINE=InnoDB DEFAULT CHARSET=utf8mb4 COLLATE=utf8mb4_unicode_ci;

--
-- Dumping data for table `quizzes_questions_answer_translations`
--

INSERT INTO `quizzes_questions_answer_translations` (`id`, `quizzes_questions_answer_id`, `locale`, `title`) VALUES
(17, 83, 'en', 'Paris'),
(18, 84, 'en', 'Berlin'),
(19, 85, 'en', 'London'),
(20, 86, 'en', 'New York'),
(21, 87, 'en', 'Spring'),
(22, 88, 'en', 'Summer'),
(23, 89, 'en', 'Winter'),
(24, 90, 'en', 'autumn'),
(25, 91, 'en', '15'),
(26, 92, 'en', '12'),
(27, 93, 'en', '6'),
(28, 94, 'en', '3'),
(29, 99, 'en', '50 cm'),
(30, 100, 'en', '200 cm'),
(31, 101, 'en', '1000 cm'),
(32, 102, 'en', '100 cm'),
(33, 103, 'en', '1000'),
(34, 104, 'en', '100'),
(35, 105, 'en', '500'),
(36, 106, 'en', '10'),
(37, 107, 'en', '5'),
(38, 108, 'en', '2'),
(39, 109, 'en', '7'),
(40, 110, 'en', '9'),
(41, 111, 'en', '4'),
(42, 112, 'en', '6'),
(43, 113, 'en', '2'),
(44, 114, 'en', '5'),
(45, 115, 'en', NULL),
(46, 116, 'en', NULL),
(47, 117, 'en', NULL),
(48, 118, 'en', NULL),
(49, 119, 'en', NULL),
(50, 120, 'en', NULL),
(51, 121, 'en', NULL),
(52, 122, 'en', NULL),
(53, 123, 'en', NULL),
(54, 124, 'en', NULL),
(55, 125, 'en', NULL),
(56, 126, 'en', NULL),
(57, 127, 'en', NULL),
(58, 128, 'en', NULL),
(59, 129, 'en', NULL),
(60, 130, 'en', NULL),
(61, 131, 'en', NULL),
(62, 132, 'en', NULL),
(63, 133, 'en', NULL),
(64, 134, 'en', NULL),
(65, 135, 'en', NULL),
(66, 136, 'en', NULL),
(67, 137, 'en', NULL),
(68, 138, 'en', NULL),
(69, 139, 'en', NULL),
(70, 140, 'en', NULL),
(71, 141, 'en', NULL),
(72, 142, 'en', NULL),
(73, 143, 'en', NULL),
(74, 144, 'en', NULL),
(75, 145, 'en', NULL),
(76, 146, 'en', NULL),
(77, 147, 'en', NULL),
(78, 148, 'en', NULL),
(79, 149, 'en', NULL),
(80, 150, 'en', NULL),
(81, 151, 'en', NULL),
(82, 152, 'en', NULL),
(83, 153, 'en', NULL),
(84, 154, 'en', NULL),
(85, 155, 'en', 'Paris'),
(86, 156, 'en', 'Berlin'),
(87, 157, 'en', 'New York'),
(88, 158, 'en', 'London'),
(89, 159, 'en', '6'),
(90, 160, 'en', '3'),
(91, 161, 'en', '15'),
(92, 162, 'en', '12'),
(93, 163, 'en', '50'),
(94, 164, 'en', '1000'),
(95, 165, 'en', '10'),
(96, 166, 'en', '100'),
(97, 167, 'en', '100'),
(98, 168, 'en', '10'),
(99, 169, 'en', '1000'),
(100, 170, 'en', '500'),
(101, 171, 'en', NULL),
(102, 172, 'en', NULL),
(103, 173, 'en', NULL),
(104, 174, 'en', NULL),
(105, 175, 'en', NULL),
(106, 176, 'en', NULL),
(107, 177, 'en', NULL),
(108, 178, 'en', NULL),
(109, 179, 'en', NULL),
(110, 180, 'en', NULL),
(111, 181, 'en', NULL),
(112, 182, 'en', NULL),
(113, 183, 'en', NULL),
(114, 184, 'en', NULL),
(115, 185, 'en', NULL),
(116, 186, 'en', NULL),
(117, 187, 'en', NULL),
(118, 188, 'en', NULL),
(119, 189, 'en', NULL),
(120, 190, 'en', NULL),
(121, 191, 'en', NULL),
(122, 192, 'en', NULL),
(123, 193, 'en', NULL),
(124, 194, 'en', NULL),
(125, 195, 'en', NULL),
(126, 196, 'en', NULL),
(127, 197, 'en', NULL),
(128, 198, 'en', NULL),
(129, 199, 'en', NULL),
(130, 200, 'en', NULL),
(131, 201, 'en', NULL),
(132, 202, 'en', NULL),
(133, 203, 'en', NULL),
(134, 204, 'en', NULL),
(135, 205, 'en', NULL),
(136, 206, 'en', NULL),
(137, 207, 'en', NULL),
(138, 208, 'en', NULL),
(139, 209, 'en', NULL),
(140, 210, 'en', NULL),
(141, 211, 'en', 'Latest version of Linux was 15 in 2020'),
(142, 212, 'en', 'Latest version of Linux was 12 in 2019'),
(143, 213, 'en', 'Latest version of Linux was 13 in 2020'),
(144, 214, 'en', 'Latest version of Linux was 10 in 2019');

-- --------------------------------------------------------

--
-- Table structure for table `quizzes_results`
--

CREATE TABLE `quizzes_results` (
  `id` int(10) UNSIGNED NOT NULL,
  `quiz_id` int(10) UNSIGNED NOT NULL,
  `user_id` int(10) UNSIGNED NOT NULL,
  `results` text DEFAULT NULL,
  `user_grade` int(11) DEFAULT NULL,
  `status` enum('passed','failed','waiting') NOT NULL,
  `created_at` int(11) NOT NULL
) ENGINE=InnoDB DEFAULT CHARSET=utf8mb4 COLLATE=utf8mb4_unicode_ci ROW_FORMAT=DYNAMIC;

--
-- Dumping data for table `quizzes_results`
--

INSERT INTO `quizzes_results` (`id`, `quiz_id`, `user_id`, `results`, `user_grade`, `status`, `created_at`) VALUES
(24, 33, 995, '{\"56\":{\"answer\":\"135\",\"status\":true,\"grade\":\"20\"},\"57\":{\"answer\":\"142\",\"status\":false,\"grade\":\"20\"},\"58\":{\"answer\":\"145\",\"status\":false,\"grade\":\"20\"},\"59\":{\"answer\":\"148\",\"status\":false,\"grade\":\"20\"},\"60\":{\"answer\":\"152\",\"status\":true,\"grade\":\"20\"},\"attempt_number\":\"1\"}', 40, 'failed', 1625997180),
(25, 30, 995, '{\"46\":{\"answer\":\"107\",\"status\":true,\"grade\":\"20\"},\"47\":{\"answer\":\"Look for technologies that improve collaboration and enhance the meeting experience. Meeting attendees may be calling in from around the block\\u2014or around the world. Whatever the case, your goal is to make people feel like they are together in the same room.\",\"status\":false,\"grade\":\"20\"},\"48\":{\"answer\":\"Make sure people come to the meeting prepared. Yes, this will require effort beyond simply scheduling the call, but you\\u2019ll reap enormous benefits if you distribute agendas and other relevant materials to attendees ahead of time. Work smart and leverage technology to help you prep meeting content.\",\"status\":false,\"grade\":\"20\"},\"49\":{\"answer\":\"Preserve content so it doesn\'t need to be repeated. Many of our survey respondents reported that they have a huge problem with content persistence (meaning that they have trouble making sure that files, video, web pages, whiteboards, annotations, etc., exist after a meeting ends).\",\"status\":false,\"grade\":\"20\"},\"50\":{\"answer\":\"112\",\"status\":true,\"grade\":\"20\"},\"attempt_number\":\"1\"}', 40, 'waiting', 1625997328),
(28, 28, 995, '{\"40\":{\"answer\":\"83\",\"status\":true,\"grade\":\"20\"},\"41\":{\"answer\":\"89\",\"status\":true,\"grade\":\"20\"},\"42\":{\"answer\":\"92\",\"status\":true,\"grade\":\"20\"},\"44\":{\"answer\":\"102\",\"status\":true,\"grade\":\"20\"},\"45\":{\"answer\":\"104\",\"status\":false,\"grade\":\"20\"},\"attempt_number\":\"1\"}', 80, 'passed', 1626213083),
(29, 33, 996, '{\"56\":{\"answer\":\"135\",\"status\":true,\"grade\":\"20\"},\"57\":{\"answer\":\"142\",\"status\":false,\"grade\":\"20\"},\"58\":{\"answer\":\"143\",\"status\":true,\"grade\":\"20\"},\"59\":{\"answer\":\"149\",\"status\":true,\"grade\":\"20\"},\"60\":{\"answer\":\"152\",\"status\":true,\"grade\":\"20\"},\"attempt_number\":\"1\"}', 80, 'passed', 1626237574),
(30, 34, 979, '{\"61\":{\"answer\":\"155\",\"status\":true,\"grade\":\"20\"},\"62\":{\"answer\":\"162\",\"status\":true,\"grade\":\"20\"},\"63\":{\"answer\":\"166\",\"status\":true,\"grade\":\"20\"},\"64\":{\"answer\":\"169\",\"status\":true,\"grade\":\"20\"},\"65\":{\"answer\":\"Ubuntu is a Linux distribution based on Debian and composed mostly of free and open-source software. Ubuntu is officially released in three editions: Desktop, Server, and Core for Internet of things devices and robots. All the editions can run on the computer alone, or in a virtual machine. Wikipedia\",\"status\":true,\"grade\":\"10\"},\"attempt_number\":\"1\"}', 90, 'passed', 1626237968),
(31, 34, 929, '{\"61\":{\"answer\":\"155\",\"status\":true,\"grade\":\"20\"},\"62\":{\"answer\":\"162\",\"status\":true,\"grade\":\"20\"},\"63\":{\"answer\":\"166\",\"status\":true,\"grade\":\"20\"},\"64\":{\"answer\":\"169\",\"status\":true,\"grade\":\"20\"},\"65\":{\"answer\":\"Ubuntu is a Linux distribution based on Debian and composed mostly of free and open-source software. Ubuntu is officially released in three editions: Desktop, Server, and Core for Internet of things devices and robots. All the editions can run on the computer alone, or in a virtual machine.\",\"status\":false,\"grade\":\"20\"},\"attempt_number\":\"1\"}', 80, 'waiting', 1626243488);

-- --------------------------------------------------------

--
-- Table structure for table `quiz_question_translations`
--

CREATE TABLE `quiz_question_translations` (
  `id` bigint(20) UNSIGNED NOT NULL,
  `quizzes_question_id` int(10) UNSIGNED NOT NULL,
  `locale` varchar(255) NOT NULL,
  `title` text NOT NULL,
  `correct` text DEFAULT NULL
) ENGINE=InnoDB DEFAULT CHARSET=utf8mb4 COLLATE=utf8mb4_unicode_ci;

--
-- Dumping data for table `quiz_question_translations`
--

INSERT INTO `quiz_question_translations` (`id`, `quizzes_question_id`, `locale`, `title`, `correct`) VALUES
(1, 40, 'en', 'Where is the French capital?', NULL),
(2, 41, 'en', 'What is the coldest season of the year?', NULL),
(3, 42, 'en', 'How many months is each year?', NULL),
(4, 44, 'en', 'How many centimeters is one meter unit?', NULL),
(5, 45, 'en', 'How many meters is one kilometer unit?', ''),
(6, 46, 'en', 'What is the number of things we should do before the meeting?', NULL),
(7, 47, 'en', 'What should we do during the meeting?', 'Start the meeting promptly on schedule and do not wait for others to arrive. A large amount of professional time is wasted by leaders who wait for more people to arrive before starting a meeting. It may require a change in the culture, but once people know that you start your meetings on time, they will arrive on time.'),
(8, 48, 'en', 'What should we do before the meeting?', 'Make sure people come to the meeting prepared. Yes, this will require effort beyond simply scheduling the call, but you’ll reap enormous benefits if you distribute agendas and other relevant materials to attendees ahead of time. Work smart and leverage technology to help you prep meeting content.'),
(9, 49, 'en', 'What should we do after the meeting?', 'Preserve content so it doesn\'t need to be repeated. Many of our survey respondents reported that they have a huge problem with content persistence (meaning that they have trouble making sure that files, video, web pages, whiteboards, annotations, etc., exist after a meeting ends). The key here is to stop conceiving of meetings as events with a definite beginning and an end. Instead, recognize that meetings are often segments of larger projects and look for technology that can preserve and instantly restore your sessions exactly where you left off.'),
(10, 50, 'en', 'What is the number of things we should do after the meeting?', NULL),
(11, 51, 'en', 'Which photo belongs to France?', NULL),
(12, 52, 'en', 'Which image is about a teacher\'s job?', NULL),
(13, 53, 'en', 'Which image is about a fireman\'s job?', NULL),
(14, 54, 'en', 'Which animal lives in water?', NULL),
(15, 55, 'en', 'Which image is autumn?', NULL),
(16, 56, 'en', 'Which photo belongs to France?', NULL),
(17, 57, 'en', 'Which image is about a teacher\'s job?', NULL),
(18, 58, 'en', 'Which image is about a fireman\'s job?', NULL),
(19, 59, 'en', 'Which animal lives in water?', NULL),
(20, 60, 'en', 'Which image is autumn?', NULL),
(21, 61, 'en', 'Where is the French capital?', ''),
(22, 62, 'en', 'How many months is each year?', NULL),
(23, 63, 'en', 'How many centimeters is one meter unit?', NULL),
(24, 64, 'en', 'How many meters is one kilometer unit?', NULL),
(25, 65, 'en', 'Please explain about Ubuntu versions of Linux?', 'Ubuntu is probably the most well-known Linux distribution. Ubuntu is based on Debian, but it has its own software repositories. Much of the software in these repositories is synced from Debian’s repositories.\r\n\r\nThe Ubuntu project has a focus on providing a solid desktop (and server) experience, and it isn’t afraid to build its own custom technology to do it. Ubuntu used to use the GNOME 2 desktop environment, but it now uses its own Unity desktop environment. Ubuntu is even building its own Mir graphical server while other distributions are working on the Wayland.'),
(26, 66, 'en', 'Which photo belongs to France?', NULL),
(27, 67, 'en', 'Which image is about a teacher\'s job?', NULL),
(28, 68, 'en', 'Which image is about a fireman\'s job?', NULL),
(29, 69, 'en', 'Which animal lives in water?', NULL),
(30, 70, 'en', 'Which image is autumn?', NULL),
(31, 71, 'en', 'Which photo belongs to France?', NULL),
(32, 72, 'en', 'Which image is about a teacher\'s job?', NULL),
(33, 73, 'en', 'Which image is about a fireman\'s job?', NULL),
(34, 74, 'en', 'Which animal lives in water?', NULL),
(35, 75, 'en', 'Which image is autumn?', NULL),
(36, 76, 'en', 'Please watch the video and select the correct answer', NULL);

-- --------------------------------------------------------

--
-- Table structure for table `quiz_translations`
--

CREATE TABLE `quiz_translations` (
  `id` bigint(20) UNSIGNED NOT NULL,
  `quiz_id` int(10) UNSIGNED NOT NULL,
  `locale` varchar(255) NOT NULL,
  `title` text NOT NULL,
  `description` text DEFAULT NULL
) ENGINE=InnoDB DEFAULT CHARSET=utf8mb4 COLLATE=utf8mb4_unicode_ci;

--
-- Dumping data for table `quiz_translations`
--

INSERT INTO `quiz_translations` (`id`, `quiz_id`, `locale`, `title`, `description`) VALUES
(1, 28, 'en', 'Elementary Quiz', 'Identify your product management knowledge level with this placement quiz to begin the course at the right stage.'),
(2, 30, 'en', 'First Quiz', 'Measure your team management knowledge with this evaluation quiz to review skills and strategies learned during training.'),
(3, 31, 'en', 'Placement Quiz', 'Determine your current AngularJS knowledge with this placement quiz to start the course at the right level.'),
(4, 32, 'en', 'Midterm Quiz', 'Assess your developing active listening skills with this mid-term quiz to reinforce techniques learned during the course.'),
(5, 33, 'en', 'Midterm Quiz', 'Check your progress and understanding of key Excel concepts with this mid-term quiz during the course.'),
(6, 34, 'en', 'Final Quiz', 'Validate your Linux skills with this final quiz designed to assess knowledge gained throughout the entire course.'),
(7, 35, 'en', 'Entrance Quiz', 'Test your coding fundamentals with this entrance quiz to assess readiness for our programming course.');

-- --------------------------------------------------------

--
-- Table structure for table `rating`
--

CREATE TABLE `rating` (
  `id` int(10) UNSIGNED NOT NULL,
  `webinar_id` int(10) UNSIGNED NOT NULL,
  `user_id` int(10) UNSIGNED NOT NULL,
  `creator_id` int(10) UNSIGNED NOT NULL,
  `rate` int(10) UNSIGNED NOT NULL
) ENGINE=InnoDB DEFAULT CHARSET=utf8mb4 COLLATE=utf8mb4_unicode_ci ROW_FORMAT=DYNAMIC;

-- --------------------------------------------------------

--
-- Table structure for table `regions`
--

CREATE TABLE `regions` (
  `id` int(10) UNSIGNED NOT NULL,
  `country_id` int(10) UNSIGNED DEFAULT NULL,
  `province_id` int(10) UNSIGNED DEFAULT NULL,
  `city_id` int(10) UNSIGNED DEFAULT NULL,
  `geo_center` point DEFAULT NULL,
  `type` enum('country','province','city','district') NOT NULL,
  `title` varchar(255) NOT NULL,
  `created_at` int(10) UNSIGNED NOT NULL
) ENGINE=InnoDB DEFAULT CHARSET=utf8mb4 COLLATE=utf8mb4_unicode_ci;

--
-- Dumping data for table `regions`
--

INSERT INTO `regions` (`id`, `country_id`, `province_id`, `city_id`, `geo_center`, `type`, `title`, `created_at`) VALUES
(16, NULL, NULL, NULL, 0x000000000101000000502c37a3fd2748400000000000910440, 'country', 'France', 1646175250),
(17, NULL, NULL, NULL, 0x000000000101000000cc4c51ad1a29374000000000509c5340, 'country', 'India', 1646045215),
(18, NULL, NULL, NULL, 0x000000000101000000fc87794512fd434000000000787e58c0, 'country', 'United States', 1646208799),
(19, NULL, NULL, NULL, 0x000000000101000000c399e9d9582130400000000040da3240, 'country', 'Chad', 1646045318),
(20, NULL, NULL, NULL, 0x000000000101000000c914e2b7f634384000000000e0634640, 'country', 'Saudi Arabia', 1646045651),
(21, 16, NULL, NULL, 0x000000000101000000b7417d8d9700484000000000c01709c0, 'province', 'Brittany', 1646175600),
(22, 16, NULL, NULL, 0x000000000101000000c28d5422c26d484000000000e0b20240, 'province', 'Île-de-France', 1646176998),
(23, 16, 22, NULL, 0x00000000010100000043242b8d136e4840f6ffffff3dcd0240, 'city', 'Paris', 1646177038),
(24, 16, 22, 23, 0x000000000101000000f4056521416f4840f7ffff7f315a0240, 'district', 'Chaillot', 1646177131),
(25, 16, 22, 23, 0x000000000101000000fecb2c1406684840f9ffff7f26fc0140, 'district', 'Le val', 1646177195),
(26, 16, 22, 23, 0x000000000101000000da05b69e8a6d484008000000cd2e0340, 'district', 'Charonne', 1646177249),
(27, 17, NULL, NULL, 0x00000000010100000032073e5acab03c4004000000934a5340, 'province', 'Delhi', 1646177430),
(28, 17, NULL, NULL, 0x000000000101000000e7331bb0e31333400200008025395240, 'province', 'Maharashtra', 1646177529),
(29, 17, 27, NULL, 0x0000000001010000004ea45133209e3c4002000050f54c5340, 'city', 'New Delhi', 1646177585),
(30, 17, 28, NULL, 0x0000000001010000000fd66a9d27f13240040000305b355240, 'city', 'Mumbai', 1646177660),
(31, 20, NULL, NULL, 0x0000000001010000005aa3dd6a75923840070000004acf4340, 'province', 'Medina', 1646207588),
(32, 20, 31, NULL, 0x0000000001010000007522ebce077938400500005028ce4340, 'city', 'Medina', 1646207641),
(33, 20, NULL, NULL, 0x000000000101000000f87d72b19dd33840000000007c5d4740, 'province', 'Riyadh', 1646207846),
(34, 20, 33, NULL, 0x0000000001010000003352eaadc2a23840050000207c5b4740, 'city', 'Riyadh', 1646207899),
(35, 17, 27, 29, 0x000000000101000000677eaddc83933c40000000f4e44f5340, 'district', 'Jal vihar', 1646208038),
(36, 17, 27, 29, 0x0000000001010000000c564b253b8f3c40030000f4f54d5340, 'district', 'Anand lok', 1646208100),
(37, 17, 28, 30, 0x000000000101000000744a1102cef732400000003c9b345240, 'district', 'Tardeo', 1646208151),
(38, 17, 28, 30, 0x000000000101000000e1347d6ea4ed32400000009235355240, 'district', 'Kala ghoda', 1646208227),
(39, 17, 28, 30, 0x0000000001010000007f59b3f397003340feffffa36f345240, 'district', 'Nehru nagar', 1646208287),
(40, 20, 31, 32, 0x0000000001010000009f9a107be67a3840fcfffff32bcc4340, 'district', 'Al fath', 1646208357),
(41, 20, 31, 32, 0x0000000001010000004a9335c11e7c384001000084fbd54340, 'district', 'Al mabuth', 1646208449),
(42, 20, 33, 34, 0x000000000101000000ecdbbe5e4ca438400400001821554740, 'district', 'Al rafiah', 1646208501),
(43, 20, 33, 34, 0x00000000010100000047a393f74fa83840fdffff8f195d4740, 'district', 'Al malaz', 1646208541),
(44, 20, 33, 34, 0x000000000101000000b3cc5d99029b384004000090d3574740, 'district', 'Sultanah', 1646208741),
(45, 18, NULL, NULL, 0x0000000001010000008a421c62479242402300000002ef5dc0, 'province', 'California', 1646208923),
(46, 18, NULL, NULL, 0x00000000010100000073bb0212f86a4540000000006add52c0, 'province', 'New York', 1646209125),
(47, 18, 45, NULL, 0x000000000101000000c0eb475b13e44240e2ffffafd29a5ec0, 'city', 'San Francisco', 1646209213),
(48, 18, 45, NULL, 0x000000000101000000996d3806e37c4240f8fffff7ee815ec0, 'city', 'Santa Cruz', 1646209310),
(49, 18, 46, NULL, 0x0000000001010000002ff3954dd15d4440020000504b7f52c0, 'city', 'New York', 1646209459),
(50, 18, 46, NULL, 0x00000000010100000035c4cc6279534540000000b85b7052c0, 'city', 'Albany', 1646209552),
(51, 18, 45, 47, 0x0000000001010000003aeafdd6abe04240faffffd7b49f5ec0, 'district', 'Sunset district', 1646209607),
(52, 18, 45, 47, 0x0000000001010000001d646d8c1bdf4240f1ffff57859a5ec0, 'district', 'Bernal heights', 1646209668),
(53, 18, 45, 48, 0x000000000101000000798fe4b88f7b4240220000d4f3825ec0, 'district', 'Westside', 1646209704),
(54, 18, 45, 48, 0x0000000001010000000ea4fdcb187c4240e4ffffdb84805ec0, 'district', 'Seabright', 1646209756),
(55, 18, 46, 49, 0x000000000101000000502d3717765b444003000064278052c0, 'district', 'Civic center', 1646209822),
(56, 18, 46, 49, 0x000000000101000000895ffa4836624440fffffff7687d52c0, 'district', 'Lenox hill', 1646209902),
(57, 18, 46, 50, 0x0000000001010000002a11fd866f5445400400000c7e7252c0, 'district', 'Pine hills', 1646209945),
(58, 18, 46, 50, 0x000000000101000000132a6a90cb5445400400000a557052c0, 'district', 'Arbor hill', 1646209990),
(59, 19, NULL, NULL, 0x000000000101000000e02f3b6e02472840f2ffffff83122e40, 'province', 'N\'Djaména', 1646210607),
(60, 19, 59, NULL, 0x0000000001010000000b5659aeba3d284018000040c4192e40, 'city', 'N\'Djaména', 1646210643),
(61, 19, NULL, NULL, 0x000000000101000000776860c6695021400e00000094103040, 'province', 'Logone Occidental', 1646210813),
(62, 19, 61, NULL, 0x000000000101000000d1cf427b71222140030000a0e2123040, 'city', 'Moundou', 1646210881),
(63, 19, 59, 60, 0x0000000001010000002e2f2cc30d312840e6ffffdf71262e40, 'district', 'Moursal', 1646210978),
(64, 19, 59, 60, 0x0000000001010000009f93ddbcdc392840f1ffff9feb192e40, 'district', 'Blabline', 1646211027),
(65, 19, 61, 62, 0x0000000001010000000b91007923232140f7ffff9732163040, 'district', 'Bornou', 1646211077),
(66, 19, 61, 62, 0x0000000001010000006b07cb49aa192140f6ffffa7650f3040, 'district', 'Dokapti', 1646211168),
(67, 16, 21, NULL, 0x00000000010100000018e23f51690e4840fffffffff1e3fabf, 'city', 'Rennes', 1646295560),
(68, 16, 21, 67, 0x0000000001010000001d2d3bd0140e4840060000009f54fbbf, 'district', 'Moulin du comte', 1646295696);

-- --------------------------------------------------------

--
-- Table structure for table `registration_packages`
--

CREATE TABLE `registration_packages` (
  `id` int(10) UNSIGNED NOT NULL,
  `days` int(10) UNSIGNED NOT NULL,
  `price` double(15,2) UNSIGNED NOT NULL,
  `icon` varchar(255) NOT NULL,
  `role` enum('instructors','organizations') NOT NULL,
  `instructors_count` int(11) DEFAULT NULL,
  `students_count` int(11) DEFAULT NULL,
  `courses_capacity` int(11) DEFAULT NULL,
  `courses_count` int(11) DEFAULT NULL,
  `meeting_count` int(11) DEFAULT NULL,
  `product_count` int(10) UNSIGNED DEFAULT NULL,
  `ai_content_access` tinyint(1) NOT NULL DEFAULT 0,
  `status` enum('disabled','active') NOT NULL,
  `created_at` int(10) UNSIGNED NOT NULL
) ENGINE=InnoDB DEFAULT CHARSET=utf8mb4 COLLATE=utf8mb4_unicode_ci;

--
-- Dumping data for table `registration_packages`
--

INSERT INTO `registration_packages` (`id`, `days`, `price`, `icon`, `role`, `instructors_count`, `students_count`, `courses_capacity`, `courses_count`, `meeting_count`, `product_count`, `ai_content_access`, `status`, `created_at`) VALUES
(1, 30, 99.00, '/store/1/default_images/subscribe_packages/subscribe_icon_1.svg', 'instructors', NULL, NULL, 60, 50, 60, 30, 0, 'active', 1752178583),
(2, 90, 199.00, '/store/1/default_images/subscribe_packages/subscribe_icon_2.svg', 'instructors', NULL, NULL, 80, 60, 80, 40, 0, 'active', 1752178603),
(3, 180, 400.00, '/store/1/default_images/subscribe_packages/subscribe_icon_2.svg', 'instructors', NULL, NULL, 100, 80, 100, 60, 0, 'active', 1752178623),
(4, 30, 200.00, '/store/1/default_images/subscribe_packages/subscribe_icon_1.svg', 'organizations', 5, 50, 40, 10, 30, NULL, 0, 'active', 1749394134),
(5, 90, 400.00, '/store/1/default_images/subscribe_packages/subscribe_icon_2.svg', 'organizations', 10, 100, 70, 20, 50, NULL, 0, 'active', 1749394152),
(6, 180, 600.00, '/store/1/default_images/subscribe_packages/subscribe_icon_3.svg', 'organizations', 30, 300, 150, 50, 100, NULL, 0, 'active', 1749394185);

-- --------------------------------------------------------

--
-- Table structure for table `registration_packages_translations`
--

CREATE TABLE `registration_packages_translations` (
  `id` bigint(20) UNSIGNED NOT NULL,
  `registration_package_id` int(10) UNSIGNED NOT NULL,
  `locale` varchar(255) NOT NULL,
  `title` varchar(255) NOT NULL,
  `description` varchar(255) DEFAULT NULL
) ENGINE=InnoDB DEFAULT CHARSET=utf8mb4 COLLATE=utf8mb4_unicode_ci;

--
-- Dumping data for table `registration_packages_translations`
--

INSERT INTO `registration_packages_translations` (`id`, `registration_package_id`, `locale`, `title`, `description`) VALUES
(1, 1, 'en', 'Basic', 'Suggested for starter instructors.'),
(2, 2, 'en', 'Pro', 'Suggested for professional instructors.'),
(3, 3, 'en', 'Premium', 'Suggested for expert instructors.'),
(4, 4, 'en', 'Basic', 'Suggested for small organizations'),
(5, 5, 'en', 'Pro', 'Suggested for medium organizations'),
(6, 6, 'en', 'Premium', 'Suggested for big organizations');

-- --------------------------------------------------------

--
-- Table structure for table `related_courses`
--

CREATE TABLE `related_courses` (
  `id` int(10) UNSIGNED NOT NULL,
  `creator_id` int(10) UNSIGNED DEFAULT NULL,
  `targetable_id` int(10) UNSIGNED NOT NULL,
  `targetable_type` varchar(255) NOT NULL,
  `course_id` int(10) UNSIGNED NOT NULL,
  `order` int(10) UNSIGNED DEFAULT NULL
) ENGINE=InnoDB DEFAULT CHARSET=utf8mb4 COLLATE=utf8mb4_general_ci;

-- --------------------------------------------------------

--
-- Table structure for table `related_posts`
--

CREATE TABLE `related_posts` (
  `id` int(10) UNSIGNED NOT NULL,
  `targetable_id` int(11) NOT NULL,
  `targetable_type` varchar(255) NOT NULL,
  `post_id` int(10) UNSIGNED NOT NULL,
  `order` int(11) DEFAULT NULL
) ENGINE=InnoDB DEFAULT CHARSET=utf8mb4 COLLATE=utf8mb4_general_ci;

-- --------------------------------------------------------

--
-- Table structure for table `related_products`
--

CREATE TABLE `related_products` (
  `id` int(10) UNSIGNED NOT NULL,
  `targetable_id` int(10) UNSIGNED NOT NULL,
  `targetable_type` varchar(255) NOT NULL,
  `product_id` int(10) UNSIGNED NOT NULL,
  `order` int(10) UNSIGNED DEFAULT NULL
) ENGINE=InnoDB DEFAULT CHARSET=utf8mb4 COLLATE=utf8mb4_general_ci;

-- --------------------------------------------------------

--
-- Table structure for table `rewards`
--

CREATE TABLE `rewards` (
  `id` int(10) UNSIGNED NOT NULL,
  `type` enum('account_charge','create_classes','buy','pass_the_quiz','certificate','comment','register','review_courses','instructor_meeting_reserve','student_meeting_reserve','newsletters','badge','referral','learning_progress_100','charge_wallet','buy_store_product','pass_assignment','send_post_in_topic','make_topic','create_blog_by_instructor','comment_for_instructor_blog') NOT NULL,
  `score` int(10) UNSIGNED DEFAULT NULL,
  `condition` varchar(255) DEFAULT NULL,
  `status` enum('active','disabled') NOT NULL,
  `created_at` bigint(20) UNSIGNED NOT NULL
) ENGINE=InnoDB DEFAULT CHARSET=utf8mb4 COLLATE=utf8mb4_unicode_ci;

--
-- Dumping data for table `rewards`
--

INSERT INTO `rewards` (`id`, `type`, `score`, `condition`, `status`, `created_at`) VALUES
(3, 'charge_wallet', 50, '150', 'active', 1641205067),
(4, 'account_charge', 50, '100', 'active', 1641369989),
(5, 'badge', NULL, NULL, 'active', 1641300755),
(6, 'create_classes', 50, NULL, 'active', 1641369921),
(7, 'buy', 50, '10', 'active', 1641369938),
(8, 'pass_the_quiz', 50, NULL, 'active', 1641369947),
(9, 'certificate', 30, NULL, 'active', 1641369955),
(10, 'comment', 5, NULL, 'active', 1641369968),
(11, 'register', 5, NULL, 'active', 1641370008),
(12, 'review_courses', 15, NULL, 'active', 1641370016),
(13, 'instructor_meeting_reserve', 30, NULL, 'active', 1641370026),
(14, 'student_meeting_reserve', 30, NULL, 'active', 1641370036),
(15, 'newsletters', 10, NULL, 'active', 1641370050),
(16, 'referral', 5, NULL, 'active', 1641370059),
(18, 'learning_progress_100', 20, NULL, 'active', 1641372957),
(19, 'buy_store_product', 50, '26', 'active', 1648277874),
(20, 'pass_assignment', 50, NULL, 'active', 1649247227),
(21, 'make_topic', 1, NULL, 'active', 1650548269),
(22, 'send_post_in_topic', 1, NULL, 'active', 1650548278),
(23, 'create_blog_by_instructor', 5, NULL, 'active', 1650788324),
(24, 'comment_for_instructor_blog', 3, NULL, 'active', 1650788336);

-- --------------------------------------------------------

--
-- Table structure for table `rewards_accounting`
--

CREATE TABLE `rewards_accounting` (
  `id` int(10) UNSIGNED NOT NULL,
  `user_id` int(10) UNSIGNED NOT NULL,
  `item_id` int(10) UNSIGNED DEFAULT NULL,
  `type` enum('account_charge','create_classes','buy','pass_the_quiz','certificate','comment','register','review_courses','instructor_meeting_reserve','student_meeting_reserve','newsletters','badge','referral','learning_progress_100','charge_wallet','withdraw','buy_store_product','pass_assignment','send_post_in_topic','make_topic','create_blog_by_instructor','comment_for_instructor_blog') NOT NULL,
  `score` int(10) UNSIGNED NOT NULL,
  `status` enum('addiction','deduction') NOT NULL,
  `created_at` bigint(20) UNSIGNED NOT NULL
) ENGINE=InnoDB DEFAULT CHARSET=utf8mb4 COLLATE=utf8mb4_unicode_ci;

--
-- Dumping data for table `rewards_accounting`
--

INSERT INTO `rewards_accounting` (`id`, `user_id`, `item_id`, `type`, `score`, `status`, `created_at`) VALUES
(1, 867, 2006, 'create_classes', 50, 'addiction', 1645726175),
(2, 929, 1999, 'create_classes', 50, 'addiction', 1645726209),
(3, 1015, 2008, 'create_classes', 50, 'addiction', 1646127156),
(4, 995, 2005, 'learning_progress_100', 20, 'addiction', 1646127296),
(5, 1015, 2009, 'create_classes', 50, 'addiction', 1646172007),
(6, 995, NULL, 'buy', 55, 'addiction', 1646172086),
(7, 996, NULL, 'buy', 50, 'addiction', 1646172123),
(8, 979, NULL, 'buy', 55, 'addiction', 1646172159),
(9, 929, NULL, 'buy', 55, 'addiction', 1646172296),
(10, 867, 2000, 'create_classes', 50, 'addiction', 1646172395),
(11, 979, 23, 'badge', 15, 'addiction', 1646245104),
(12, 1015, 23, 'badge', 15, 'addiction', 1646254479),
(13, 1015, 26, 'badge', 30, 'addiction', 1646254480),
(14, 1015, 29, 'badge', 50, 'addiction', 1646254480),
(15, 1015, 32, 'badge', 50, 'addiction', 1646254481),
(16, 1015, 35, 'badge', 20, 'addiction', 1646254481),
(17, 979, 33, 'review_courses', 15, 'addiction', 1646254639),
(18, 864, 23, 'badge', 15, 'addiction', 1646256513),
(19, 864, 24, 'badge', 10, 'addiction', 1646256514),
(20, 870, 23, 'badge', 15, 'addiction', 1646257010),
(21, 870, 24, 'badge', 10, 'addiction', 1646257010),
(22, 870, 29, 'badge', 50, 'addiction', 1646257011),
(23, 870, 31, 'badge', 20, 'addiction', 1646257011),
(24, 870, 35, 'badge', 20, 'addiction', 1646257011),
(25, 867, 23, 'badge', 15, 'addiction', 1646260042),
(26, 867, 26, 'badge', 30, 'addiction', 1646260043),
(27, 867, 29, 'badge', 50, 'addiction', 1646260043),
(28, 867, 31, 'badge', 20, 'addiction', 1646260043),
(29, 867, 35, 'badge', 20, 'addiction', 1646260044),
(30, 1016, 23, 'badge', 15, 'addiction', 1646263056),
(31, 1016, 24, 'badge', 10, 'addiction', 1646263057),
(32, 1016, 29, 'badge', 50, 'addiction', 1646263057),
(33, 1016, 31, 'badge', 20, 'addiction', 1646263057),
(34, 1016, 35, 'badge', 20, 'addiction', 1646263058),
(35, 934, 23, 'badge', 15, 'addiction', 1646263177),
(36, 934, 25, 'badge', 20, 'addiction', 1646263177),
(37, 934, 29, 'badge', 50, 'addiction', 1646263177),
(38, 934, 35, 'badge', 20, 'addiction', 1646263178),
(39, 929, 23, 'badge', 15, 'addiction', 1646263303),
(40, 929, 25, 'badge', 20, 'addiction', 1646263304),
(41, 929, 29, 'badge', 50, 'addiction', 1646263304),
(42, 929, 31, 'badge', 20, 'addiction', 1646263304),
(43, 3, 23, 'badge', 15, 'addiction', 1646263503),
(44, 3, 25, 'badge', 20, 'addiction', 1646263504),
(45, 3, 31, 'badge', 20, 'addiction', 1646263504),
(46, 4, 23, 'badge', 15, 'addiction', 1646263571),
(47, 4, 24, 'badge', 10, 'addiction', 1646263571),
(48, 4, 29, 'badge', 50, 'addiction', 1646263572),
(49, 4, 35, 'badge', 20, 'addiction', 1646263572),
(50, 859, 23, 'badge', 15, 'addiction', 1646263573),
(51, 863, 23, 'badge', 15, 'addiction', 1646263573),
(52, 863, 24, 'badge', 10, 'addiction', 1646263573),
(53, 863, 29, 'badge', 50, 'addiction', 1646263574),
(54, 863, 31, 'badge', 20, 'addiction', 1646263574),
(55, 863, 35, 'badge', 20, 'addiction', 1646263574),
(56, 868, 23, 'badge', 15, 'addiction', 1646287364),
(57, 996, 23, 'badge', 15, 'addiction', 1646290203),
(58, 995, 23, 'badge', 15, 'addiction', 1646302693),
(59, 923, 23, 'badge', 15, 'addiction', 1646326059),
(60, 923, 25, 'badge', 20, 'addiction', 1646326060),
(61, 923, 29, 'badge', 50, 'addiction', 1646326060),
(62, 923, 31, 'badge', 20, 'addiction', 1646326060),
(63, 923, 35, 'badge', 20, 'addiction', 1646326061),
(64, 995, 34, 'review_courses', 15, 'addiction', 1646352844),
(65, 995, NULL, 'buy', 4125, 'addiction', 1646379288),
(66, 995, NULL, 'student_meeting_reserve', 30, 'addiction', 1646379290),
(67, 1017, 22, 'badge', 10, 'addiction', 1646379365),
(68, 930, 23, 'badge', 15, 'addiction', 1646386699),
(69, 930, NULL, 'buy', 1095, 'addiction', 1646386787),
(70, 859, NULL, 'buy', 1100, 'addiction', 1646387655),
(71, 1017, 1017, 'newsletters', 10, 'addiction', 1646389129),
(72, 4, 2005, 'create_classes', 50, 'addiction', 1646396841),
(73, 929, 2004, 'create_classes', 50, 'addiction', 1646396863),
(74, 1015, 35, 'review_courses', 15, 'addiction', 1646413457),
(75, 1015, 66, 'comment', 5, 'addiction', 1646413662),
(76, 996, 996, 'newsletters', 10, 'addiction', 1646414262),
(77, 1, 23, 'badge', 15, 'addiction', 1655618081),
(78, 1017, 23, 'badge', 15, 'addiction', 1655697087),
(79, 1015, 1, 'make_topic', 1, 'addiction', 1655716308),
(80, 1015, 2, 'make_topic', 1, 'addiction', 1655716703),
(81, 929, 1, 'send_post_in_topic', 1, 'addiction', 1655718839),
(82, 979, 2, 'send_post_in_topic', 1, 'addiction', 1655786658),
(83, 930, 3, 'send_post_in_topic', 1, 'addiction', 1655786705),
(84, 1017, 3, 'make_topic', 1, 'addiction', 1655787049),
(85, 923, 4, 'send_post_in_topic', 1, 'addiction', 1655787619),
(86, 1017, 5, 'send_post_in_topic', 1, 'addiction', 1655787999),
(87, 870, 4, 'make_topic', 1, 'addiction', 1655788542),
(88, 3, 6, 'send_post_in_topic', 1, 'addiction', 1655788607),
(89, 996, 5, 'make_topic', 1, 'addiction', 1655789512),
(90, 930, 7, 'send_post_in_topic', 1, 'addiction', 1655789536),
(91, 859, 8, 'send_post_in_topic', 1, 'addiction', 1655789585),
(92, 923, 6, 'make_topic', 1, 'addiction', 1655790004),
(93, 3, 9, 'send_post_in_topic', 1, 'addiction', 1655790272),
(94, 3, 7, 'make_topic', 1, 'addiction', 1655790607),
(95, 934, 10, 'send_post_in_topic', 1, 'addiction', 1655790650),
(96, 930, 8, 'make_topic', 1, 'addiction', 1655790834),
(97, 929, 11, 'send_post_in_topic', 1, 'addiction', 1655790902),
(98, 870, 12, 'send_post_in_topic', 1, 'addiction', 1655790940),
(99, 995, 9, 'make_topic', 1, 'addiction', 1655791192),
(100, 996, 13, 'send_post_in_topic', 1, 'addiction', 1655791222),
(101, 1015, 14, 'send_post_in_topic', 1, 'addiction', 1655791289),
(102, 3, 15, 'send_post_in_topic', 1, 'addiction', 1655791331),
(103, 929, 26, 'badge', 30, 'addiction', 1655799442),
(104, 929, 2010, 'create_classes', 50, 'addiction', 1655804611),
(105, 996, 36, 'review_courses', 15, 'addiction', 1655877051),
(106, 930, 1, 'pass_assignment', 50, 'addiction', 1655877895),
(107, 995, 1, 'pass_assignment', 50, 'addiction', 1655878435),
(108, 1015, 22, 'badge', 10, 'addiction', 1655907547),
(109, 1019, 21, 'badge', 5, 'addiction', 1655970555),
(110, 930, NULL, 'buy', 275, 'addiction', 1656083262),
(111, 930, 37, 'review_courses', 15, 'addiction', 1656083388),
(112, 1016, 22, 'badge', 10, 'addiction', 1656083787),
(113, 995, 10, 'make_topic', 1, 'addiction', 1656101498),
(114, 995, 16, 'send_post_in_topic', 1, 'addiction', 1656101542),
(115, 1016, 17, 'send_post_in_topic', 1, 'addiction', 1656101670),
(116, 870, 18, 'send_post_in_topic', 1, 'addiction', 1656101717),
(117, 929, 19, 'send_post_in_topic', 1, 'addiction', 1656101751),
(118, 995, 4, 'buy_store_product', 10, 'addiction', 1656103844),
(119, 995, NULL, 'buy', 26, 'addiction', 1656103844),
(120, 995, 38, 'review_courses', 15, 'addiction', 1656103909),
(121, 923, 1, 'buy_store_product', 60, 'addiction', 1656104131),
(122, 923, NULL, 'buy', 156, 'addiction', 1656104131),
(123, 996, NULL, 'buy', 198, 'addiction', 1656130481),
(124, 864, 31, 'badge', 20, 'addiction', 1656130495),
(125, 996, 39, 'review_courses', 15, 'addiction', 1656130578),
(126, 930, 2, 'buy_store_product', 605, 'addiction', 1656130707),
(127, 930, NULL, 'buy', 1573, 'addiction', 1656130707),
(128, 996, 5, 'buy_store_product', 151, 'addiction', 1656130963),
(129, 996, NULL, 'buy', 394, 'addiction', 1656130963),
(130, 979, NULL, 'buy', 44, 'addiction', 1656139703),
(131, 979, NULL, 'buy', 138, 'addiction', 1656139705),
(132, 979, 41, 'review_courses', 15, 'addiction', 1656139797),
(133, 979, 40, 'review_courses', 15, 'addiction', 1656139799),
(134, 1015, 36, 'badge', 5, 'addiction', 1656148218),
(135, 1015, 38, 'badge', 10, 'addiction', 1656148220),
(136, 1017, 38, 'badge', 10, 'addiction', 1656148474),
(137, 1017, 1, 'buy_store_product', 50, 'addiction', 1656148574),
(138, 1017, NULL, 'buy', 130, 'addiction', 1656148574),
(139, 995, 38, 'badge', 10, 'addiction', 1656148637),
(140, 995, 1, 'buy_store_product', 100, 'addiction', 1656148838),
(141, 995, NULL, 'buy', 261, 'addiction', 1656148838),
(142, 1016, 36, 'badge', 5, 'addiction', 1656194232),
(143, 864, 29, 'badge', 50, 'addiction', 1656194599),
(144, 864, 35, 'badge', 20, 'addiction', 1656194599),
(145, 870, 38, 'badge', 10, 'addiction', 1656219366),
(146, 996, 38, 'badge', 10, 'addiction', 1656219590),
(147, 995, 6, 'buy_store_product', 33, 'addiction', 1656322658),
(148, 995, NULL, 'buy', 85, 'addiction', 1656322658),
(149, 923, 38, 'badge', 10, 'addiction', 1656530749),
(150, 995, 2007, 'learning_progress_100', 20, 'addiction', 1656664848),
(151, 995, 6, 'certificate', 30, 'addiction', 1656664855),
(188, 1019, 22, 'badge', 10, 'addiction', 1678904160),
(189, 930, 38, 'badge', 10, 'addiction', 1678908532),
(190, 870, 25, 'badge', 20, 'addiction', 1678911991),
(191, 3, 29, 'badge', 50, 'addiction', 1678912055),
(192, 3, 35, 'badge', 20, 'addiction', 1678912055),
(193, 3, 38, 'badge', 10, 'addiction', 1678912055),
(194, 870, 2022, 'create_classes', 50, 'addiction', 1678912167),
(195, 995, NULL, 'buy', 165, 'addiction', 1678915490),
(196, 979, NULL, 'buy', 165, 'addiction', 1678917767),
(197, 979, NULL, 'buy', 198, 'addiction', 1678919437),
(198, 995, 2004, 'learning_progress_100', 20, 'addiction', 1678919451),
(199, 930, NULL, 'buy', 165, 'addiction', 1678922511),
(200, 995, NULL, 'buy', 110, 'addiction', 1678922691),
(201, 1017, NULL, 'buy', 165, 'addiction', 1678923556),
(202, 979, NULL, 'buy', 165, 'addiction', 1678925790),
(203, 995, NULL, 'buy', 165, 'addiction', 1678925916),
(204, 995, NULL, 'buy', 110, 'addiction', 1678926039),
(205, 995, 1045, 'referral', 5, 'addiction', 1678958778),
(206, 1045, 1045, 'register', 5, 'addiction', 1678958778),
(207, 1045, NULL, 'buy', 550, 'addiction', 1678959222),
(208, 995, 1046, 'referral', 5, 'addiction', 1678959533),
(209, 1046, 1046, 'register', 5, 'addiction', 1678959533),
(210, 995, NULL, 'buy', 165, 'addiction', 1678961006),
(211, 930, NULL, 'buy', 198, 'addiction', 1678961218),
(212, 979, NULL, 'buy', 165, 'addiction', 1678961652),
(213, 1045, 21, 'badge', 5, 'addiction', 1679088389),
(214, 1045, NULL, 'buy', 165, 'addiction', 1679088431),
(215, 995, 42, 'review_courses', 15, 'addiction', 1679093427),
(216, 995, NULL, 'buy', 165, 'addiction', 1685783051),
(217, 930, NULL, 'buy', 165, 'addiction', 1685783153),
(218, 1046, 22, 'badge', 10, 'addiction', 1694849360),
(219, 1015, 1998, 'create_classes', 50, 'addiction', 1694966085),
(220, 1046, 23, 'badge', 15, 'addiction', 1735488034),
(221, 863, 2002, 'create_classes', 50, 'addiction', 1749633580),
(222, 1014, 22, 'create_blog_by_instructor', 5, 'addiction', 1749660553),
(223, 1014, 21, 'create_blog_by_instructor', 5, 'addiction', 1749660581),
(224, 1014, 28, 'create_blog_by_instructor', 5, 'addiction', 1749660614),
(225, 1014, 29, 'create_blog_by_instructor', 5, 'addiction', 1749660640),
(226, 1016, 1995, 'create_classes', 50, 'addiction', 1749663329),
(227, 1014, 23, 'badge', 15, 'addiction', 1749804763),
(228, 1015, 2050, 'create_classes', 50, 'addiction', 1750207874),
(229, 1015, 2060, 'create_classes', 50, 'addiction', 1750207944),
(230, 870, 2055, 'create_classes', 50, 'addiction', 1750208495),
(231, 870, 26, 'badge', 30, 'addiction', 1750208509),
(232, 3, 26, 'badge', 30, 'addiction', 1750208534),
(233, 929, 2052, 'create_classes', 50, 'addiction', 1750208623),
(234, 923, 2053, 'create_classes', 50, 'addiction', 1750208633),
(235, 3, 2054, 'create_classes', 50, 'addiction', 1750208644),
(236, 929, 2061, 'create_classes', 50, 'addiction', 1750208753),
(237, 934, 2059, 'create_classes', 50, 'addiction', 1750208764),
(238, 3, 2058, 'create_classes', 50, 'addiction', 1750208776),
(239, 1016, 2057, 'create_classes', 50, 'addiction', 1750208798),
(240, 864, 2056, 'create_classes', 50, 'addiction', 1750208807),
(241, 923, 26, 'badge', 30, 'addiction', 1750577641),
(242, 934, 26, 'badge', 30, 'addiction', 1750581061),
(243, 934, 2051, 'create_classes', 50, 'addiction', 1750583291),
(244, 1045, 23, 'badge', 15, 'addiction', 1750584161),
(245, 1016, 25, 'badge', 20, 'addiction', 1751190719),
(246, 864, 25, 'badge', 20, 'addiction', 1751237333),
(247, 867, 2007, 'create_classes', 50, 'addiction', 1751701485),
(248, 864, 2003, 'create_classes', 50, 'addiction', 1751703183),
(249, 3, 2001, 'create_classes', 50, 'addiction', 1751703280),
(250, 1015, 1996, 'create_classes', 50, 'addiction', 1751703348),
(251, 934, 1997, 'create_classes', 50, 'addiction', 1751703473),
(252, 1015, NULL, 'buy', 220, 'addiction', 1751723593),
(253, 995, NULL, 'buy', 550, 'addiction', 1751723858),
(254, 995, NULL, 'student_meeting_reserve', 30, 'addiction', 1751723858);

-- --------------------------------------------------------

--
-- Table structure for table `roles`
--

CREATE TABLE `roles` (
  `id` int(10) UNSIGNED NOT NULL,
  `name` varchar(64) NOT NULL,
  `users_count` int(10) UNSIGNED NOT NULL DEFAULT 0,
  `is_admin` tinyint(1) NOT NULL DEFAULT 0,
  `created_at` int(10) UNSIGNED NOT NULL
) ENGINE=InnoDB DEFAULT CHARSET=utf8mb4 COLLATE=utf8mb4_unicode_ci ROW_FORMAT=DYNAMIC;

--
-- Dumping data for table `roles`
--

INSERT INTO `roles` (`id`, `name`, `users_count`, `is_admin`, `created_at`) VALUES
(1, 'user', 0, 0, 1604418504),
(2, 'admin', 0, 1, 1604418504),
(3, 'organization', 0, 0, 1604418504),
(4, 'teacher', 0, 0, 1604418504),
(6, 'education', 0, 1, 1613370817);

-- --------------------------------------------------------

--
-- Table structure for table `role_translations`
--

CREATE TABLE `role_translations` (
  `id` bigint(20) UNSIGNED NOT NULL,
  `role_id` int(10) UNSIGNED NOT NULL,
  `locale` varchar(191) NOT NULL,
  `caption` varchar(255) NOT NULL
) ENGINE=InnoDB DEFAULT CHARSET=utf8mb4 COLLATE=utf8mb4_general_ci;

--
-- Dumping data for table `role_translations`
--

INSERT INTO `role_translations` (`id`, `role_id`, `locale`, `caption`) VALUES
(1, 1, 'en', 'Student'),
(2, 1, 'ar', 'طالب'),
(3, 1, 'es', 'Alumna'),
(4, 2, 'en', 'Admin'),
(5, 2, 'es', 'Administradora'),
(6, 2, 'ar', 'مسؤل'),
(7, 3, 'en', 'Organization'),
(8, 3, 'ar', 'منظمة'),
(9, 3, 'es', 'Organización'),
(10, 4, 'en', 'Instructor'),
(11, 4, 'es', 'Instructora'),
(12, 4, 'ar', 'مدرب'),
(13, 6, 'en', 'Staff'),
(14, 6, 'ar', 'طاقم عمل'),
(15, 6, 'es', 'Personal');

-- --------------------------------------------------------

--
-- Table structure for table `sales`
--

CREATE TABLE `sales` (
  `id` int(10) UNSIGNED NOT NULL,
  `seller_id` int(10) UNSIGNED DEFAULT NULL,
  `buyer_id` int(10) UNSIGNED NOT NULL,
  `order_id` int(10) UNSIGNED DEFAULT NULL,
  `webinar_id` int(10) UNSIGNED DEFAULT NULL,
  `bundle_id` int(10) UNSIGNED DEFAULT NULL,
  `meeting_id` int(10) UNSIGNED DEFAULT NULL,
  `meeting_time_id` int(10) UNSIGNED DEFAULT NULL,
  `subscribe_id` int(10) UNSIGNED DEFAULT NULL,
  `ticket_id` int(10) UNSIGNED DEFAULT NULL,
  `promotion_id` int(10) UNSIGNED DEFAULT NULL,
  `product_order_id` int(10) UNSIGNED DEFAULT NULL,
  `registration_package_id` int(10) UNSIGNED DEFAULT NULL,
  `installment_payment_id` int(10) UNSIGNED DEFAULT NULL,
  `gift_id` int(10) UNSIGNED DEFAULT NULL,
  `payment_method` enum('credit','payment_channel','subscribe') DEFAULT NULL,
  `type` enum('webinar','meeting','subscribe','promotion','registration_package','product','bundle','installment_payment','gift') NOT NULL,
  `amount` decimal(13,2) UNSIGNED NOT NULL,
  `tax` decimal(13,2) UNSIGNED DEFAULT NULL,
  `commission` decimal(13,2) UNSIGNED DEFAULT NULL,
  `discount` decimal(13,2) UNSIGNED DEFAULT NULL,
  `total_amount` decimal(13,2) UNSIGNED DEFAULT NULL,
  `product_delivery_fee` decimal(13,2) UNSIGNED DEFAULT NULL,
  `manual_added` tinyint(1) NOT NULL DEFAULT 0,
  `access_to_purchased_item` tinyint(1) NOT NULL DEFAULT 1,
  `created_at` int(10) UNSIGNED NOT NULL,
  `refund_at` int(10) UNSIGNED DEFAULT NULL
) ENGINE=InnoDB DEFAULT CHARSET=utf8mb4 COLLATE=utf8mb4_unicode_ci ROW_FORMAT=DYNAMIC;

--
-- Dumping data for table `sales`
--

INSERT INTO `sales` (`id`, `seller_id`, `buyer_id`, `order_id`, `webinar_id`, `bundle_id`, `meeting_id`, `meeting_time_id`, `subscribe_id`, `ticket_id`, `promotion_id`, `product_order_id`, `registration_package_id`, `installment_payment_id`, `gift_id`, `payment_method`, `type`, `amount`, `tax`, `commission`, `discount`, `total_amount`, `product_delivery_fee`, `manual_added`, `access_to_purchased_item`, `created_at`, `refund_at`) VALUES
(141, 1015, 996, 307, NULL, NULL, 30, NULL, NULL, NULL, NULL, NULL, NULL, NULL, NULL, 'credit', 'meeting', 150.00, 15.00, 30.00, 0.00, 165.00, NULL, 0, 1, 1625944345, NULL),
(142, 934, 995, 308, NULL, NULL, 31, NULL, NULL, NULL, NULL, NULL, NULL, NULL, NULL, 'credit', 'meeting', 100.00, 10.00, 20.00, 0.00, 110.00, NULL, 0, 1, 1625952627, NULL),
(143, 4, 995, 309, 2005, NULL, NULL, NULL, NULL, NULL, NULL, NULL, NULL, NULL, NULL, 'credit', 'webinar', 10.00, 1.00, 2.00, 0.00, 11.00, NULL, 0, 1, 1625953196, NULL),
(144, 1015, 995, 310, NULL, NULL, 30, NULL, NULL, NULL, NULL, NULL, NULL, NULL, NULL, 'credit', 'meeting', 125.00, 12.50, 25.00, 0.00, 137.50, NULL, 0, 1, 1625996812, NULL),
(145, 1016, 995, NULL, 1995, NULL, NULL, NULL, NULL, NULL, NULL, NULL, NULL, NULL, NULL, 'credit', 'webinar', 0.00, NULL, NULL, NULL, NULL, NULL, 0, 1, 1625996905, NULL),
(146, 929, 995, 311, 1999, NULL, NULL, NULL, NULL, NULL, NULL, NULL, NULL, NULL, NULL, 'credit', 'webinar', 50.00, 5.00, 5.00, 0.00, 55.00, NULL, 0, 1, 1625996941, NULL),
(147, 1015, 995, 312, 1998, NULL, NULL, NULL, NULL, NULL, NULL, NULL, NULL, NULL, NULL, 'credit', 'webinar', 100.00, 5.00, 10.00, 50.00, 55.00, NULL, 0, 1, 1625996978, NULL),
(148, 3, 995, 313, 2001, NULL, NULL, NULL, NULL, NULL, NULL, NULL, NULL, NULL, NULL, 'credit', 'webinar', 20.00, 1.60, 1.60, 4.00, 17.60, NULL, 0, 1, 1625997104, NULL),
(149, 1015, 996, NULL, 1996, NULL, NULL, NULL, NULL, NULL, NULL, NULL, NULL, NULL, NULL, 'credit', 'webinar', 0.00, NULL, NULL, NULL, NULL, NULL, 0, 1, 1626060382, NULL),
(150, 934, 996, NULL, 1997, NULL, NULL, NULL, NULL, NULL, NULL, NULL, NULL, NULL, NULL, 'credit', 'webinar', 0.00, NULL, NULL, NULL, NULL, NULL, 0, 1, 1626060412, NULL),
(151, 867, 996, 314, 2006, NULL, NULL, NULL, NULL, NULL, NULL, NULL, NULL, NULL, NULL, 'credit', 'webinar', 25.00, 2.25, 4.50, 2.50, 24.75, NULL, 0, 1, 1626060487, NULL),
(152, 1015, 996, 315, 1998, NULL, NULL, NULL, NULL, NULL, NULL, NULL, NULL, NULL, NULL, 'credit', 'webinar', 100.00, 4.00, 8.00, 60.00, 44.00, NULL, 0, 1, 1626060552, NULL),
(153, 1015, 979, NULL, 1996, NULL, NULL, NULL, NULL, NULL, NULL, NULL, NULL, NULL, NULL, 'credit', 'webinar', 0.00, NULL, NULL, NULL, NULL, NULL, 0, 1, 1626060740, NULL),
(154, 1015, 930, NULL, 1996, NULL, NULL, NULL, NULL, NULL, NULL, NULL, NULL, NULL, NULL, 'credit', 'webinar', 0.00, NULL, NULL, NULL, NULL, NULL, 0, 1, 1626060773, NULL),
(155, 1015, 930, 316, 1998, NULL, NULL, NULL, NULL, NULL, NULL, NULL, NULL, NULL, NULL, 'credit', 'webinar', 100.00, 5.00, 10.00, 50.00, 55.00, NULL, 0, 1, 1626060835, NULL),
(156, 929, 979, 317, 2004, NULL, NULL, NULL, NULL, NULL, NULL, NULL, NULL, NULL, NULL, 'credit', 'webinar', 60.00, 6.00, 6.00, 0.00, 66.00, NULL, 0, 1, 1626061332, NULL),
(157, 863, 979, 318, 2002, NULL, NULL, NULL, NULL, NULL, NULL, NULL, NULL, NULL, NULL, 'credit', 'webinar', 20.00, 2.00, 4.00, 0.00, 22.00, NULL, 0, 1, 1626061373, NULL),
(158, 867, 979, 318, 2000, NULL, NULL, NULL, NULL, NULL, NULL, NULL, NULL, NULL, NULL, 'credit', 'webinar', 30.00, 3.00, 6.00, 0.00, 33.00, NULL, 0, 1, 1626061374, NULL),
(159, NULL, 995, 319, NULL, NULL, NULL, NULL, 3, NULL, NULL, NULL, NULL, NULL, NULL, 'credit', 'subscribe', 20.00, 2.00, 0.00, NULL, 22.00, NULL, 0, 1, 1626061450, NULL),
(160, 867, 995, NULL, 2006, NULL, NULL, NULL, NULL, NULL, NULL, NULL, NULL, NULL, NULL, 'subscribe', 'webinar', 0.00, NULL, NULL, NULL, 0.00, NULL, 0, 1, 1626061483, NULL),
(161, 929, 995, NULL, 2004, NULL, NULL, NULL, NULL, NULL, NULL, NULL, NULL, NULL, NULL, 'subscribe', 'webinar', 0.00, NULL, NULL, NULL, 0.00, NULL, 0, 0, 1626061490, NULL),
(162, 863, 995, NULL, 2002, NULL, NULL, NULL, NULL, NULL, NULL, NULL, NULL, NULL, NULL, 'subscribe', 'webinar', 0.00, NULL, NULL, NULL, 0.00, NULL, 0, 1, 1626061494, NULL),
(163, 1015, 995, NULL, 1996, NULL, NULL, NULL, NULL, NULL, NULL, NULL, NULL, NULL, NULL, 'credit', 'webinar', 0.00, NULL, NULL, NULL, NULL, NULL, 0, 1, 1626062834, NULL),
(164, 1016, 996, NULL, 1995, NULL, NULL, NULL, NULL, NULL, NULL, NULL, NULL, NULL, NULL, 'credit', 'webinar', 0.00, NULL, NULL, NULL, NULL, NULL, 0, 1, 1626129811, NULL),
(165, 1016, 1015, NULL, 1995, NULL, NULL, NULL, NULL, NULL, NULL, NULL, NULL, NULL, NULL, 'credit', 'webinar', 0.00, NULL, NULL, NULL, NULL, NULL, 0, 1, 1626132407, NULL),
(166, 863, 1015, 321, 2002, NULL, NULL, NULL, NULL, NULL, NULL, NULL, NULL, NULL, NULL, 'credit', 'webinar', 20.00, 1.60, 3.20, 4.00, 17.60, NULL, 0, 1, 1626132844, NULL),
(167, NULL, 929, 323, 2004, NULL, NULL, NULL, NULL, NULL, 3, NULL, NULL, NULL, NULL, 'credit', 'promotion', 50.00, 5.00, 0.00, NULL, 55.00, NULL, 0, 1, 1626241152, NULL),
(168, 864, 929, 324, 2003, NULL, NULL, NULL, NULL, NULL, NULL, NULL, NULL, NULL, NULL, 'credit', 'webinar', 40.00, 3.00, 6.00, 10.00, 33.00, NULL, 0, 1, 1626241212, NULL),
(169, 1015, 929, NULL, 1996, NULL, NULL, NULL, NULL, NULL, NULL, NULL, NULL, NULL, NULL, 'credit', 'webinar', 0.00, NULL, NULL, NULL, NULL, NULL, 0, 1, 1626243340, NULL),
(170, 870, 995, 325, NULL, NULL, 33, NULL, NULL, NULL, NULL, NULL, NULL, NULL, NULL, 'credit', 'meeting', 100.00, 10.00, 20.00, 0.00, 110.00, NULL, 0, 1, 1626247195, 1626247245),
(171, 867, 996, 327, 2000, NULL, NULL, NULL, NULL, NULL, NULL, NULL, NULL, NULL, NULL, 'credit', 'webinar', 30.00, 2.70, 5.40, 3.00, 29.70, NULL, 0, 1, 1626508956, NULL),
(172, 867, 995, NULL, 2007, NULL, NULL, NULL, NULL, NULL, NULL, NULL, NULL, NULL, NULL, 'credit', 'webinar', 0.00, NULL, NULL, NULL, 0.00, NULL, 0, 1, 1635408189, NULL),
(173, 867, 929, 328, 2000, NULL, NULL, NULL, NULL, NULL, NULL, NULL, NULL, NULL, NULL, 'credit', 'webinar', 30.00, 3.00, 6.00, 0.00, 33.00, NULL, 0, 1, 1635412196, NULL),
(174, 867, 1017, 330, 2000, NULL, NULL, NULL, NULL, NULL, NULL, NULL, NULL, NULL, NULL, 'credit', 'webinar', 30.00, 3.00, 6.00, 0.00, 33.00, NULL, 0, 1, 1639379284, NULL),
(175, 1016, 1017, NULL, 1995, NULL, NULL, NULL, NULL, NULL, NULL, NULL, NULL, NULL, NULL, 'credit', 'webinar', 0.00, NULL, NULL, NULL, 0.00, NULL, 0, 1, 1639379336, NULL),
(176, 1015, 1017, 331, 1998, NULL, NULL, NULL, NULL, NULL, NULL, NULL, NULL, NULL, NULL, 'credit', 'webinar', 100.00, 10.00, 20.00, 0.00, 110.00, NULL, 0, 1, 1639379350, NULL),
(177, 864, 1017, 332, 2003, NULL, NULL, NULL, NULL, NULL, NULL, NULL, NULL, NULL, NULL, 'credit', 'webinar', 40.00, 3.00, 6.00, 10.00, 33.00, NULL, 0, 1, 1639379388, NULL),
(178, 1015, 995, NULL, 2008, NULL, NULL, NULL, NULL, NULL, NULL, NULL, NULL, NULL, NULL, 'credit', 'webinar', 0.00, NULL, NULL, NULL, 0.00, NULL, 0, 1, 1646127212, NULL),
(179, 1015, 995, 333, 2009, NULL, NULL, NULL, NULL, NULL, NULL, NULL, NULL, NULL, NULL, 'credit', 'webinar', 10.00, 1.00, 2.00, 0.00, 11.00, NULL, 0, 1, 1646172086, NULL),
(180, 1015, 996, 334, 2009, NULL, NULL, NULL, NULL, NULL, NULL, NULL, NULL, NULL, NULL, 'credit', 'webinar', 10.00, 0.90, 1.80, 1.00, 9.90, NULL, 0, 1, 1646172123, NULL),
(181, 1015, 979, 335, 2009, NULL, NULL, NULL, NULL, NULL, NULL, NULL, NULL, NULL, NULL, 'credit', 'webinar', 10.00, 1.00, 2.00, 0.00, 11.00, NULL, 0, 1, 1646172159, NULL),
(182, 1015, 929, 336, 2009, NULL, NULL, NULL, NULL, NULL, NULL, NULL, NULL, NULL, NULL, 'credit', 'webinar', 10.00, 1.00, 2.00, 0.00, 11.00, NULL, 0, 1, 1646172296, NULL),
(183, 1015, 996, NULL, 2008, NULL, NULL, NULL, NULL, NULL, NULL, NULL, NULL, NULL, NULL, 'credit', 'webinar', 0.00, NULL, NULL, NULL, 0.00, NULL, 0, 1, 1646174000, NULL),
(184, 1015, 1017, NULL, 2008, NULL, NULL, NULL, NULL, NULL, NULL, NULL, NULL, NULL, NULL, 'credit', 'webinar', 0.00, NULL, NULL, NULL, 0.00, NULL, 0, 1, 1646174029, NULL),
(185, 1015, 1016, NULL, 2008, NULL, NULL, NULL, NULL, NULL, NULL, NULL, NULL, NULL, NULL, 'credit', 'webinar', 0.00, NULL, NULL, NULL, 0.00, NULL, 0, 1, 1646326504, NULL),
(186, 1015, 995, 337, NULL, NULL, 30, NULL, NULL, NULL, NULL, NULL, NULL, NULL, NULL, 'credit', 'meeting', 750.00, 75.00, 150.00, 0.00, 825.00, NULL, 0, 1, 1646379288, NULL),
(187, NULL, 930, 339, NULL, NULL, NULL, NULL, NULL, NULL, NULL, NULL, 2, NULL, NULL, 'credit', 'registration_package', 199.00, 19.90, 0.00, NULL, 218.90, NULL, 0, 1, 1646386787, NULL),
(188, NULL, 859, 340, NULL, NULL, NULL, NULL, NULL, NULL, NULL, NULL, 4, NULL, NULL, 'credit', 'registration_package', 200.00, 20.00, 0.00, NULL, 220.00, NULL, 0, 1, 1646387655, NULL),
(189, 929, 995, NULL, 2010, NULL, NULL, NULL, NULL, NULL, NULL, NULL, NULL, NULL, NULL, 'credit', 'webinar', 0.00, NULL, NULL, NULL, 0.00, NULL, 0, 1, 1655872666, NULL),
(190, 929, 996, NULL, 2010, NULL, NULL, NULL, NULL, NULL, NULL, NULL, NULL, NULL, NULL, 'credit', 'webinar', 0.00, NULL, NULL, NULL, 0.00, NULL, 0, 1, 1655875500, NULL),
(191, 929, 930, NULL, 2010, NULL, NULL, NULL, NULL, NULL, NULL, NULL, NULL, NULL, NULL, 'credit', 'webinar', 0.00, NULL, NULL, NULL, 0.00, NULL, 0, 1, 1655877104, NULL),
(192, 1015, 930, 341, NULL, 1, NULL, NULL, NULL, NULL, NULL, NULL, NULL, NULL, NULL, 'credit', 'bundle', 50.00, 5.00, 10.00, 0.00, 55.00, 0.00, 0, 1, 1656083262, NULL),
(193, 1016, 995, 342, NULL, NULL, NULL, NULL, NULL, NULL, NULL, 1, NULL, NULL, NULL, 'credit', 'product', 5.00, 0.25, 1.00, 0.00, 5.25, 0.00, 0, 1, 1656103844, NULL),
(194, 1015, 923, 343, NULL, NULL, NULL, NULL, NULL, NULL, NULL, 2, NULL, NULL, NULL, 'credit', 'product', 25.00, 1.25, 2.50, 0.00, 31.25, 5.00, 0, 1, 1656104131, NULL),
(195, 864, 996, 344, 2003, NULL, NULL, NULL, NULL, NULL, NULL, NULL, NULL, NULL, NULL, 'credit', 'webinar', 40.00, 3.60, 7.20, 4.00, 39.60, 0.00, 0, 1, 1656130481, NULL),
(196, 934, 930, 345, NULL, NULL, NULL, NULL, NULL, NULL, NULL, 3, NULL, NULL, NULL, 'credit', 'product', 290.00, 14.50, 29.00, 0.00, 314.50, 10.00, 0, 1, 1656130707, NULL),
(197, 1015, 996, 346, NULL, NULL, NULL, NULL, NULL, NULL, NULL, 4, NULL, NULL, NULL, 'credit', 'product', 75.00, 3.75, 15.00, 0.00, 78.75, 0.00, 0, 1, 1656130963, NULL),
(198, 934, 979, 347, NULL, 2, NULL, NULL, NULL, NULL, NULL, NULL, NULL, NULL, NULL, 'credit', 'bundle', 8.00, 0.80, 1.60, 0.00, 8.80, 0.00, 0, 1, 1656139703, NULL),
(199, 929, 979, 347, NULL, 3, NULL, NULL, NULL, NULL, NULL, NULL, NULL, NULL, NULL, 'credit', 'bundle', 25.00, 2.50, 5.00, 0.00, 27.50, 0.00, 0, 1, 1656139705, NULL),
(200, 1015, 1017, 348, NULL, NULL, NULL, NULL, NULL, NULL, NULL, 5, NULL, NULL, NULL, 'credit', 'product', 25.00, 1.00, 2.00, 5.00, 26.00, 5.00, 0, 1, 1656148574, NULL),
(201, 1015, 995, 350, NULL, NULL, NULL, NULL, NULL, NULL, NULL, 6, NULL, NULL, NULL, 'credit', 'product', 50.00, 2.25, 4.50, 5.00, 52.25, 5.00, 0, 1, 1656148838, NULL),
(202, 1, 995, 351, NULL, NULL, NULL, NULL, NULL, NULL, NULL, 7, NULL, NULL, NULL, 'credit', 'product', 20.00, 1.00, 4.00, 4.00, 17.00, 0.00, 0, 1, 1656322658, NULL),
(269, 929, 979, 696, NULL, NULL, NULL, NULL, NULL, NULL, NULL, NULL, NULL, NULL, 6, 'credit', 'gift', 60.00, 3.60, 3.60, 24.00, 39.60, 0.00, 0, 1, 1678919437, NULL),
(276, 870, 1045, 703, 2022, NULL, NULL, NULL, NULL, NULL, NULL, NULL, NULL, NULL, NULL, 'credit', 'webinar', 100.00, 10.00, 20.00, 0.00, 110.00, 0.00, 0, 1, 1678959222, NULL),
(278, 929, 930, 705, 2004, NULL, NULL, NULL, NULL, NULL, NULL, NULL, NULL, NULL, NULL, 'credit', 'webinar', 60.00, 3.60, 3.60, 24.00, 39.60, 0.00, 0, 1, 1678961218, NULL),
(280, 867, 1045, 707, 2000, NULL, NULL, NULL, NULL, NULL, NULL, NULL, NULL, NULL, NULL, 'credit', 'webinar', 30.00, 3.00, 6.00, 0.00, 33.00, 0.00, 0, 1, 1679088431, NULL),
(281, NULL, 995, 708, NULL, NULL, NULL, NULL, NULL, NULL, NULL, NULL, NULL, 1, NULL, 'credit', 'installment_payment', 30.00, 3.00, 6.00, 0.00, 33.00, 0.00, 0, 1, 1685783051, NULL),
(282, NULL, 930, 709, NULL, NULL, NULL, NULL, NULL, NULL, NULL, NULL, NULL, 2, NULL, 'credit', 'installment_payment', 30.00, 3.00, 6.00, 0.00, 33.00, 0.00, 0, 1, 1685783153, NULL),
(283, 929, 995, NULL, 2010, NULL, NULL, NULL, NULL, NULL, NULL, NULL, NULL, NULL, NULL, 'credit', 'webinar', 0.00, NULL, NULL, NULL, 0.00, NULL, 0, 1, 1751721627, NULL),
(284, NULL, 1015, 710, NULL, NULL, NULL, NULL, 5, NULL, NULL, NULL, NULL, NULL, NULL, 'credit', 'subscribe', 40.00, 4.00, 0.00, NULL, 44.00, NULL, 0, 1, 1751723593, NULL),
(285, 1015, 995, 711, NULL, NULL, 30, 99, NULL, NULL, NULL, NULL, NULL, NULL, NULL, 'credit', 'meeting', 100.00, 10.00, 30.00, 0.00, 110.00, 0.00, 0, 1, 1751723857, NULL);

-- --------------------------------------------------------

--
-- Table structure for table `sales_log`
--

CREATE TABLE `sales_log` (
  `id` int(10) UNSIGNED NOT NULL,
  `sale_id` int(10) UNSIGNED NOT NULL,
  `viewed_at` int(10) UNSIGNED NOT NULL
) ENGINE=InnoDB DEFAULT CHARSET=utf8mb4 COLLATE=utf8mb4_unicode_ci;

--
-- Dumping data for table `sales_log`
--

INSERT INTO `sales_log` (`id`, `sale_id`, `viewed_at`) VALUES
(1, 173, 1635412221),
(2, 172, 1635412222),
(3, 171, 1635412222),
(4, 170, 1635412222),
(5, 169, 1635412222),
(6, 168, 1635412222),
(7, 167, 1635412222),
(8, 166, 1635412222),
(9, 165, 1635412222),
(10, 164, 1635412222),
(11, 163, 1635412231),
(12, 162, 1635412231),
(13, 161, 1635412231),
(14, 160, 1635412231),
(15, 159, 1635412231),
(16, 158, 1635412231),
(17, 157, 1635412231),
(18, 156, 1635412231),
(19, 155, 1635412231),
(20, 154, 1635412231),
(21, 153, 1635412234),
(22, 152, 1635412234),
(23, 151, 1635412234),
(24, 150, 1635412234),
(25, 149, 1635412234),
(26, 148, 1635412234),
(27, 147, 1635412234),
(28, 146, 1635412234),
(29, 145, 1635412234),
(30, 144, 1635412234),
(31, 143, 1635412235),
(32, 142, 1635412235),
(33, 141, 1635412235),
(34, 184, 1646260033),
(35, 183, 1646260033),
(36, 182, 1646260033),
(37, 181, 1646260033),
(38, 180, 1646260033),
(39, 179, 1646260033),
(40, 178, 1646260033),
(41, 177, 1646260033),
(42, 176, 1646260033),
(43, 175, 1646260033),
(44, 191, 1655970525),
(45, 190, 1655970525),
(46, 189, 1655970525),
(47, 185, 1655970525),
(48, 195, 1656233676),
(126, 199, 1678864379),
(127, 198, 1678864379),
(128, 192, 1678864379),
(129, 188, 1678864379),
(130, 187, 1678864379),
(131, 186, 1678864379),
(132, 174, 1678864399),
(133, 269, 1678925651),
(135, 278, 1679088169),
(137, 276, 1679088169),
(138, 280, 1679090268),
(139, 282, 1749377659),
(140, 281, 1749377659),
(141, 285, 1752178278),
(142, 284, 1752178278),
(143, 283, 1752178278);

-- --------------------------------------------------------

--
-- Table structure for table `sections`
--

CREATE TABLE `sections` (
  `id` int(10) UNSIGNED NOT NULL,
  `name` varchar(64) NOT NULL,
  `section_group_id` int(10) UNSIGNED DEFAULT NULL,
  `caption` varchar(128) NOT NULL,
  `type` enum('admin','panel') NOT NULL DEFAULT 'admin'
) ENGINE=InnoDB DEFAULT CHARSET=utf8mb4 COLLATE=utf8mb4_unicode_ci;



-- --------------------------------------------------------

--
-- Table structure for table `selected_installments`
--

CREATE TABLE `selected_installments` (
  `id` int(10) UNSIGNED NOT NULL,
  `user_id` int(10) UNSIGNED NOT NULL,
  `installment_id` int(10) UNSIGNED NOT NULL,
  `installment_order_id` int(10) UNSIGNED NOT NULL,
  `start_date` bigint(20) UNSIGNED DEFAULT NULL,
  `end_date` bigint(20) UNSIGNED DEFAULT NULL,
  `upfront` double(15,2) DEFAULT NULL,
  `upfront_type` enum('fixed_amount','percent') DEFAULT NULL,
  `created_at` bigint(20) UNSIGNED NOT NULL
) ENGINE=InnoDB DEFAULT CHARSET=utf8mb4 COLLATE=utf8mb4_unicode_ci;

--
-- Dumping data for table `selected_installments`
--

INSERT INTO `selected_installments` (`id`, `user_id`, `installment_id`, `installment_order_id`, `start_date`, `end_date`, `upfront`, `upfront_type`, `created_at`) VALUES
(1, 995, 1, 1, 1672549200, NULL, 30.00, 'percent', 1685783030),
(2, 930, 1, 2, 1672549200, NULL, 30.00, 'percent', 1685783144);

-- --------------------------------------------------------

--
-- Table structure for table `selected_installment_steps`
--

CREATE TABLE `selected_installment_steps` (
  `id` int(10) UNSIGNED NOT NULL,
  `selected_installment_id` int(10) UNSIGNED NOT NULL,
  `installment_step_id` int(10) UNSIGNED NOT NULL,
  `deadline` int(10) UNSIGNED DEFAULT NULL,
  `amount` double(15,2) DEFAULT NULL,
  `amount_type` enum('fixed_amount','percent') DEFAULT NULL
) ENGINE=InnoDB DEFAULT CHARSET=utf8mb4 COLLATE=utf8mb4_unicode_ci;

--
-- Dumping data for table `selected_installment_steps`
--

INSERT INTO `selected_installment_steps` (`id`, `selected_installment_id`, `installment_step_id`, `deadline`, `amount`, `amount_type`) VALUES
(1, 1, 1, 90, 20.00, 'percent'),
(2, 1, 2, 180, 30.00, 'percent'),
(3, 1, 3, 270, 30.00, 'percent'),
(4, 2, 1, 90, 20.00, 'percent'),
(5, 2, 2, 180, 30.00, 'percent'),
(6, 2, 3, 270, 30.00, 'percent');

-- --------------------------------------------------------

--
-- Table structure for table `settings`
--

CREATE TABLE `settings` (
  `id` int(10) UNSIGNED NOT NULL,
  `page` enum('general','financial','personalization','notifications','seo','customization','other','forum','mobile_app') NOT NULL DEFAULT 'other',
  `name` varchar(255) NOT NULL,
  `updated_at` int(11) DEFAULT NULL
) ENGINE=InnoDB DEFAULT CHARSET=utf8mb4 COLLATE=utf8mb4_unicode_ci;

--
-- Dumping data for table `settings`
--

INSERT INTO `settings` (`id`, `page`, `name`, `updated_at`) VALUES
(1, 'seo', 'seo_metas', 1709806236),
(2, 'general', 'socials', 1749661624),
(4, 'other', 'footer', 1632071275),
(5, 'general', 'general', 1754346264),
(6, 'financial', 'financial', 1719771399),
(8, 'personalization', 'home_hero', 1652016269),
(12, 'customization', 'custom_css_js', 1636119881),
(14, 'personalization', 'page_background', 1709889935),
(15, 'personalization', 'home_hero2', 1632223631),
(20, 'other', 'report_reasons', 1632235945),
(22, 'notifications', 'notifications', 1694993271),
(23, 'financial', 'site_bank_accounts', 1617002426),
(24, 'other', 'contact_us', 1749373158),
(25, 'personalization', 'home_sections', 1653226117),
(26, 'other', 'navbar_links', 1750058920),
(27, 'personalization', 'home_video_or_image_box', 1632226618),
(28, 'other', '404', 1749375480),
(29, 'personalization', 'panel_sidebar', 1751187899),
(30, 'financial', 'referral', 1754346481),
(31, 'general', 'features', 1754346341),
(32, 'personalization', 'find_instructors', 1642530710),
(33, 'personalization', 'reward_program', 1645628594),
(34, 'general', 'rewards_settings', 1754345720),
(37, 'financial', 'registration_packages_general', 1754345735),
(38, 'financial', 'registration_packages_instructors', 1754345741),
(39, 'financial', 'registration_packages_organizations', 1754345747),
(40, 'personalization', 'become_instructor_section', 1645345116),
(41, 'general', 'store_settings', 1754345665),
(42, 'personalization', 'theme_colors', 1678865210),
(43, 'personalization', 'forums_section', 1650546951),
(44, 'personalization', 'cookie_settings', 1749398576),
(45, 'personalization', 'mobile_app', 1653489015),
(46, 'personalization', 'theme_fonts', 1677180546),
(47, 'general', 'reminders', 1650982581),
(48, 'other', 'advertising_modal', 1652000772),
(52, 'personalization', 'others_personalization', 1749454423),
(53, 'general', 'security', 1754346355),
(54, 'general', 'installments_settings', 1754345819),
(55, 'general', 'installments_terms_settings', 1679089417),
(56, 'financial', 'currency_settings', 1754346488),
(57, 'personalization', 'statistics', 1678151460),
(58, 'personalization', 'maintenance_settings', 1749403729),
(59, 'general', 'general_options', 1709710542),
(60, 'financial', 'offline_banks_credits', 1676303092),
(61, 'financial', 'offline_banks', 1754346398),
(62, 'general', 'gifts_general_settings', 1754345904),
(63, 'general', 'registration_bonus_settings', 1754345926),
(64, 'general', 'registration_bonus_terms_settings', 1749395309),
(65, 'general', 'ai_contents_settings', 1754345692),
(66, 'general', 'certificate_settings', 1754345509),
(67, 'general', 'abandoned_cart_settings', 1754345857),
(68, 'personalization', 'restriction_settings', 1749402597),
(69, 'financial', 'commission_settings', 1719771535),
(70, 'forum', 'forum_general_settings', 1754345564),
(71, 'forum', 'forum_homepage_settings', 1749364648),
(72, 'forum', 'forum_homepage_revolver_settings', 1749365217),
(73, 'forum', 'forum_cta_section_settings', 1749369024),
(74, 'forum', 'forum_images_settings', 1749372578),
(75, 'other', '500', 1749375468),
(76, 'other', '419', 1749375457),
(77, 'other', '403', 1749375536),
(78, 'general', 'store_featured_products_settings', 1749379429),
(79, 'general', 'instructor_finder_settings', 1749390983),
(80, 'financial', 'referral_how_work', 1749396264),
(81, 'personalization', 'user_dashboard_data', 1749403064),
(82, 'personalization', 'content_review_information', 1751190964),
(83, 'mobile_app', 'mobile_app_general_settings', 1754300386);

-- --------------------------------------------------------

--
-- Table structure for table `setting_translations`
--

CREATE TABLE `setting_translations` (
  `id` bigint(20) UNSIGNED NOT NULL,
  `setting_id` int(10) UNSIGNED NOT NULL,
  `locale` varchar(255) NOT NULL,
  `value` longtext NOT NULL
) ENGINE=InnoDB DEFAULT CHARSET=utf8mb4 COLLATE=utf8mb4_unicode_ci;

--
-- Dumping data for table `setting_translations`
--

INSERT INTO `setting_translations` (`id`, `setting_id`, `locale`, `value`) VALUES
(1, 1, 'en', '{\"home\":{\"title\":\"Home\",\"description\":\"Home Page Description\",\"robot\":\"index\"},\"search\":{\"title\":\"Search\",\"description\":\"Search Page Description\",\"robot\":\"index\"},\"categories\":{\"title\":\"Category\",\"description\":\"Categories Page Description\",\"robot\":\"index\"},\"login\":{\"title\":\"Login\",\"description\":\"Login Page Description\",\"robot\":\"index\"},\"register\":{\"title\":\"Register\",\"description\":\"Register Page Description\",\"robot\":\"index\"},\"about\":{\"title\":\"about page title\",\"description\":\"about page Description\"},\"contact\":{\"title\":\"Contact\",\"description\":\"Contact Page Description\",\"robot\":\"index\"},\"certificate_validation\":{\"title\":\"Certificate validation\",\"description\":\"Certificate Validation Description\",\"robot\":\"index\"},\"classes\":{\"title\":\"Courses\",\"description\":\"Courses page Description\",\"robot\":\"index\"},\"blog\":{\"title\":\"Blog\",\"description\":\"Blog Page Description\",\"robot\":\"index\"},\"instructors\":{\"title\":\"Instructors\",\"description\":\"Instructors Page Description\",\"robot\":\"index\"},\"organizations\":{\"title\":\"Organizations\",\"description\":\"Organizations Page Description\",\"robot\":\"index\"},\"instructor_finder_wizard\":{\"title\":\"Instructor finder wizard\",\"description\":\"Tutor Finder Wizard Description\",\"robot\":\"noindex\"},\"instructor_finder\":{\"title\":\"Instructor finder\",\"description\":\"Tutor Finder Description\",\"robot\":\"index\"},\"reward_courses\":{\"title\":\"Reward courses\",\"description\":\"Reward Courses Description\",\"robot\":\"index\"},\"products_lists\":{\"title\":\"Store Products\",\"description\":\"Store Products Description\",\"robot\":\"noindex\"},\"reward_products\":{\"title\":\"Reward Products\",\"description\":\"Reward Products Description\",\"robot\":\"noindex\"},\"forum\":{\"title\":\"Forums\",\"description\":\"Forums Description\",\"robot\":\"noindex\"},\"upcoming_courses_lists\":{\"title\":\"Upcoming Course\",\"description\":\"Upcoming Courses Description\",\"robot\":\"noindex\"},\"tags\":{\"title\":\"Tags\",\"description\":\"Tags Page Description\",\"robot\":\"noindex\"}}'),
(2, 2, 'en', '{\"Instagram\":{\"title\":\"Instagram\",\"image\":\"\\/store\\/1\\/default_images\\/social\\/instagram.svg\",\"link\":\"https:\\/\\/www.instagram.com\\/\",\"order\":\"1\"},\"Whatsapp\":{\"title\":\"Whatsapp\",\"image\":\"\\/store\\/1\\/default_images\\/social\\/whatsapp.svg\",\"link\":\"https:\\/\\/web.whatsapp.com\\/\",\"order\":\"2\"},\"Twitter\":{\"title\":\"Messenger\",\"image\":\"\\/store\\/1\\/default_images\\/social\\/messenger.svg\",\"link\":\"https:\\/\\/twitter.com\\/\",\"order\":\"3\"},\"Facebook\":{\"title\":\"Facebook\",\"image\":\"\\/store\\/1\\/default_images\\/social\\/facebook.svg\",\"link\":\"https:\\/\\/www.facebook.com\\/\",\"order\":\"4\"}}'),
(4, 5, 'en', '{\"site_name\":\"Rocket LMS\",\"site_email\":\"mailer@rocket-soft.org\",\"site_phone\":\"415-716-1166\",\"site_language\":\"EN\",\"register_method\":\"email\",\"default_time_zone\":\"America\\/New_York\",\"date_format\":\"textual\",\"time_format\":\"24_hours\",\"user_languages\":[\"AR\",\"EN\",\"ES\"],\"rtl_languages\":[\"AR\"],\"fav_icon\":\"\\/store\\/1\\/favicon.png\",\"logo\":\"\\/store\\/1\\/default_images\\/logo.svg\",\"dark_mode_logo\":\"\\/store\\/1\\/default_images\\/logo-dark.svg\",\"rtl_layout\":\"0\",\"preloading\":\"1\",\"hero_section1\":\"0\",\"hero_section2\":\"1\",\"content_translate\":\"0\",\"app_debugbar\":\"0\"}'),
(5, 6, 'en', '{\"tax\":\"10\",\"minimum_payout\":\"50\",\"price_display\":\"only_price\",\"hide_disabled_payment_gateways\":\"0\"}'),
(6, 8, 'en', '{\"title\":\"Joy of learning & teaching...\",\"description\":\"Rocket LMS is a fully-featured educational platform that helps instructors to create and publish video courses, live classes, and text courses and earn money, and helps students to learn in the easiest way.\",\"hero_background\":\"\\/store\\/1\\/default_images\\/hero_1.jpg\"}'),
(7, 12, 'en', '{\"css\":null,\"js\":null}'),
(8, 14, 'en', '{\"admin_login\":\"\\/store\\/1\\/default_images\\/admin_login.jpg\",\"admin_dashboard\":\"\\/store\\/1\\/default_images\\/admin_dashboard.jpg\",\"login\":\"\\/store\\/1\\/default_images\\/front_login.jpg\",\"register\":\"\\/store\\/1\\/default_images\\/front_register.jpg\",\"remember_pass\":\"\\/store\\/1\\/default_images\\/password_recovery.jpg\",\"verification\":\"\\/store\\/1\\/default_images\\/verification.jpg\",\"search\":\"\\/store\\/1\\/default_images\\/search_cover.png\",\"tags\":\"\\/store\\/1\\/default_images\\/search_cover.png\",\"categories\":\"\\/store\\/1\\/default_images\\/category_cover.png\",\"become_instructor\":\"\\/store\\/1\\/default_images\\/become_instructor.jpg\",\"certificate_validation\":\"\\/store\\/1\\/default_images\\/certificate_validation.jpg\",\"blog\":\"\\/store\\/1\\/default_images\\/blogs_cover.png\",\"instructors\":\"\\/store\\/1\\/default_images\\/instructors_cover.png\",\"organizations\":\"\\/store\\/1\\/default_images\\/organizations_cover.png\",\"dashboard\":\"\\/store\\/1\\/dashboard.png\",\"user_cover\":\"\\/store\\/1\\/default_images\\/default_cover.jpg\",\"instructor_finder_wizard\":\"\\/store\\/1\\/default_images\\/instructor_finder_wizard.jpg\",\"products_lists\":\"\\/store\\/1\\/default_images\\/category_cover.png\",\"upcoming_courses_lists\":\"\\/store\\/1\\/default_images\\/category_cover.png\",\"user_default_signature\":\"\\/store\\/1\\/default_images\\/default_signature.jpg\"}'),
(9, 15, 'en', '{\"title\":\"Joy of learning & teaching...\",\"description\":\"Rocket LMS is a fully-featured educational platform that helps instructors to create and publish video courses, live classes, and text courses and earn money, and helps students to learn in the easiest way.\",\"hero_background\":\"\\/assets\\/default\\/img\\/home\\/world.png\",\"hero_vector\":\"\\/store\\/1\\/animated-header.json\",\"has_lottie\":\"1\"}'),
(10, 20, 'en', '[\"Inappropriate Course Content\",\"Inappropriate Behavior\",\"Policy Violation\",\"Spammy Content\",\"Other\"]'),
(11, 22, 'en', '{\"new_comment_admin\":\"7\",\"support_message_admin\":\"10\",\"support_message_replied_admin\":\"11\",\"promotion_plan_admin\":\"29\",\"new_contact_message\":\"26\",\"new_badge\":\"2\",\"change_user_group\":\"3\",\"course_created\":\"4\",\"course_approve\":\"5\",\"course_reject\":\"6\",\"new_comment\":\"7\",\"support_message\":\"8\",\"support_message_replied\":\"9\",\"new_rating\":\"17\",\"webinar_reminder\":\"27\",\"new_financial_document\":\"12\",\"payout_request\":\"13\",\"payout_proceed\":\"14\",\"offline_payment_request\":\"18\",\"offline_payment_approved\":\"19\",\"offline_payment_rejected\":\"20\",\"new_sales\":\"15\",\"new_purchase\":\"16\",\"new_subscribe_plan\":\"21\",\"promotion_plan\":\"28\",\"new_appointment\":\"22\",\"new_appointment_link\":\"23\",\"appointment_reminder\":\"24\",\"meeting_finished\":\"25\",\"new_certificate\":\"30\",\"waiting_quiz\":\"31\",\"waiting_quiz_result\":\"32\",\"payout_request_admin\":\"13\",\"product_new_sale\":\"33\",\"product_new_purchase\":\"34\",\"product_new_comment\":\"35\",\"product_tracking_code\":\"36\",\"product_new_rating\":\"37\",\"product_receive_shipment\":\"38\",\"product_out_of_stock\":\"39\",\"student_send_message\":\"40\",\"instructor_send_message\":\"41\",\"instructor_set_grade\":\"42\",\"send_post_in_topic\":\"44\",\"publish_instructor_blog_post\":\"45\",\"new_comment_for_instructor_blog_post\":\"46\",\"meeting_reserve_reminder\":\"47\",\"subscribe_reminder\":\"48\",\"reminder_gift_to_receipt\":\"52\",\"gift_sender_confirmation\":\"53\",\"gift_sender_notification\":\"54\",\"admin_gift_submission\":\"55\",\"admin_gift_sending_confirmation\":\"56\",\"reminder_installments_before_overdue\":\"57\",\"installment_due_reminder\":\"58\",\"reminder_installments_after_overdue\":\"59\",\"approve_installment_verification_request\":\"60\",\"reject_installment_verification_request\":\"61\",\"paid_installment_step\":\"62\",\"paid_installment_step_for_admin\":\"63\",\"paid_installment_upfront\":\"64\",\"installment_verification_request_sent\":\"65\",\"admin_installment_verification_request_sent\":\"66\",\"instalment_request_submitted\":\"67\",\"instalment_request_submitted_for_admin\":\"68\",\"upcoming_course_submission\":\"69\",\"upcoming_course_submission_for_admin\":\"70\",\"upcoming_course_approved\":\"71\",\"upcoming_course_rejected\":\"72\",\"upcoming_course_published\":\"73\",\"upcoming_course_followed\":\"74\",\"upcoming_course_published_for_followers\":\"75\",\"user_get_cashback\":\"76\",\"user_get_cashback_notification_for_admin\":\"77\",\"bundle_submission\":\"78\",\"bundle_submission_for_admin\":\"79\",\"bundle_approved\":\"80\",\"bundle_rejected\":\"81\",\"new_review_for_bundle\":\"82\",\"registration_bonus_achieved\":\"83\",\"registration_bonus_unlocked\":\"84\",\"registration_bonus_unlocked_for_admin\":\"85\",\"registration_package_activated\":\"86\",\"registration_package_activated_for_admin\":\"87\",\"registration_package_expired\":\"87\",\"contact_message_submission\":\"88\",\"contact_message_submission_for_admin\":\"89\",\"waitlist_submission\":\"90\",\"waitlist_submission_for_admin\":\"91\",\"new_referral_user\":\"92\",\"user_role_change\":\"97\",\"add_to_user_group\":\"98\",\"become_instructor_request_approved\":\"99\",\"become_instructor_request_rejected\":\"100\",\"new_question_in_forum\":\"101\",\"new_answer_in_forum\":\"102\",\"new_appointment_session\":\"103\",\"new_quiz\":\"93\",\"user_get_new_point\":\"94\",\"new_course_notice\":\"96\",\"new_registration\":\"104\",\"new_become_instructor_request\":\"105\",\"new_course_enrollment\":\"106\",\"new_forum_topic\":\"107\",\"new_report_item_for_admin\":\"108\",\"new_item_created\":\"109\",\"new_store_order\":\"110\",\"subscription_plan_activated\":\"111\",\"content_review_request\":\"112\",\"new_user_blog_post\":\"113\",\"new_user_item_rating\":\"114\",\"new_organization_user\":\"115\",\"user_wallet_charge\":\"116\",\"new_user_payout_request\":\"117\",\"new_offline_payment_request\":\"118\",\"user_access_to_content\":\"119\",\"submit_form_by_users\":\"120\"}'),
(12, 23, 'en', '{\"540\":{\"title\":\"Qatar National Bank\",\"image\":\"\\/store\\/1\\/default_images\\/offline_payments\\/Qatar National Bank.png\",\"card_id\":\"2578-4910-3682-6288\",\"account_id\":\"38152294372\",\"iban\":\"QA66QUWW934528129454345775226\"},\"334\":{\"title\":\"State Bank of India\",\"image\":\"\\/store\\/1\\/default_images\\/offline_payments\\/State Bank of India.png\",\"card_id\":\"6282-4518-1237-7641\",\"account_id\":\"56238341127\",\"iban\":\"IN37ABNA2422193788\"},\"jhgDW\":{\"title\":\"JPMorgan\",\"image\":\"\\/store\\/1\\/default_images\\/offline_payments\\/jpmorgan.png\",\"card_id\":\"5012-4518-1772-8911\",\"account_id\":\"46237751125\",\"iban\":\"NL37ABNA2423554788\"}}'),
(13, 24, 'en', '{\"phones\":\"415-716-1166 , 415-716-1167\",\"emails\":\"mail@lms.rocket-soft.org , info@lms.rocket-soft.org\",\"address\":\"4193 Roosevelt Street\\r\\nSan Francisco, CA 94103\\r\\n\\r\\n1812 Downtown Street\\r\\nSan Francisco, CA 94103\",\"latitude\":\"43.46150279436183\",\"longitude\":\"11.854462623596191\",\"map_zoom\":\"16\",\"additional_information_title\":\"Contact Time\",\"additional_information_subtitle\":\"Saturday to Thursday 18-19\\r\\nWe will try to answer messages lastly in 72 hours\",\"additional_information_image\":\"\\/store\\/1\\/themes\\/general\\/contact_icon.png\"}'),
(14, 25, 'en', '{\"latest_classes\":\"1\",\"best_sellers\":\"1\",\"free_classes\":\"1\",\"discount_classes\":\"1\",\"best_rates\":\"1\",\"trend_categories\":\"1\",\"testimonials\":\"1\",\"subscribes\":\"1\",\"blog\":\"1\",\"organizations\":\"1\",\"instructors\":\"1\",\"video_or_image_section\":\"1\",\"find_instructors\":\"1\",\"reward_program\":\"1\"}'),
(15, 26, 'en', '{\"02nh9a\":{\"title\":\"Home\",\"link\":\"\\/\",\"order\":\"1\"},\"1cH2kF\":{\"title\":\"Courses\",\"link\":\"\\/classes?sort=newest\",\"order\":\"2\"},\"gGf8Lv\":{\"title\":\"Instructors\",\"link\":\"\\/instructor-finder\",\"order\":\"3\"},\"Uo5b2v\":{\"title\":\"Store\",\"link\":\"\\/products\",\"order\":\"4\"},\"Wnq5Qb\":{\"title\":\"Forums\",\"link\":\"\\/forums\",\"order\":\"5\"}}'),
(16, 27, 'en', '{\"link\":\"\\/classes\",\"title\":\"Start learning anywhere, anytime...\",\"description\":\"Use Rocket LMS to access high-quality education materials without any limitations in the easiest way.\",\"background\":\"\\/store\\/1\\/default_images\\/home_video_section.png\"}'),
(17, 28, 'en', '{\"image\":\"\\/store\\/1\\/themes\\/general\\/error_pages\\/404_error.svg\",\"title\":\"Page Not Found\",\"description\":\"The page you\'re looking for doesn\'t exist or was removed...\",\"button\":{\"title\":\"Back to Home\",\"link\":\"\\/\"},\"right_float_image\":\"\\/store\\/1\\/themes\\/general\\/error_pages\\/warning_floating.png\"}'),
(18, 29, 'en', '{\"link\":\"\\/classes?sort=newest\",\"background\":\"\\/store\\/1\\/themes\\/general\\/sidebar_banner.png\"}'),
(19, 30, 'en', '{\"status\":\"0\",\"users_affiliate_status\":\"0\",\"affiliate_user_commission\":\"5\",\"store_affiliate_user_commission\":\"5\",\"affiliate_user_amount\":\"20\",\"referred_user_amount\":\"10\",\"referral_description\":\"You can share your affiliate URL you will get the above rewards when a user uses the platform.\"}'),
(20, 4, 'en', '{\"first_column\":{\"title\":\"About US\",\"value\":\"<p><font color=\\\"#ffffff\\\">Rocket LMS is a fully-featured learning management system that helps you to run your education business in several hours. This platform helps instructors to create professional education materials and helps students to learn from the best instructors.<\\/font><\\/p>\"},\"second_column\":{\"title\":\"Additional Links\",\"value\":\"<p><a href=\\\"\\/login\\\"><font color=\\\"#ffffff\\\">- Login<\\/font><\\/a><\\/p><p><font color=\\\"#ffffff\\\"><a href=\\\"\\/register\\\"><font color=\\\"#ffffff\\\">- Register<\\/font><\\/a><br><\\/font><\\/p><p><a href=\\\"\\/blog\\\"><font color=\\\"#ffffff\\\">- Blog<\\/font><\\/a><\\/p><p><a href=\\\"\\/contact\\\"><font color=\\\"#ffffff\\\">- Contact us<\\/font><\\/a><\\/p><p><font color=\\\"#ffffff\\\"><a href=\\\"\\/certificate_validation\\\"><font color=\\\"#ffffff\\\">- Certificate validation<\\/font><\\/a><br><\\/font><\\/p><p><font color=\\\"#ffffff\\\"><a href=\\\"\\/become-instructor\\\"><font color=\\\"#ffffff\\\">- Become instructor<\\/font><\\/a><br><\\/font><\\/p><p><a href=\\\"\\/pages\\/terms\\\"><font color=\\\"#ffffff\\\">- Terms &amp; rules<\\/font><\\/a><\\/p><p><a href=\\\"\\/pages\\/about\\\"><font color=\\\"#ffffff\\\">- About us<\\/font><\\/a><br><\\/p>\"},\"third_column\":{\"title\":\"Similar Businesses\",\"value\":\"<p><a href=\\\"https:\\/\\/www.udemy.com\\/\\\" target=\\\"_blank\\\"><font color=\\\"#ffffff\\\">- Udemy<\\/font><\\/a><\\/p><p><a href=\\\"https:\\/\\/www.skillshare.com\\/\\\" target=\\\"_blank\\\"><font color=\\\"#ffffff\\\">- Skillshare<\\/font><\\/a><\\/p><p><a href=\\\"https:\\/\\/www.coursera.org\\/\\\" target=\\\"_blank\\\"><font color=\\\"#ffffff\\\">- Coursera<\\/font><\\/a><\\/p><p><a href=\\\"https:\\/\\/www.linkedin.com\\/learning\\/\\\" target=\\\"_blank\\\"><font color=\\\"#ffffff\\\">- Lynda<\\/font><\\/a><\\/p><p><a href=\\\"https:\\/\\/www.skillsoft.com\\/\\\" target=\\\"_blank\\\"><font color=\\\"#ffffff\\\">- Skillsoft<\\/font><\\/a><\\/p><p><a href=\\\"https:\\/\\/www.udacity.com\\/\\\" target=\\\"_blank\\\"><font color=\\\"#ffffff\\\">- Udacity<\\/font><\\/a><\\/p><p><a href=\\\"https:\\/\\/www.edx.org\\/\\\" target=\\\"_blank\\\"><font color=\\\"#ffffff\\\">- edX<\\/font><\\/a><\\/p><p><a href=\\\"https:\\/\\/www.masterclass.com\\/\\\" target=\\\"_blank\\\"><font color=\\\"#ffffff\\\">- Masterclass<\\/font><\\/a><br><\\/p>\"},\"forth_column\":{\"title\":\"Purchase Rocket LMS\",\"value\":\"<p><a title=\\\"Notnt\\\" href=\\\"https:\\/\\/codecanyon.net\\\"><img style=\\\"width: 200px;\\\" src=\\\"\\/store\\/1\\/default_images\\/envato.png\\\"><\\/a><\\/p>\"}}'),
(31, 4, 'ar', '{\"first_column\":{\"title\":\"\\u0645\\u0639\\u0644\\u0648\\u0645\\u0627\\u062a \\u0639\\u0646\\u0627\",\"value\":\"<p><font color=\\\"#ffffff\\\">Rocket LMS \\u0647\\u0648 \\u0646\\u0638\\u0627\\u0645 \\u0625\\u062f\\u0627\\u0631\\u0629 \\u062a\\u0639\\u0644\\u0645 \\u0643\\u0627\\u0645\\u0644 \\u0627\\u0644\\u0645\\u064a\\u0632\\u0627\\u062a \\u064a\\u0633\\u0627\\u0639\\u062f\\u0643 \\u0639\\u0644\\u0649 \\u0625\\u062f\\u0627\\u0631\\u0629 \\u0623\\u0639\\u0645\\u0627\\u0644\\u0643 \\u0627\\u0644\\u062a\\u0639\\u0644\\u064a\\u0645\\u064a\\u0629 \\u0641\\u064a \\u0639\\u062f\\u0629 \\u0633\\u0627\\u0639\\u0627\\u062a. \\u062a\\u0633\\u0627\\u0639\\u062f \\u0647\\u0630\\u0647 \\u0627\\u0644\\u0645\\u0646\\u0635\\u0629 \\u0627\\u0644\\u0645\\u0639\\u0644\\u0645\\u064a\\u0646 \\u0639\\u0644\\u0649 \\u0625\\u0646\\u0634\\u0627\\u0621 \\u0645\\u0648\\u0627\\u062f \\u062a\\u0639\\u0644\\u064a\\u0645\\u064a\\u0629 \\u0627\\u062d\\u062a\\u0631\\u0627\\u0641\\u064a\\u0629 \\u0648\\u062a\\u0633\\u0627\\u0639\\u062f \\u0627\\u0644\\u0637\\u0644\\u0627\\u0628 \\u0639\\u0644\\u0649 \\u0627\\u0644\\u062a\\u0639\\u0644\\u0645 \\u0645\\u0646 \\u0623\\u0641\\u0636\\u0644 \\u0627\\u0644\\u0645\\u062f\\u0631\\u0628\\u064a\\u0646.<\\/font><\\/p>\"},\"second_column\":{\"title\":\"\\u0631\\u0648\\u0627\\u0628\\u0637 \\u0625\\u0636\\u0627\\u0641\\u064a\\u0629\",\"value\":\"<p><a href=\\\"\\/login\\\"><span style=\\\"color: #ffffff;\\\">- \\u062a\\u0633\\u062c\\u064a\\u0644 \\u0627\\u0644\\u062f\\u062e\\u0648\\u0644<\\/span><\\/a><\\/p>\\r\\n<p><span style=\\\"color: #ffffff;\\\"><a href=\\\"\\/register\\\"><span style=\\\"color: #ffffff;\\\">- \\u062a\\u0633\\u062c\\u064a\\u0644<\\/span><\\/a><br><\\/span><\\/p>\\r\\n<p><a href=\\\"\\/blog\\\"><span style=\\\"color: #ffffff;\\\">- \\u0645\\u0642\\u0627\\u0644\\u0627\\u062a<\\/span><\\/a><\\/p>\\r\\n<p><a href=\\\"\\/contact\\\"><span style=\\\"color: #ffffff;\\\">- \\u0627\\u062a\\u0635\\u0644 \\u0628\\u0646\\u0627<\\/span><\\/a><\\/p>\\r\\n<p><span style=\\\"color: #ffffff;\\\"><a href=\\\"\\/certificate_validation\\\"><span style=\\\"color: #ffffff;\\\">- \\u0627\\u0644\\u062a\\u062d\\u0642\\u0642 \\u0645\\u0646 \\u0635\\u062d\\u0629 \\u0627\\u0644\\u0634\\u0647\\u0627\\u062f\\u0629<\\/span><\\/a><br><\\/span><\\/p>\\r\\n<p><span style=\\\"color: #ffffff;\\\"><a href=\\\"\\/become-instructor\\\"><span style=\\\"color: #ffffff;\\\">- \\u0623\\u0635\\u0628\\u062d \\u0645\\u062f\\u0631\\u0628\\u0627<\\/span><\\/a><br><\\/span><\\/p>\\r\\n<p><a href=\\\"\\/pages\\/terms\\\"><span style=\\\"color: #ffffff;\\\">- \\u0627\\u0644\\u0634\\u0631\\u0648\\u0637 \\u0648\\u0627\\u0644\\u0642\\u0648\\u0627\\u0639\\u062f<\\/span><\\/a><\\/p>\\r\\n<p><a href=\\\"\\/pages\\/about\\\"><span style=\\\"color: #ffffff;\\\">- \\u0645\\u0639\\u0644\\u0648\\u0645\\u0627\\u062a \\u0639\\u0646\\u0627<\\/span><\\/a><\\/p>\"},\"third_column\":{\"title\":\"\\u0623\\u0639\\u0645\\u0627\\u0644 \\u0645\\u0645\\u0627\\u062b\\u0644\\u0629\",\"value\":\"<p><a href=\\\"https:\\/\\/www.udemy.com\\/\\\" target=\\\"_blank\\\"><font color=\\\"#ffffff\\\">- \\u064a\\u0648\\u062f\\u0645\\u064a<\\/font><\\/a><\\/p><p><a href=\\\"https:\\/\\/www.skillshare.com\\/\\\" target=\\\"_blank\\\"><font color=\\\"#ffffff\\\">- \\u0627\\u0633\\u06a9\\u06cc\\u0644 \\u0634\\u06cc\\u0631<\\/font><\\/a><\\/p><p><a href=\\\"https:\\/\\/www.coursera.org\\/\\\" target=\\\"_blank\\\"><font color=\\\"#ffffff\\\">- \\u0643\\u0631\\u0633 \\u0627\\u064a\\u0631\\u0627<\\/font><\\/a><\\/p><p><a href=\\\"https:\\/\\/www.linkedin.com\\/learning\\/\\\" target=\\\"_blank\\\"><font color=\\\"#ffffff\\\">- \\u0644\\u06cc\\u0646\\u062f\\u0627<\\/font><\\/a><\\/p><p><a href=\\\"https:\\/\\/www.skillsoft.com\\/\\\" target=\\\"_blank\\\"><font color=\\\"#ffffff\\\">- \\u0627\\u0633\\u0643\\u064a\\u0644 \\u0633\\u0641\\u062a<\\/font><\\/a><\\/p><p><a href=\\\"https:\\/\\/www.udacity.com\\/\\\" target=\\\"_blank\\\"><font color=\\\"#ffffff\\\">- \\u0627\\u0648\\u062f\\u0627\\u0633\\u064a\\u062a\\u064a<\\/font><\\/a><\\/p><p><a href=\\\"https:\\/\\/www.edx.org\\/\\\" target=\\\"_blank\\\"><font color=\\\"#ffffff\\\">\\u0627\\u062f\\u0643\\u0633<\\/font><\\/a><\\/p><p><a href=\\\"https:\\/\\/www.masterclass.com\\/\\\" target=\\\"_blank\\\"><font color=\\\"#ffffff\\\">- \\u0645\\u0633\\u062a\\u0631 \\u0643\\u0644\\u0633<\\/font><\\/a><br><\\/p>\"},\"forth_column\":{\"title\":\"\\u0642\\u0645 \\u0628\\u0634\\u0631\\u0627\\u0621 Rocket LMS\",\"value\":\"<p><a title=\\\"Notnt\\\" href=\\\"https:\\/\\/codecanyon.net\\\"><img style=\\\"width: 200px;\\\" src=\\\"\\/store\\/1\\/default_images\\/envato.png\\\"><\\/a><\\/p>\"}}'),
(32, 31, 'en', '{\"agora_resolution\":null,\"agora_max_bitrate\":\"2260\",\"agora_min_bitrate\":\"1130\",\"agora_frame_rate\":\"15\",\"agora_live_streaming\":\"0\",\"agora_chat\":\"0\",\"agora_in_free_courses\":\"0\",\"agora_for_meeting\":\"0\",\"meeting_live_stream_type\":\"single\",\"course_live_stream_type\":\"single\",\"agora_app_id\":null,\"agora_app_certificate\":null,\"new_interactive_file\":\"0\",\"timezone_in_register\":\"1\",\"timezone_in_create_webinar\":\"1\",\"sequence_content_status\":\"0\",\"webinar_assignment_status\":\"0\",\"webinar_private_content_status\":\"0\",\"disable_view_content_after_user_register\":\"0\",\"course_forum_status\":\"0\",\"direct_classes_payment_button_status\":\"1\",\"direct_bundles_payment_button_status\":\"1\",\"direct_products_payment_button_status\":\"1\",\"cookie_settings_status\":\"0\",\"mobile_app_status\":\"0\",\"maintenance_status\":\"0\",\"maintenance_access_key\":\"key\",\"extra_time_to_join_status\":\"1\",\"extra_time_to_join_default_value\":\"20\",\"show_other_register_method\":\"1\",\"show_certificate_additional_in_register\":\"0\",\"show_google_login_button\":\"0\",\"show_facebook_login_button\":\"0\",\"google_client_id\":null,\"google_client_secret\":null,\"facebook_client_id\":null,\"facebook_client_secret\":null,\"show_live_chat_widget\":\"0\",\"cashback_active\":\"0\",\"display_cashback_notice_in_the_product_page\":\"0\",\"display_minimum_amount_cashback_notices\":\"0\",\"available_session_apis\":[\"local\",\"big_blue_button\",\"zoom\",\"agora\",\"jitsi\"],\"available_sources\":[\"upload\",\"youtube\",\"vimeo\",\"external_link\",\"google_drive\",\"iframe\",\"s3\",\"secure_host\"],\"bunny_configs\":[],\"select_the_role_during_registration\":[\"teacher\",\"organization\"],\"waitlist_status\":\"0\",\"upcoming_courses_status\":\"0\",\"user_register_form\":null,\"instructor_register_form\":null,\"organization_register_form\":null,\"become_instructor_form\":null,\"become_organization_form\":null,\"frontend_coupons_status\":\"1\",\"frontend_coupons_display_type\":\"before_content\",\"course_notes_status\":\"0\",\"course_notes_attachment\":\"0\",\"course_recent_reviews_status\":\"0\",\"zoom_client_id\":null,\"zoom_client_secret\":null,\"zoom_account_id\":null,\"bigbluebutton_server_base_url\":null,\"bigbluebutton_security_salt\":null,\"jitsi_live_url\":null}'),
(33, 32, 'en', '{\"image\":\"\\/store\\/1\\/default_images\\/home_sections_banners\\/instructor_finder_banner.jpg\",\"title\":\"Find the best instructor\",\"description\":\"Looking for an instructor? Find the best instructors according to different parameters like gender, skill level, price, meeting type, rating, etc.\\r\\nFind instructors on the map.\",\"button1\":{\"title\":\"Tutor Finder\",\"link\":\"\\/instructor-finder\\/wizard\"},\"button2\":{\"title\":\"Tutors on Map\",\"link\":\"\\/instructor-finder\"}}'),
(34, 33, 'en', '{\"image\":\"\\/store\\/1\\/default_images\\/home_sections_banners\\/club_points_banner.png\",\"title\":\"Win Club Points\",\"description\":\"Use Rocket LMS and win club points according to different activities.\\r\\nYou will be able to use your club points to get free prizes and courses. Start using the system now and collect points!\",\"button1\":{\"title\":\"Rewards\",\"link\":\"\\/reward-courses\"},\"button2\":{\"title\":\"Points Club\",\"link\":\"\\/panel\\/rewards\"}}'),
(35, 34, 'en', '{\"status\":\"0\",\"exchangeable\":\"0\",\"exchangeable_unit\":null,\"want_more_points_link\":\"\\/pages\\/reward_points_system\"}'),
(38, 37, 'en', '{\"status\":\"0\",\"show_packages_during_registration\":\"0\",\"force_user_to_select_a_package\":\"0\",\"enable_home_section\":\"0\",\"right_float_image\":\"\\/store\\/1\\/themes\\/general\\/saas_overlay.png\"}'),
(39, 38, 'en', '{\"status\":\"0\",\"courses_capacity\":\"50\",\"courses_count\":\"15\",\"meeting_count\":\"30\",\"product_count\":\"10\",\"icon\":null}'),
(40, 39, 'en', '{\"status\":\"0\",\"instructors_count\":\"5\",\"students_count\":\"30\",\"courses_capacity\":\"60\",\"courses_count\":\"20\",\"meeting_count\":\"50\",\"product_count\":\"10\",\"icon\":null}'),
(41, 40, 'en', '{\"image\":\"\\/store\\/1\\/default_images\\/home_sections_banners\\/become_instructor_banner.jpg\",\"title\":\"Become an instructor\",\"description\":\"Are you interested to be a part of our community?\\r\\nYou can be a part of our community by signing up as an instructor or organization.\",\"button1\":{\"title\":\"Become an Instructor\",\"link\":\"\\/become-instructor\"},\"button2\":{\"title\":\"Registration Packages\",\"link\":\"become-instructor\\/packages\\/\"}}'),
(42, 8, 'ar', '{\"title\":\"\\u0645\\u062a\\u0639\\u0629 \\u0627\\u0644\\u062a\\u0639\\u0644\\u0645 \\u0648\\u0627\\u0644\\u062a\\u0639\\u0644\\u064a\\u0645 ...\",\"description\":\"Rocket LMS \\u0639\\u0628\\u0627\\u0631\\u0629 \\u0639\\u0646 \\u0646\\u0638\\u0627\\u0645 \\u0623\\u0633\\u0627\\u0633\\u064a \\u062a\\u0639\\u0644\\u064a\\u0645\\u064a \\u0643\\u0627\\u0645\\u0644 \\u0627\\u0644\\u0645\\u064a\\u0632\\u0627\\u062a \\u064a\\u0633\\u0627\\u0639\\u062f \\u0627\\u0644\\u0645\\u062f\\u0631\\u0628\\u064a\\u0646 \\u0639\\u0644\\u0649 \\u0625\\u0646\\u0634\\u0627\\u0621 \\u0648\\u0646\\u0634\\u0631 \\u062f\\u0648\\u0631\\u0627\\u062a \\u0641\\u064a\\u062f\\u064a\\u0648 \\u0648\\u0641\\u0635\\u0648\\u0644 \\u0645\\u0628\\u0627\\u0634\\u0631\\u0629 \\u0648\\u062f\\u0648\\u0631\\u0627\\u062a \\u0646\\u0635\\u064a\\u0629 \\u0648\\u0643\\u0633\\u0628 \\u0627\\u0644\\u0645\\u0627\\u0644 \\u060c \\u0648\\u064a\\u0633\\u0627\\u0639\\u062f \\u0627\\u0644\\u0637\\u0644\\u0627\\u0628 \\u0639\\u0644\\u0649 \\u0627\\u0644\\u062a\\u0639\\u0644\\u0645 \\u0628\\u0623\\u0633\\u0647\\u0644 \\u0637\\u0631\\u064a\\u0642\\u0629.\",\"hero_background\":\"\\/store\\/1\\/default_images\\/hero_1.jpg\"}'),
(43, 8, 'es', '{\"title\":\"Alegr\\u00eda de aprender y ense\\u00f1ar ...\",\"description\":\"Rocket LMS es una plataforma educativa con todas las funciones que ayuda a los instructores a crear y publicar cursos de video, clases en vivo y cursos de texto y ganar dinero, y ayuda a los estudiantes a aprender de la manera m\\u00e1s f\\u00e1cil.\",\"hero_background\":\"\\/store\\/1\\/default_images\\/hero_1.jpg\"}'),
(44, 15, 'ar', '{\"title\":\"\\u0645\\u062a\\u0639\\u0629 \\u0627\\u0644\\u062a\\u0639\\u0644\\u0645 \\u0648\\u0627\\u0644\\u062a\\u0639\\u0644\\u064a\\u0645 ...\",\"description\":\"Rocket LMS \\u0639\\u0628\\u0627\\u0631\\u0629 \\u0639\\u0646 \\u0646\\u0638\\u0627\\u0645 \\u0623\\u0633\\u0627\\u0633\\u064a \\u062a\\u0639\\u0644\\u064a\\u0645\\u064a \\u0643\\u0627\\u0645\\u0644 \\u0627\\u0644\\u0645\\u064a\\u0632\\u0627\\u062a \\u064a\\u0633\\u0627\\u0639\\u062f \\u0627\\u0644\\u0645\\u062f\\u0631\\u0628\\u064a\\u0646 \\u0639\\u0644\\u0649 \\u0625\\u0646\\u0634\\u0627\\u0621 \\u0648\\u0646\\u0634\\u0631 \\u062f\\u0648\\u0631\\u0627\\u062a \\u0641\\u064a\\u062f\\u064a\\u0648 \\u0648\\u0641\\u0635\\u0648\\u0644 \\u0645\\u0628\\u0627\\u0634\\u0631\\u0629 \\u0648\\u062f\\u0648\\u0631\\u0627\\u062a \\u0646\\u0635\\u064a\\u0629 \\u0648\\u0643\\u0633\\u0628 \\u0627\\u0644\\u0645\\u0627\\u0644 \\u060c \\u0648\\u064a\\u0633\\u0627\\u0639\\u062f \\u0627\\u0644\\u0637\\u0644\\u0627\\u0628 \\u0639\\u0644\\u0649 \\u0627\\u0644\\u062a\\u0639\\u0644\\u0645 \\u0628\\u0623\\u0633\\u0647\\u0644 \\u0637\\u0631\\u064a\\u0642\\u0629.\",\"hero_background\":\"\\/assets\\/default\\/img\\/home\\/world.png\",\"hero_vector\":\"\\/store\\/1\\/animated-header.json\",\"has_lottie\":\"1\"}'),
(45, 15, 'es', '{\"title\":\"Alegr\\u00eda de aprender y ense\\u00f1ar ...\",\"description\":\"Rocket LMS es una plataforma educativa con todas las funciones que ayuda a los instructores a crear y publicar cursos de video, clases en vivo y cursos de texto y ganar dinero, y ayuda a los estudiantes a aprender de la manera m\\u00e1s f\\u00e1cil.\",\"hero_background\":\"\\/assets\\/default\\/img\\/home\\/world.png\",\"hero_vector\":\"\\/store\\/1\\/animated-header.json\",\"has_lottie\":\"1\"}'),
(46, 27, 'ar', '{\"link\":\"\\/classes\",\"title\":\"\\u0627\\u0628\\u062f\\u0623 \\u0627\\u0644\\u062a\\u0639\\u0644\\u0645 \\u0641\\u064a \\u0623\\u064a \\u0645\\u0643\\u0627\\u0646 \\u0648\\u0641\\u064a \\u0623\\u064a \\u0648\\u0642\\u062a ...\",\"description\":\"\\u0627\\u0633\\u062a\\u062e\\u062f\\u0645 Rocket LMS \\u0644\\u0644\\u0648\\u0635\\u0648\\u0644 \\u0625\\u0644\\u0649 \\u0645\\u0648\\u0627\\u062f \\u062a\\u0639\\u0644\\u064a\\u0645\\u064a\\u0629 \\u0639\\u0627\\u0644\\u064a\\u0629 \\u0627\\u0644\\u062c\\u0648\\u062f\\u0629 \\u062f\\u0648\\u0646 \\u0623\\u064a \\u0642\\u064a\\u0648\\u062f \\u0648\\u0628\\u0623\\u0633\\u0647\\u0644 \\u0637\\u0631\\u064a\\u0642\\u0629.\",\"background\":\"\\/store\\/1\\/default_images\\/home_video_section.png\"}'),
(47, 27, 'es', '{\"link\":\"\\/classes\",\"title\":\"Empiece a aprender en cualquier lugar, en cualquier momento ...\",\"description\":\"Utilice Rocket LMS para acceder a materiales educativos de alta calidad sin limitaciones de la forma m\\u00e1s sencilla.\",\"background\":\"\\/store\\/1\\/default_images\\/home_video_section.png\"}'),
(48, 29, 'ar', '{\"link\":\"\\/classes?sort=newest\",\"background\":\"\\/store\\/1\\/sidebar-user-ar.png\"}'),
(49, 29, 'es', '{\"link\":\"\\/classes?sort=newest\",\"background\":\"\\/store\\/1\\/sidebar-user-sp.png\"}'),
(50, 4, 'es', '{\"first_column\":{\"title\":\"Sobre Nosotras\",\"value\":\"<p><font color=\\\"#ffffff\\\">Rocket LMS es un sistema de gesti\\u00f3n de aprendizaje con todas las funciones que le ayuda a gestionar su negocio educativo en varias horas. Esta plataforma ayuda a los instructores a crear materiales educativos profesionales y ayuda a los estudiantes a aprender de los mejores instructores.<\\/font><\\/p>\"},\"second_column\":{\"title\":\"Enlaces Adicionales\",\"value\":\"<p><a href=\\\"\\/login\\\"><span style=\\\"color: #ffffff;\\\">- Acceso<\\/span><\\/a><\\/p>\\r\\n<p><span style=\\\"color: #ffffff;\\\"><a href=\\\"\\/register\\\"><span style=\\\"color: #ffffff;\\\">- Registrarse<\\/span><\\/a><br><\\/span><\\/p>\\r\\n<p><a href=\\\"\\/blog\\\"><span style=\\\"color: #ffffff;\\\">- Blog<\\/span><\\/a><\\/p>\\r\\n<p><a href=\\\"\\/contact\\\"><span style=\\\"color: #ffffff;\\\">- Contacta con nosotras<\\/span><\\/a><\\/p>\\r\\n<p><span style=\\\"color: #ffffff;\\\"><a href=\\\"\\/certificate_validation\\\"><span style=\\\"color: #ffffff;\\\">- Validaci\\u00f3n de certificado<\\/span><\\/a><br><\\/span><\\/p>\\r\\n<p><span style=\\\"color: #ffffff;\\\"><a href=\\\"\\/become-instructor\\\"><span style=\\\"color: #ffffff;\\\">- Convi\\u00e9rtete en instructor<\\/span><\\/a><br><\\/span><\\/p>\\r\\n<p><a href=\\\"\\/pages\\/terms\\\"><span style=\\\"color: #ffffff;\\\">- T\\u00e9rminos y reglas<\\/span><\\/a><\\/p>\\r\\n<p><a href=\\\"\\/pages\\/about\\\"><span style=\\\"color: #ffffff;\\\">- Sobre nosotras<\\/span><\\/a><\\/p>\"},\"third_column\":{\"title\":\"Negocios Similares\",\"value\":\"<p><a href=\\\"https:\\/\\/www.udemy.com\\/\\\" target=\\\"_blank\\\"><font color=\\\"#ffffff\\\">- Udemy<\\/font><\\/a><\\/p><p><a href=\\\"https:\\/\\/www.skillshare.com\\/\\\" target=\\\"_blank\\\"><font color=\\\"#ffffff\\\">- Skillshare<\\/font><\\/a><\\/p><p><a href=\\\"https:\\/\\/www.coursera.org\\/\\\" target=\\\"_blank\\\"><font color=\\\"#ffffff\\\">- Coursera<\\/font><\\/a><\\/p><p><a href=\\\"https:\\/\\/www.linkedin.com\\/learning\\/\\\" target=\\\"_blank\\\"><font color=\\\"#ffffff\\\">- Lynda<\\/font><\\/a><\\/p><p><a href=\\\"https:\\/\\/www.skillsoft.com\\/\\\" target=\\\"_blank\\\"><font color=\\\"#ffffff\\\">- Skillsoft<\\/font><\\/a><\\/p><p><a href=\\\"https:\\/\\/www.udacity.com\\/\\\" target=\\\"_blank\\\"><font color=\\\"#ffffff\\\">- Udacity<\\/font><\\/a><\\/p><p><a href=\\\"https:\\/\\/www.edx.org\\/\\\" target=\\\"_blank\\\"><font color=\\\"#ffffff\\\">- edX<\\/font><\\/a><\\/p><p><a href=\\\"https:\\/\\/www.masterclass.com\\/\\\" target=\\\"_blank\\\"><font color=\\\"#ffffff\\\">- Masterclass<\\/font><\\/a><br><\\/p>\"},\"forth_column\":{\"title\":\"Compra Rocket LMS\",\"value\":\"<p><a title=\\\"Notnt\\\" href=\\\"https:\\/\\/codecanyon.net\\\"><img style=\\\"width: 200px;\\\" src=\\\"\\/store\\/1\\/default_images\\/envato.png\\\"><\\/a><\\/p>\"}}'),
(51, 26, 'es', '{\"02nh9a\":{\"title\":\"hogar\",\"link\":\"\\/\",\"order\":\"1\"},\"1cH2kF\":{\"title\":\"Cursos\",\"link\":\"\\/classes?sort=newest\",\"order\":\"2\"},\"gGf8Lv\":{\"title\":\"Instructoras\",\"link\":\"\\/instructor-finder\",\"order\":\"3\"},\"VBxDrB\":{\"title\":\"Blog\",\"link\":\"\\/blog\",\"order\":\"4\"},\"Uo5b2v\":{\"title\":\"Tienda\",\"link\":\"\\/products\",\"order\":\"4\"},\"Wnq5Qb\":{\"title\":\"Foros\",\"link\":\"\\/forums\",\"order\":\"5\"}}'),
(52, 26, 'ar', '{\"02nh9a\":{\"title\":\"\\u0627\\u0644\\u0635\\u0641\\u062d\\u0629 \\u0627\\u0644\\u0631\\u0626\\u064a\\u0633\\u064a\\u0629\",\"link\":\"\\/\",\"order\":\"1\"},\"1cH2kF\":{\"title\":\"\\u0627\\u0644\\u062f\\u0648\\u0631\\u0627\\u062a\",\"link\":\"\\/classes?sort=newest\",\"order\":\"2\"},\"gGf8Lv\":{\"title\":\"\\u0627\\u0644\\u0645\\u062f\\u0631\\u0628\\u064a\\u0646\",\"link\":\"\\/instructor-finder\",\"order\":\"3\"},\"Uo5b2v\":{\"title\":\"\\u0645\\u062a\\u062c\\u0631\",\"link\":\"\\/products\",\"order\":\"4\"},\"Wnq5Qb\":{\"title\":\"\\u0627\\u0644\\u0645\\u0646\\u062a\\u062f\\u064a\\u0627\\u062a\",\"link\":\"\\/forums\",\"order\":\"5\"}}'),
(53, 32, 'ar', '{\"image\":\"\\/store\\/1\\/default_images\\/home_sections_banners\\/instructor_finder_banner.jpg\",\"title\":\"\\u0627\\u0639\\u062b\\u0631 \\u0639\\u0644\\u0649 \\u0623\\u0641\\u0636\\u0644 \\u0645\\u062f\\u0631\\u0628\",\"description\":\"\\u062a\\u0628\\u062d\\u062b \\u0639\\u0646 \\u0645\\u062f\\u0631\\u0628\\u061f \\u0627\\u0639\\u062b\\u0631 \\u0639\\u0644\\u0649 \\u0623\\u0641\\u0636\\u0644 \\u0627\\u0644\\u0645\\u062f\\u0631\\u0628\\u064a\\u0646 \\u0648\\u0641\\u0642\\u064b\\u0627 \\u0644\\u0645\\u0639\\u0627\\u064a\\u064a\\u0631 \\u0645\\u062e\\u062a\\u0644\\u0641\\u0629 \\u0645\\u062b\\u0644 \\u0627\\u0644\\u062c\\u0646\\u0633 \\u0648\\u0645\\u0633\\u062a\\u0648\\u0649 \\u0627\\u0644\\u0645\\u0647\\u0627\\u0631\\u0629 \\u0648\\u0627\\u0644\\u0633\\u0639\\u0631 \\u0648\\u0646\\u0648\\u0639 \\u0627\\u0644\\u0627\\u062c\\u062a\\u0645\\u0627\\u0639 \\u0648\\u0627\\u0644\\u062a\\u0642\\u064a\\u064a\\u0645 \\u0648\\u0645\\u0627 \\u0625\\u0644\\u0649 \\u0630\\u0644\\u0643.\\r\\n\\u0627\\u0628\\u062d\\u062b \\u0639\\u0646 \\u0645\\u062f\\u0631\\u0628\\u064a\\u0646 \\u0639\\u0644\\u0649 \\u0627\\u0644\\u062e\\u0631\\u064a\\u0637\\u0629.\",\"button1\":{\"title\":\"\\u0627\\u0644\\u0628\\u0627\\u062d\\u062b \\u0639\\u0646 \\u0627\\u0644\\u0645\\u0639\\u0644\\u0645\",\"link\":\"\\/instructor-finder\\/wizard\"},\"button2\":{\"title\":\"\\u0645\\u062f\\u0631\\u0633\\u0648\\u0646 \\u0639\\u0644\\u0649 \\u0627\\u0644\\u062e\\u0631\\u064a\\u0637\\u0629\",\"link\":\"\\/instructor-finder\"}}'),
(54, 32, 'es', '{\"image\":\"\\/store\\/1\\/default_images\\/home_sections_banners\\/instructor_finder_banner.jpg\",\"title\":\"Encuentra la mejor instructora\",\"description\":\"\\u00bfBuscas un instructor? Encuentre los mejores instructores seg\\u00fan diferentes par\\u00e1metros como g\\u00e9nero, nivel de habilidad, precio, tipo de reuni\\u00f3n, calificaci\\u00f3n, etc.\\r\\nEncuentra instructores en el mapa.\",\"button1\":{\"title\":\"Buscadora de tutores\",\"link\":\"\\/instructor-finder\\/wizard\"},\"button2\":{\"title\":\"Tutores en el mapa\",\"link\":\"\\/instructor-finder\"}}'),
(55, 33, 'ar', '{\"image\":\"\\/store\\/1\\/default_images\\/home_sections_banners\\/club_points_banner.png\",\"title\":\"\\u0627\\u0631\\u0628\\u062d \\u0646\\u0642\\u0627\\u0637 \\u0627\\u0644\\u0646\\u0627\\u062f\\u064a\",\"description\":\"\\u0627\\u0633\\u062a\\u062e\\u062f\\u0645 Rocket LMS \\u0648\\u0627\\u0631\\u0628\\u062d \\u0646\\u0642\\u0627\\u0637 \\u0627\\u0644\\u0646\\u0627\\u062f\\u064a \\u0648\\u0641\\u0642\\u064b\\u0627 \\u0644\\u0644\\u0623\\u0646\\u0634\\u0637\\u0629 \\u0627\\u0644\\u0645\\u062e\\u062a\\u0644\\u0641\\u0629.\\r\\n\\u0633\\u062a\\u062a\\u0645\\u0643\\u0646 \\u0645\\u0646 \\u0627\\u0633\\u062a\\u062e\\u062f\\u0627\\u0645 \\u0646\\u0642\\u0627\\u0637 \\u0627\\u0644\\u0646\\u0627\\u062f\\u064a \\u0627\\u0644\\u062e\\u0627\\u0635\\u0629 \\u0628\\u0643 \\u0644\\u0644\\u062d\\u0635\\u0648\\u0644 \\u0639\\u0644\\u0649 \\u062c\\u0648\\u0627\\u0626\\u0632 \\u0648\\u062f\\u0648\\u0631\\u0627\\u062a \\u0645\\u062c\\u0627\\u0646\\u064a\\u0629. \\u0627\\u0628\\u062f\\u0623 \\u0641\\u064a \\u0627\\u0633\\u062a\\u062e\\u062f\\u0627\\u0645 \\u0627\\u0644\\u0646\\u0638\\u0627\\u0645 \\u0627\\u0644\\u0622\\u0646 \\u0648\\u0627\\u062c\\u0645\\u0639 \\u0627\\u0644\\u0646\\u0642\\u0627\\u0637!\",\"button1\":{\"title\":\"\\u0627\\u0644\\u0645\\u0643\\u0627\\u0641\\u0622\\u062a\",\"link\":\"\\/reward-courses\"},\"button2\":{\"title\":\"\\u0646\\u0627\\u062f\\u064a \\u0627\\u0644\\u0646\\u0642\\u0627\\u0637\",\"link\":\"\\/panel\\/rewards\"}}'),
(56, 33, 'es', '{\"image\":\"\\/store\\/1\\/default_images\\/home_sections_banners\\/club_points_banner.png\",\"title\":\"Gana puntos del club\",\"description\":\"Utilice Rocket LMS y gane puntos del club seg\\u00fan diferentes actividades.\\r\\nPodr\\u00e1s utilizar tus puntos del club para conseguir premios y cursos gratuitos. \\u00a1Comience a usar el sistema ahora y acumule puntos!\",\"button1\":{\"title\":\"Recompensas\",\"link\":\"\\/reward-courses\"},\"button2\":{\"title\":\"club de puntos\",\"link\":\"\\/panel\\/rewards\"}}'),
(57, 40, 'ar', '{\"image\":\"\\/store\\/1\\/default_images\\/home_sections_banners\\/become_instructor_banner.jpg\",\"title\":\"\\u0643\\u0646 \\u0645\\u062f\\u0631\\u0628\\u064b\\u0627\",\"description\":\"\\u0647\\u0644 \\u0623\\u0646\\u062a \\u0645\\u0647\\u062a\\u0645 \\u0628\\u0623\\u0646 \\u062a\\u0643\\u0648\\u0646 \\u062c\\u0632\\u0621\\u064b\\u0627 \\u0645\\u0646 \\u0645\\u062c\\u062a\\u0645\\u0639\\u0646\\u0627\\u061f\\r\\n\\u064a\\u0645\\u0643\\u0646\\u0643 \\u0623\\u0646 \\u062a\\u0643\\u0648\\u0646 \\u062c\\u0632\\u0621\\u064b\\u0627 \\u0645\\u0646 \\u0645\\u062c\\u062a\\u0645\\u0639\\u0646\\u0627 \\u0645\\u0646 \\u062e\\u0644\\u0627\\u0644 \\u0627\\u0644\\u062a\\u0633\\u062c\\u064a\\u0644 \\u0643\\u0645\\u062f\\u0631\\u0628 \\u0623\\u0648 \\u0645\\u0646\\u0638\\u0645\\u0629.\",\"button1\":{\"title\":\"\\u0643\\u0646 \\u0645\\u062f\\u0631\\u0633\\u064b\\u0627\",\"link\":\"\\/become-instructor\"},\"button2\":{\"title\":\"\\u062d\\u0632\\u0645 \\u0627\\u0644\\u062a\\u0633\\u062c\\u064a\\u0644\",\"link\":\"become-instructor\\/packages\\/\"}}'),
(58, 40, 'es', '{\"image\":\"\\/store\\/1\\/default_images\\/home_sections_banners\\/become_instructor_banner.jpg\",\"title\":\"Convi\\u00e9rtete en instructora\",\"description\":\"\\u00bfEst\\u00e1s interesado en ser parte de nuestra comunidad?\\r\\nPuedes ser parte de nuestra comunidad registr\\u00e1ndote como instructor u organizaci\\u00f3n.\",\"button1\":{\"title\":\"Convi\\u00e9rtete en instructora\",\"link\":\"\\/become-instructor\"},\"button2\":{\"title\":\"Paquetes de registro\",\"link\":\"become-instructor\\/packages\\/\"}}'),
(59, 42, 'en', '{\"primary\":null,\"primary-border\":null,\"primary-hover\":null,\"primary-border-hover\":null,\"primary-btn-shadow\":null,\"primary-btn-shadow-hover\":null,\"primary-btn-color\":null,\"primary-btn-color-hover\":null,\"secondary\":null,\"secondary-border\":null,\"secondary-hover\":null,\"secondary-border-hover\":null,\"secondary-btn-shadow\":null,\"secondary-btn-shadow-hover\":null,\"secondary-btn-color\":null,\"secondary-btn-color-hover\":null,\"admin_primary\":\"#6777ef\"}'),
(60, 44, 'en', '{\"dialog_title\":\"Cookie Privacy Policies\",\"dialog_description\":\"Our website uses cookies, mainly from 3rd party services. Define your preferences or agree to our use of cookies.\",\"cookie_settings_modal_message\":\"<p>When you visit any of our websites, it may store or retrieve information on your browser, mostly in the form of cookies. This information might be about you, your preferences or your device and is mostly used to make the site work as you expect it to. The information does not usually directly identify you, but it can give you a more personalized web experience. Because we respect your right to privacy, you can choose not to allow some types of cookies. Click on the different category headings to find out more and manage your preferences. Please note, that blocking some types of cookies may impact your experience of the site and the services we are able to offer.<\\/p>\",\"cookie_settings_modal_items\":{\"dDRjfkGvQfFzQJpa\":{\"title\":\"Strictly Necessary\",\"subtitle\":null,\"description\":\"These cookies are necessary for our website to function properly and cannot be switched off in our systems. They are usually only set in response to actions made by you that amount to a request for services, such as setting your privacy preferences, logging in or filling in forms, or where they\\u2019re essential to providing you with a service you have requested. You cannot opt out of these cookies. You can set your browser to block or alert you about these cookies, but if you do, some parts of the site will not then work. These cookies do not store any personally identifiable information.\",\"required\":\"1\"},\"mOzJowgvTnWFlRzz\":{\"title\":\"Performance Cookies\",\"subtitle\":null,\"description\":\"These cookies allow us to count visits and traffic sources so we can measure and improve the performance of our site. They help us to know which pages are the most and least popular and see how visitors move around the site, which helps us optimize your experience. All information these cookies collect is aggregated and therefore anonymous. If you do not allow these cookies we will not be able to use your data in this way.\",\"required\":\"0\"},\"XBMtdYaeSrqMicTH\":{\"title\":\"Functional Cookies\",\"subtitle\":null,\"description\":\"These cookies enable the website to provide enhanced functionality and personalization. They may be set by us or by third-party providers whose services we have added to our pages. If you do not allow these cookies then some or all of these services may not function properly.\",\"required\":\"0\"},\"XlLqzsvNpRqdcNWP\":{\"title\":\"Targeting Cookies\",\"subtitle\":null,\"description\":\"These cookies may be set through our site by our advertising partners. They may be used by those companies to build a profile of your interests and show you relevant adverts on other sites. They do not store directly personal information but are based on uniquely identifying your browser and internet device. If you do not allow these cookies, you will experience less targeted advertising.\",\"required\":\"0\"}}}'),
(61, 41, 'en', '{\"status\":\"0\",\"virtual_product_commission\":\"20\",\"physical_product_commission\":\"10\",\"store_tax\":\"10\",\"possibility_create_virtual_product\":\"0\",\"possibility_create_physical_product\":\"0\",\"shipping_tracking_url\":\"https:\\/\\/www.tracking.my\\/\",\"activate_comments\":\"0\",\"show_address_selection_in_cart\":\"0\",\"take_address_selection_optional\":\"0\"}'),
(62, 46, 'en', '{\"main\":{\"regular\":\"\\/store\\/1\\/fonts\\/montserrat-regular.woff2\",\"bold\":\"\\/store\\/1\\/fonts\\/montserrat-bold.woff2\",\"medium\":\"\\/store\\/1\\/fonts\\/montserrat-medium.woff2\"},\"rtl\":{\"regular\":\"\\/store\\/1\\/fonts\\/Vazir-Regular.woff2\",\"bold\":\"\\/store\\/1\\/fonts\\/Vazir-Bold.woff2\",\"medium\":\"\\/store\\/1\\/fonts\\/Vazir-Medium.woff2\"}}'),
(63, 43, 'en', '{\"image\":\"\\/store\\/1\\/default_images\\/forums\\/forum_section.jpg\",\"title\":\"Have a Question? Ask it in forum and get answer\",\"description\":\"Our forums helps you to create your questions on different subjects and communicate with other forum users. Our users will help you to get the best answer!\",\"button1\":{\"title\":\"Create a new topic\",\"link\":\"\\/forums\\/create-topic\"},\"button2\":{\"title\":\"Browse forums\",\"link\":\"\\/forums\"}}'),
(64, 45, 'en', '{\"mobile_app_hero_image\":\"\\/store\\/1\\/default_images\\/app_only.png\",\"mobile_app_description\":\"<div>Is an amazing, modern, and clean landing page for showcasing your app or anything else.<\\/div><div><br><\\/div><div>A mobile application or app is a computer program or software application designed to run on a mobile device such as a phone, tablet, or watch. Mobile applications often stand in contrast to desktop applications which are designed to run on desktop computers, and web applications which run in mobile web browsers rather than directly on the mobile device.<\\/div>\",\"mobile_app_buttons\":{\"htQgcSjzjLJlGRyY\":{\"title\":\"Download from Play Store\",\"link\":\"https:\\/\\/play.google.com\\/store\\/games\",\"icon\":\"\\/store\\/1\\/default_images\\/google-play.png\",\"color\":\"primary\"}}}'),
(65, 48, 'en', '{\"image\":\"\\/store\\/1\\/default_images\\/ads_modal.png\",\"title\":\"Sales Campaign\",\"description\":\"We have a sales campaign on our promoted courses and products. You can purchase 150 products at a discounted price up to 50% discount.\",\"button1\":{\"title\":\"View Courses\",\"link\":\"\\/classes\"},\"button2\":{\"title\":\"View Products\",\"link\":\"\\/products\"}}'),
(66, 52, 'en', '{\"show_guarantee_text\":\"1\",\"show_secure_payment_text\":\"1\",\"secure_payment_image\":\"\\/store\\/1\\/themes\\/general\\/secure_payments.svg\",\"user_avatar_style\":\"ui_avatar\",\"default_user_avatar\":\"\\/store\\/1\\/default_images\\/default_profile.jpg\",\"default_user_profile_secondary_image\":\"\\/store\\/1\\/themes\\/general\\/default_instructor_placeholder.png\",\"platform_phone_and_email_position\":\"footer\"}'),
(67, 47, 'en', '{\"webinar_reminder_schedule\":\"1\",\"meeting_reminder_schedule\":\"1\",\"subscribe_reminder_schedule\":\"48\"}'),
(68, 61, 'en', '{\"offline_banks_status\":\"0\"}'),
(69, 62, 'en', '{\"status\":\"0\",\"allow_sending_gift_for_courses\":\"0\",\"allow_sending_gift_for_bundles\":\"0\",\"allow_sending_gift_for_products\":\"0\",\"right_float_image\":\"\\/store\\/1\\/themes\\/general\\/gift_overlay.png\"}'),
(70, 63, 'en', '{\"status\":\"0\",\"unlock_registration_bonus_instantly\":\"0\",\"unlock_registration_bonus_with_referral\":\"0\",\"number_of_referred_users\":null,\"enable_referred_users_purchase\":\"0\",\"purchase_amount_for_unlocking_bonus\":null,\"registration_bonus_amount\":\"50\",\"bonus_wallet\":\"balance_wallet\"}'),
(71, 57, 'en', '{\"enable_statistics\":\"1\",\"display_default_statistics\":\"1\"}'),
(72, 56, 'en', '{\"currency\":\"USD\",\"currency_position\":\"left\",\"currency_separator\":\"dot\",\"currency_decimal\":\"2\",\"multi_currency\":\"0\"}'),
(73, 53, 'en', '{\"login_device_limit\":\"0\",\"number_of_allowed_devices\":\"10\",\"captcha_for_admin_login\":\"0\",\"captcha_for_admin_forgot_pass\":\"0\",\"captcha_for_login\":\"0\",\"captcha_for_register\":\"0\",\"captcha_for_forgot_pass\":\"0\",\"admin_panel_url\":\"admin\"}'),
(74, 54, 'en', '{\"status\":\"0\",\"disable_course_access_when_user_have_an_overdue_installment\":\"0\",\"disable_all_courses_access_when_user_have_an_overdue_installment\":\"0\",\"disable_instalments_when_the_user_have_an_overdue_installment\":\"0\",\"allow_cancel_verification\":\"0\",\"display_installment_button\":\"0\",\"overdue_interval_days\":\"3\",\"installment_plans_position\":\"top_of_page\",\"reminder_before_overdue_days\":\"3\",\"reminder_after_overdue_days\":\"2\"}'),
(75, 58, 'en', '{\"title\":\"We are under maintenance!\",\"image\":\"\\/store\\/1\\/themes\\/general\\/maintenance.svg\",\"description\":\"We are working on the platform; It won\'t take a long time. We will try to back as soon as possible.\",\"maintenance_button\":{\"title\":\"Contact Support\",\"link\":\"\\/\"},\"end_date\":1771630200,\"right_float_image\":\"\\/store\\/1\\/themes\\/general\\/maintenance_overlay.png\"}'),
(76, 64, 'en', '{\"term_image\":\"\\/store\\/1\\/themes\\/general\\/registration_bonus.png\",\"items\":{\"DnrPr\":{\"icon\":\"\\/store\\/1\\/default_images\\/registration bonus\\/step1.svg\",\"title\":\"Sign up\",\"description\":\"Create an account on platform and get $50\"},\"eNMTB\":{\"icon\":\"\\/store\\/1\\/default_images\\/registration bonus\\/step2.svg\",\"title\":\"Refer your friends\",\"description\":\"Refer at least 5 users to the system using your affiliate URL\"},\"fdIUc\":{\"icon\":\"\\/store\\/1\\/default_images\\/registration bonus\\/step3.svg\",\"title\":\"Reach purchase target\",\"description\":\"Each referred user should purchase $100 on the platform\"},\"oeMZr\":{\"icon\":\"\\/store\\/1\\/default_images\\/registration bonus\\/step4.svg\",\"title\":\"Unlock your bonus\",\"description\":\"Your bonus will be unlocked! Enjoy spending...\"}}}');
INSERT INTO `setting_translations` (`id`, `setting_id`, `locale`, `value`) VALUES
(77, 55, 'en', '{\"terms_description\":\"<p>Welcome to our website! To ensure the best possible experience for all users, please review and agree to the following terms and rules before using our installment feature:<\\/p><p>Installment Payment Plan: Our website offers an installment payment plan for select courses. By selecting the installment payment option, you agree to pay the full course fee in multiple installments. Each installment payment will be automatically deducted from the payment method you provided on the scheduled dates until the full payment is completed.<\\/p><p>Payment Plan Fees: Our installment payment plan may include a small processing fee for each installment payment. The total processing fee will be disclosed to you before you select the installment payment option.<\\/p><p>Late Payment: If a payment is not received on the scheduled date, a late payment fee may be added to the next scheduled payment.<\\/p><p>Refunds: Once an installment payment is made, it is non-refundable. However, if you wish to cancel your enrollment in the course, you may be eligible for a partial refund according to our Refund Policy.<\\/p><p>Default: If you default on a payment or fail to complete the full payment plan, your access to the course will be revoked, and you may be subject to additional fees and collection efforts.<\\/p><p>Privacy: Your personal and payment information will be kept secure and confidential. We use industry-standard security measures to protect your information.<\\/p><p>Changes to Terms and Rules: We reserve the right to modify these terms and rules at any time. Any changes will be posted on our website and will become effective immediately upon posting.<\\/p><p>By using our installment payment plan, you agree to these terms and rules. If you have any questions or concerns, please contact our support team.<\\/p>\"}'),
(78, 65, 'en', '{\"status\":\"0\",\"active_for_admin_panel\":\"0\",\"active_for_organization_panel\":\"0\",\"active_for_instructor_panel\":\"0\",\"secret_key\":null,\"activate_text_service_type\":\"0\",\"text_service_type\":\"gpt-3.5-turbo\",\"number_of_text_generated_per_request\":\"1\",\"max_tokens\":\"500\",\"activate_image_service_type\":\"0\",\"number_of_images_generated_per_request\":\"1\"}'),
(79, 66, 'en', '{\"_token\":\"MFbLaBvxJXxo8JEP7FqBPEl6omaGGaTx4Pu2bCF2\",\"page\":\"general\",\"name\":\"certificate_settings\",\"locale\":\"en\",\"status\":\"0\",\"certificate_id\":\"CR\",\"ltr_font\":\"\\/store\\/1\\/fonts\\/montserrat-medium.woff2\",\"rtl_font\":\"\\/store\\/1\\/fonts\\/Vazir-Medium.woff2\",\"certificate_api_user_id\":null,\"certificate_api_key\":null}'),
(80, 67, 'en', '{\"status\":\"0\",\"reset_cart_items\":\"0\",\"reset_hours\":null,\"default_cart_reminder\":\"121\",\"default_cart_coupon_template\":\"122\"}'),
(81, 68, 'en', '{\"title\":\"Access Limited\",\"image\":\"\\/store\\/1\\/themes\\/general\\/access_denied_state.svg\",\"description\":\"Your IP is not allowed to access the website.\"}'),
(82, 59, 'en', '{\"direct_publication_of_courses\":\"0\",\"direct_publication_of_comments\":\"0\",\"direct_publication_of_reviews\":\"0\",\"direct_publication_of_blog\":\"0\",\"allow_instructor_delete_content\":\"1\",\"content_delete_method\":\"delete_with_admin_approval\",\"disable_registration_verification_process\":null}'),
(83, 69, 'en', '{\"courses\":{\"type\":\"percent\",\"value\":\"20\"},\"bundles\":{\"type\":\"percent\",\"value\":\"20\"},\"virtual_products\":{\"type\":\"percent\",\"value\":\"30\"},\"physical_products\":{\"type\":\"percent\",\"value\":\"10\"},\"meetings\":{\"type\":\"percent\",\"value\":\"30\"}}'),
(84, 70, 'en', '{\"forums_status\":\"0\"}'),
(85, 71, 'en', '{\"image\":\"\\/store\\/1\\/default_images\\/forums\\/forum_hero.png\",\"title\":\"Your Learning Community Starts Here\",\"description\":\"Access a dedicated space for questions, answers, and peer support. Stay connected, solve doubts, and enrich your learning journey collaboratively\",\"badge\":{\"title\":\"Forum\",\"color\":\"#3fcd82\"},\"show_search\":\"1\"}'),
(86, 72, 'en', '{\"separator_image\":\"\\/store\\/1\\/default_images\\/forums\\/forum_separator.svg\",\"revolver_items\":{\"Zknua\":{\"title\":\"Beauty and Makeup\",\"link\":\"\\/forums\\/Beauty-Makeup\\/topics\"},\"Adgnd\":{\"title\":\"Food and Beverage\",\"link\":\"\\/forums\\/Food-Beverage\\/topics\"},\"nWqZS\":{\"title\":\"Travel\",\"link\":\"\\/forums\\/Travel\\/topics\"},\"VQDJm\":{\"title\":\"Music\",\"link\":\"\\/forums\\/Music\\/topics\"},\"vkzzq\":{\"title\":\"Digital Marketing\",\"link\":\"\\/forums\\/Digital-Marketing\\/topics\"},\"mTQqI\":{\"title\":\"Public Relations\",\"link\":\"\\/forums\\/Public-Relations\\/topics\"},\"iYAHS\":{\"title\":\"Advertising\",\"link\":\"\\/forums\\/Advertising\\/topics\"},\"qaslt\":{\"title\":\"Social Media\",\"link\":\"\\/forums\\/Social-Media\\/topics\"}}}'),
(87, 73, 'en', '{\"image\":\"\\/store\\/1\\/default_images\\/forums\\/forum_cta_image.png\",\"title\":\"Share What You Know!\",\"description\":\"Be part of a thriving learning community. Ask questions, share ideas, and connect with fellow learners to expand your knowledge beyond the classroom experience.\",\"badge\":{\"title\":\"Communicate Now!\",\"color\":\"#3fcd82\"},\"button1\":{\"title\":\"Create a Topic\",\"link\":\"\\/forums\\/create-topic\"},\"button2\":{\"title\":\"Explore Forums\",\"link\":\"\\/forums\"}}'),
(88, 74, 'en', '{\"create_topic_cover_image\":\"\\/store\\/1\\/default_images\\/forums\\/forum_new_cover.jpg\",\"forum_search_topics_cover_image\":\"\\/store\\/1\\/default_images\\/forums\\/forum_search_cover.jpg\",\"featured_topics_left_float_image\":\"\\/store\\/1\\/default_images\\/forums\\/icons\\/forum_floating_1.png\",\"featured_topics_right_float_image\":\"\\/store\\/1\\/default_images\\/forums\\/icons\\/forum_floating_2.png\"}'),
(89, 75, 'en', '{\"image\":\"\\/store\\/1\\/themes\\/general\\/error_pages\\/500_error.svg\",\"title\":\"Something Went Wrong\",\"description\":\"An unexpected server error occurred. Please try again later...\",\"right_float_image\":\"\\/store\\/1\\/themes\\/general\\/error_pages\\/warning_floating.png\"}'),
(90, 76, 'en', '{\"image\":\"\\/store\\/1\\/themes\\/general\\/error_pages\\/419_error.svg\",\"title\":\"Session Expired\",\"description\":\"Your session has timed out. Please refresh and try again...\",\"button\":{\"title\":\"Back to Home\",\"link\":\"\\/\"},\"right_float_image\":\"\\/store\\/1\\/themes\\/general\\/error_pages\\/warning_floating.png\"}'),
(91, 77, 'en', '{\"image\":\"\\/store\\/1\\/themes\\/general\\/error_pages\\/403_error.svg\",\"title\":\"Access Not Allowed\",\"description\":\"You don\\u2019t have permission to view this page or resource...\",\"button\":{\"title\":\"Back to Home\",\"link\":\"\\/\"},\"right_float_image\":\"\\/store\\/1\\/themes\\/general\\/error_pages\\/warning_floating.png\"}'),
(92, 78, 'en', '{\"featured_products\":[\"1\",\"2\",\"5\"],\"background_image\":\"\\/store\\/1\\/default_images\\/store\\/store_featured_categories_bg.svg\",\"overlay_image\":\"\\/store\\/1\\/default_images\\/store\\/store_featured_categories_overlay.png\"}'),
(93, 79, 'en', '{\"featured_instructors_ids\":[\"923\",\"929\",\"934\",\"1015\",\"1016\"],\"top_mentors_ids\":[\"934\",\"1015\"],\"main_image_step_1\":\"\\/store\\/1\\/default_images\\/tutor_finder\\/tutorfinder_step1_background.jpg\",\"overlay_image_step_1\":\"\\/store\\/1\\/default_images\\/tutor_finder\\/tutorfinder_step1_overlay.png\",\"main_image_step_2\":\"\\/store\\/1\\/default_images\\/tutor_finder\\/tutorfinder_step2_background.jpg\",\"overlay_image_step_2\":\"\\/store\\/1\\/default_images\\/tutor_finder\\/tutorfinder_step2_overlay.png\",\"main_image_step_3\":\"\\/store\\/1\\/default_images\\/tutor_finder\\/tutorfinder_step3_background.jpg\",\"overlay_image_step_3\":\"\\/store\\/1\\/default_images\\/tutor_finder\\/tutorfinder_step3_overlay.png\",\"main_image_step_4\":\"\\/store\\/1\\/default_images\\/tutor_finder\\/tutorfinder_step4_background.jpg\",\"overlay_image_step_4\":\"\\/store\\/1\\/default_images\\/tutor_finder\\/tutorfinder_step4_overlay.png\"}'),
(94, 80, 'en', '{\"image\":\"\\/store\\/1\\/themes\\/general\\/affiliate_guide.svg\",\"description\":\"Once the affiliate feature is activated, you\\u2019ll receive a unique referral link to share with others. When someone registers using your link and activates their account, you can earn a fixed bonus\\u2014automatically credited to your wallet.\\r\\n\\r\\nBut that\\u2019s not all. Each time your referred user makes a purchase on the platform, you\\u2019ll also earn a commission from their transaction. It\\u2019s a simple way to grow the community while earning rewards for every successful referral.\\r\\n\\r\\nTrack your referrals and earnings easily from your dashboard, and keep growing your rewards by sharing your link with more friends.\"}'),
(95, 81, 'en', '{\"student_enroll_on_courses\":[\"2022\",\"2010\"],\"student_overview_courses\":[\"2005\",\"2009\"],\"student_when_dont_upcoming_live_session\":[\"2007\",\"2006\"]}'),
(96, 82, 'en', '{\"description\":\"Make your title clear so users understand immediately.\\r\\n\\r\\nUse a high-quality cover image for professionalism.\\r\\n\\r\\nCheck pricing and discounts carefully before publishing.\\r\\n\\r\\nWrite clear, compelling descriptions highlighting key points.\\r\\n\\r\\nAdd relevant keywords and categories for easy discovery.\\r\\n\\r\\nUpload only original content you own or licensed.\\r\\n\\r\\nClarify refund terms, access rules, and conditions upfront.\\r\\n\\r\\nList all files, resources, and bonuses accurately.\\r\\n\\r\\nRespond quickly to questions and feedback from buyers.\",\"image\":\"\\/store\\/1\\/default_images\\/wizard_image.svg\"}');

-- --------------------------------------------------------

--
